000
CXUS53 KAPX 010536
CLMHTL


CLIMATE REPORT
NATIONAL WEATHER SERVICE GAYLORD MI
1236 AM EST SUN JAN 1 2017

...................................

...THE HOUGHTON LAKE MI CLIMATE SUMMARY FOR THE YEAR OF 2016...

CLIMATE NORMAL PERIOD 1981 TO 2010
CLIMATE RECORD PERIOD 1913 TO 2016

WEATHER         OBSERVED          NORMAL  DEPART  LAST YEAR`S
                 VALUE   DATE(S)  VALUE   FROM    VALUE  DATE(S)
                                          NORMAL
................................................................
TEMPERATURE (F)
RECORD
 HIGH             107   07/13/1936
                        07/08/1936
                        06/01/1934
 LOW              -34   02/17/1979
HIGHEST            92   07/22        MM      MM       MM  MM
LOWEST            -12   02/13        MM      MM       MM  MM
AVG. MAXIMUM     56.3              53.9     2.4       MM
AVG. MINIMUM     36.4              33.0     3.4       MM
MEAN             46.3              43.5     2.8       MM
DAYS MAX >= 90      6               2.9     3.1       MM
DAYS MAX <= 32     65              70.5    -5.5       MM
DAYS MIN <= 32    157             172.0   -15.0       MM
DAYS MIN <= 0      10              18.6    -8.6       MM

PRECIPITATION (INCHES)
RECORD
 MAXIMUM        35.09   2008
 MINIMUM        22.60   2010
TOTALS          33.27             28.75    4.52       MM
DAILY AVG.       0.09              0.08    0.01       MM
DAYS >= .01       158             138.5    19.5       MM
DAYS >= .10        84              66.3    17.7       MM
DAYS >= .50        18              16.7     1.3       MM
DAYS >= 1.00        5               4.4     0.6       MM
GREATEST
 24 HR. TOTAL    2.54   MM                            MM
 STORM TOTAL       MM                                 MM
 (MM/DD(HH))            MM                                MM

SNOWFALL (INCHES)
RECORDS
 TOTAL          108.7   2008
 24 HR TOTAL      8.4
 SNOW DEPTH        22   12/22/2008
TOTALS           92.7              66.6    26.1       MM
SINCE 7/1        42.2              25.0    17.2       MM
SNOWDEPTH AVG.      3                MM      MM       MM
DAYS >= TRACE     104              56.2    47.8       MM
DAYS >= 1.0        27              21.7     5.3       MM
GREATEST
 SNOW DEPTH        14   03/02                         MM  MM
 24 HR TOTAL      7.0   MM                            MM

DEGREE_DAYS
HEATING TOTAL    7178              8142    -964       MM
 SINCE 7/1         MM              3157      MM       MM
.................................................................

WIND (MPH)
AVERAGE WIND SPEED              7.7
HIGHEST WIND SPEED/DIRECTION    41/220    DATE  05/25
HIGHEST GUST SPEED/DIRECTION    59/220    DATE  05/25

SKY COVER
POSSIBLE SUNSHINE (PERCENT)   MM
AVERAGE SKY COVER           0.50
NUMBER OF DAYS FAIR          137
NUMBER OF DAYS PC            115
NUMBER OF DAYS CLOUDY        114

AVERAGE RH (PERCENT)     73

WEATHER CONDITIONS. NUMBER OF DAYS WITH
THUNDERSTORM              0     MIXED PRECIP               0
HEAVY RAIN               31     RAIN                      53
LIGHT RAIN              108     FREEZING RAIN              2
LT FREEZING RAIN          6     HAIL                       0
HEAVY SNOW               14     SNOW                      23
LIGHT SNOW               99     SLEET                      0
FOG                     231     FOG W/VIS <= 1/4 MILE     57
HAZE                     45

-  INDICATES NEGATIVE NUMBERS.
R  INDICATES RECORD WAS SET OR TIED.
MM INDICATES DATA IS MISSING.
T  INDICATES TRACE AMOUNT.

$$
