000
CXUS51 KRLX 041842
CLMHTS


CLIMATE REPORT
NATIONAL WEATHER SERVICE CHARLESTON WV
241 PM EDT MON AUG 4 2014

...................................

...THE HUNTINGTON CLIMATE SUMMARY FOR THE MONTH OF JULY 2014...

CLIMATE NORMAL PERIOD 1981 TO 2010
CLIMATE RECORD PERIOD 1897 TO 2014

WEATHER         OBSERVED          NORMAL  DEPART  LAST YEAR`S
                 VALUE   DATE(S)  VALUE   FROM    VALUE  DATE(S)
                                          NORMAL
................................................................
TEMPERATURE (F)
RECORD
 HIGH             108   07/28/1930
 LOW               46   07/05/1968
HIGHEST            93   07/13        MM      MM       95  07/18
                                                          07/17
LOWEST             52   07/16        MM      MM       53  07/29
AVG. MAXIMUM     82.5              86.0    -3.5     85.2
AVG. MINIMUM     62.0              65.4    -3.4     66.1
MEAN             72.2              75.7    -3.5     75.6
DAYS MAX >= 90      5               7.9    -2.9        8
DAYS MAX <= 32      0               0.0     0.0        0
DAYS MIN <= 32      0               0.0     0.0        0
DAYS MIN <= 0       0               0.0     0.0        0

PRECIPITATION (INCHES)
RECORD
 MAXIMUM         9.90   1961
 MINIMUM         0.07   2013
TOTALS           4.00              4.55   -0.55     7.90
DAILY AVG.       0.13              0.15   -0.02     0.25
DAYS >= .01        11              11.1    -0.1       16
DAYS >= .10        11               7.5     3.5       11
DAYS >= .50         3               2.9     0.1        7
DAYS >= 1.00        0               1.3    -1.3        2
GREATEST
 24 HR. TOTAL    1.16   07/14 TO 07/15              2.61

SNOWFALL (INCHES)
RECORDS
 TOTAL             MM   MM
TOTALS            0.0               0.0     0.0      0.0
SINCE 7/1         0.0               0.0     0.0      0.0
DAYS >= 1.0         0               0.0     0.0        0
GREATEST
 SNOW DEPTH         0   MM                             0  MM
 24 HR TOTAL      0.0   07/31 TO 07/31           07/31 TO 07/31
                                                          07/31 TO 07/31
                                                          07/31 TO 07/31

DEGREE_DAYS
HEATING TOTAL       3                 0       3        0
 SINCE 7/1          3                 0       3        0
COOLING TOTAL     236               332     -96      337
 SINCE 1/1        595               670     -75      764
..................................................

WIND (MPH)
AVERAGE WIND SPEED              4.6
HIGHEST WIND SPEED/DIRECTION    24/230    DATE  07/08
HIGHEST GUST SPEED/DIRECTION    38/220    DATE  07/08

SKY COVER
POSSIBLE SUNSHINE (PERCENT)   MM
AVERAGE SKY COVER           0.40
NUMBER OF DAYS FAIR           17
NUMBER OF DAYS PC             11
NUMBER OF DAYS CLOUDY          3

AVERAGE RH (PERCENT)     73

WEATHER CONDITIONS. NUMBER OF DAYS WITH
THUNDERSTORM              0     MIXED PRECIP               0
HEAVY RAIN                7     RAIN                       8
LIGHT RAIN               13     FREEZING RAIN              0
LT FREEZING RAIN          0     HAIL                       0
HEAVY SNOW                0     SNOW                       0
LIGHT SNOW                0     SLEET                      0
FOG                      22     FOG W/VIS <= 1/4 MILE      8
HAZE                      5

-  INDICATES NEGATIVE NUMBERS.
R  INDICATES RECORD WAS SET OR TIED.
MM INDICATES DATA IS MISSING.
T  INDICATES TRACE AMOUNT.

$$
