000
CXUS53 KIND 011510
CLMHUF


CLIMATE REPORT
NATIONAL WEATHER SERVICE INDIANAPOLIS IN
1110 AM EDT FRI MAY 1 2015

...................................

...THE TERRE HAUTE IN CLIMATE SUMMARY FOR THE MONTH OF APRIL 2015...

CLIMATE NORMAL PERIOD 1981 TO 2010
CLIMATE RECORD PERIOD 9999 TO 9999

WEATHER         OBSERVED          NORMAL  DEPART  LAST YEAR`S
                 VALUE   DATE(S)  VALUE   FROM    VALUE  DATE(S)
                                          NORMAL
................................................................
TEMPERATURE (F)
HIGHEST            78   04/09                         79  04/26
LOWEST             29   04/24                         29  04/16
                                                          04/15
AVG. MAXIMUM     65.0              64.3     0.7     65.2
AVG. MINIMUM     43.9              42.2     1.7     43.7
MEAN             54.5              53.3     1.2     54.4
DAYS MAX >= 90      0               0.0     0.0        0
DAYS MAX <= 32      0               0.1    -0.1        0
DAYS MIN <= 32      2               4.3    -2.3        3
DAYS MIN <= 0       0               0.0     0.0        0

PRECIPITATION (INCHES)
TOTALS           4.62              4.15    0.47     6.28
DAILY AVG.       0.15              0.14    0.01     0.21
DAYS >= .01        14                MM      MM       15
DAYS >= .10         9                MM      MM        9
DAYS >= .50         3                MM      MM        5
DAYS >= 1.00        1                MM      MM        3
GREATEST
 24 HR. TOTAL    1.02   04/09 TO 04/09

DEGREE_DAYS
HEATING TOTAL     316               366     -50      314
 SINCE 7/1       5753              5220     533     5911
COOLING TOTAL       6                14      -8        6
 SINCE 1/1          6                15      -9        6
.................................................................

WIND (MPH)
AVERAGE WIND SPEED              8.6
HIGHEST WIND SPEED/DIRECTION    35/260    DATE  04/09
HIGHEST GUST SPEED/DIRECTION    48/250    DATE  04/09

SKY COVER
POSSIBLE SUNSHINE (PERCENT)   MM
AVERAGE SKY COVER           0.40
NUMBER OF DAYS FAIR           15
NUMBER OF DAYS PC              9
NUMBER OF DAYS CLOUDY          6

AVERAGE RH (PERCENT)     65

WEATHER CONDITIONS. NUMBER OF DAYS WITH
THUNDERSTORM              7     MIXED PRECIP               0
HEAVY RAIN                7     RAIN                       6
LIGHT RAIN               16     FREEZING RAIN              0
LT FREEZING RAIN          0     HAIL                       0
HEAVY SNOW                0     SNOW                       0
LIGHT SNOW                0     SLEET                      0
FOG                      11     FOG W/VIS <= 1/4 MILE      4
HAZE                      0

-  INDICATES NEGATIVE NUMBERS.
R  INDICATES RECORD WAS SET OR TIED.
MM INDICATES DATA IS MISSING.
T  INDICATES TRACE AMOUNT.

$$
