000
CXUS51 KCAR 031457
CLMHUL


CLIMATE REPORT
NATIONAL WEATHER SERVICE CARIBOU, ME
955 AM EST SUN DEC 3 2017

...................................

...THE HOULTON ME CLIMATE SUMMARY FOR THE MONTH OF NOVEMBER 2017...

CLIMATE NORMAL PERIOD 1981 TO 2010
CLIMATE RECORD PERIOD 1948 TO 2017

WEATHER         OBSERVED          NORMAL  DEPART  LAST YEAR`S
                 VALUE   DATE(S)  VALUE   FROM    VALUE  DATE(S)
                                          NORMAL
................................................................
TEMPERATURE (F)
RECORD
 HIGH              70   11/05/1938
 LOW              -14   11/24/1989
HIGHEST            63   11/03        MM      MM       59  11/08
LOWEST              6   11/28        MM      MM       17  11/29
AVG. MAXIMUM     42.0              40.8     1.2     43.9
AVG. MINIMUM     22.2              24.4    -2.2     30.2
MEAN             32.1              32.6    -0.5     37.0
DAYS MAX >= 90      0               0.0     0.0        0
DAYS MAX <= 32      3               5.2    -2.2        2
DAYS MIN <= 32     26              23.7     2.3       23
DAYS MIN <= 0       0               0.4    -0.4        0

PRECIPITATION (INCHES)
RECORD
 MAXIMUM           MM   MM
 MINIMUM           MM   MM
TOTALS           3.90                     -0.11
DAILY AVG.       0.13              0.13    0.00     0.08
DAYS >= .01        11              12.2    -1.2       14
DAYS >= .10         8               7.7     0.3        7
DAYS >= .50         4               3.0     1.0        2
DAYS >= 1.00        0               0.7    -0.7        0
GREATEST
 24 HR. TOTAL    0.72   11/19 TO 11/19           11/29 TO 11/30
                                                          11/30 TO 11/30
                                                          11/30 TO 11/30

SNOWFALL (INCHES)
RECORDS
 TOTAL             MM   MM
TOTALS             MM               7.4      MM       MM
SINCE 7/1          MM               8.1      MM       MM
SNOWDEPTH AVG.      0                MM      MM       MM
DAYS >= 1.0         0               1.8    -1.8        0
GREATEST
 SNOW DEPTH         0   MM                            MM  MM
 24 HR TOTAL       MM                                 MM

DEGREE_DAYS
HEATING TOTAL     980               972       8
.................................................

WIND (MPH)
AVERAGE WIND SPEED              7.1
HIGHEST WIND SPEED/DIRECTION    28/270    DATE  11/10
HIGHEST GUST SPEED/DIRECTION    43/290    DATE  11/11

SKY COVER
POSSIBLE SUNSHINE (PERCENT)   MM
AVERAGE SKY COVER           0.50
NUMBER OF DAYS FAIR           10
NUMBER OF DAYS PC              8
NUMBER OF DAYS CLOUDY         12

AVERAGE RH (PERCENT)     74

WEATHER CONDITIONS. NUMBER OF DAYS WITH
THUNDERSTORM              0     MIXED PRECIP               0
HEAVY RAIN                4     RAIN                       6
LIGHT RAIN               10     FREEZING RAIN              0
LT FREEZING RAIN          1     HAIL                       0
HEAVY SNOW                0     SNOW                       0
LIGHT SNOW                7     SLEET                      0
FOG                      11     FOG W/VIS <= 1/4 MILE      0
HAZE                      1

-  INDICATES NEGATIVE NUMBERS.
R  INDICATES RECORD WAS SET OR TIED.
MM INDICATES DATA IS MISSING.
T  INDICATES TRACE AMOUNT.

$$
