000
CXUS53 KUNR 011640
CLMICR


CLIMATE REPORT
NATIONAL WEATHER SERVICE RAPID CITY SD
1035 AM MDT FRI APR 1 2016

...................................

...THE WINNER REGIONAL AIRPORT SD CLIMATE SUMMARY FOR THE MONTH OF MARCH 2016...

CLIMATE NORMAL PERIOD 1981 TO 2010
CLIMATE RECORD PERIOD 9999 TO 9999

WEATHER         OBSERVED          NORMAL  DEPART  LAST YEAR`S
                 VALUE   DATE(S)  VALUE   FROM    VALUE  DATE(S)
                                          NORMAL
................................................................
TEMPERATURE (F)
HIGHEST            84   03/11                         83  03/31
                                                          03/15
LOWEST             11   03/01                         -3  03/05
AVG. MAXIMUM     57.5              48.1     9.4     60.1
AVG. MINIMUM     30.6              25.4     5.2     29.4
MEAN             44.1              36.7     7.4     44.7
DAYS MAX >= 90      0                                  0
DAYS MAX <= 32      1                                  1
DAYS MIN <= 32     17                                 18
DAYS MIN <= 0       0                                  2

PRECIPITATION (INCHES)
TOTALS           0.77              1.38   -0.61     0.11
DAILY AVG.       0.02              0.04   -0.02     0.00
DAYS >= .01         8                                  2
DAYS >= .10         3                                  0
DAYS >= .50         0                                  0
DAYS >= 1.00        0                                  0
GREATEST
 24 HR. TOTAL    0.25   03/29 TO 03/30              0.06

DEGREE_DAYS
HEATING TOTAL     641               876    -235      625
 SINCE 7/1       4934              5885    -951     5385
COOLING TOTAL       1                 0       1        6
 SINCE 1/1          1                 0       1        6
.................................................................

WIND (MPH)
AVERAGE WIND SPEED              12.8
HIGHEST WIND SPEED/DIRECTION    38/320    DATE  03/31
HIGHEST GUST SPEED/DIRECTION    47/310    DATE  03/31

AVERAGE RH (PERCENT)     56

WEATHER CONDITIONS. NUMBER OF DAYS WITH
THUNDERSTORM              0     MIXED PRECIP               0
HEAVY RAIN                0     RAIN                       1
LIGHT RAIN               10     FREEZING RAIN              0
LT FREEZING RAIN          0     HAIL                       0
HEAVY SNOW                1     SNOW                       3
LIGHT SNOW                6     SLEET                      0
FOG                      11     FOG W/VIS <= 1/4 MILE      2
HAZE                      4

-  INDICATES NEGATIVE NUMBERS.
R  INDICATES RECORD WAS SET OR TIED.
MM INDICATES DATA IS MISSING.
T  INDICATES TRACE AMOUNT.

$$
