000
CXUS53 KUNR 011621
CLMICR


CLIMATE REPORT
NATIONAL WEATHER SERVICE RAPID CITY SD
1020 AM MDT MON SEP 1 2014

...................................

...THE WINNER REGIONAL AIRPORT SD CLIMATE SUMMARY FOR THE MONTH OF AUGUST 2014...

CLIMATE NORMAL PERIOD 1981 TO 2010
CLIMATE RECORD PERIOD 9999 TO 9999

WEATHER         OBSERVED          NORMAL  DEPART  LAST YEAR`S
                 VALUE   DATE(S)  VALUE   FROM    VALUE  DATE(S)
                                          NORMAL
................................................................
TEMPERATURE (F)
HIGHEST            94   08/02                        103  08/29
                        08/01                             08/26
LOWEST             51   08/26                         53  08/16
                        08/25
AVG. MAXIMUM     84.0              87.1    -3.1     86.6
AVG. MINIMUM     61.4              61.7    -0.3     64.2
MEAN             72.7              74.4    -1.7     75.4
DAYS MAX >= 90      8                                 10
DAYS MAX <= 32      0                                  0
DAYS MIN <= 32      0                                  0
DAYS MIN <= 0       0                                  0

PRECIPITATION (INCHES)
TOTALS           3.87              2.32    1.55     2.49
DAILY AVG.       0.12              0.07    0.05     0.08
DAYS >= .01        11                                 16
DAYS >= .10         7                                  9
DAYS >= .50         3                                  1
DAYS >= 1.00        1                                  0
GREATEST
 24 HR. TOTAL    1.64   08/06 TO 08/06              0.67

DEGREE_DAYS
HEATING TOTAL       1                 9      -8        0
 SINCE 7/1         13                14      -1        7
COOLING TOTAL     246               300     -54      332
 SINCE 1/1        730               806     -76      791
.................................................................

WIND (MPH)
AVERAGE WIND SPEED              9.5
HIGHEST WIND SPEED/DIRECTION    44/300    DATE  08/31
HIGHEST GUST SPEED/DIRECTION    67/280    DATE  08/31

AVERAGE RH (PERCENT)     68

WEATHER CONDITIONS. NUMBER OF DAYS WITH
THUNDERSTORM              0     MIXED PRECIP               0
HEAVY RAIN                5     RAIN                       5
LIGHT RAIN               17     FREEZING RAIN              0
LT FREEZING RAIN          0     HAIL                       0
HEAVY SNOW                0     SNOW                       0
LIGHT SNOW                0     SLEET                      0
FOG                      13     FOG W/VIS <= 1/4 MILE      3
HAZE                      2

-  INDICATES NEGATIVE NUMBERS.
R  INDICATES RECORD WAS SET OR TIED.
MM INDICATES DATA IS MISSING.
T  INDICATES TRACE AMOUNT.

$$
