000
CXUS53 KUNR 011618
CLMICR


CLIMATE REPORT
NATIONAL WEATHER SERVICE RAPID CITY SD
1017 AM MDT MON AUG 1 2016

...................................

...THE WINNER REGIONAL AIRPORT SD CLIMATE SUMMARY FOR THE MONTH OF JULY 2016...

CLIMATE NORMAL PERIOD 1981 TO 2010
CLIMATE RECORD PERIOD 9999 TO 9999

WEATHER         OBSERVED          NORMAL  DEPART  LAST YEAR`S
                 VALUE   DATE(S)  VALUE   FROM    VALUE  DATE(S)
                                          NORMAL
................................................................
TEMPERATURE (F)
HIGHEST           106   07/20                        105  07/23
LOWEST             50   07/01                         54  07/07
AVG. MAXIMUM     90.5              88.2     2.3     89.6
AVG. MINIMUM     63.9              62.8     1.1     64.1
MEAN             77.2              75.5     1.7     76.9
DAYS MAX >= 90     16                                 16
DAYS MAX <= 32      0                                  0
DAYS MIN <= 32      0                                  0
DAYS MIN <= 0       0                                  0

PRECIPITATION (INCHES)
TOTALS           2.47              2.96   -0.49     2.02
DAILY AVG.       0.08              0.10   -0.02     0.07
DAYS >= .01        12                                 13
DAYS >= .10         8                                  5
DAYS >= .50         0                                  1
DAYS >= 1.00        0                                  0
GREATEST
 24 HR. TOTAL    0.44   07/28 TO 07/28              0.60

DEGREE_DAYS
HEATING TOTAL       1                 5      -4        0
 SINCE 7/1          1                 5      -4        0
COOLING TOTAL     386               331      55      375
 SINCE 1/1        719               506     213      628
.................................................................

WIND (MPH)
AVERAGE WIND SPEED              10.6
HIGHEST WIND SPEED/DIRECTION    40/170    DATE  07/26
HIGHEST GUST SPEED/DIRECTION    50/150    DATE  07/26

AVERAGE RH (PERCENT)     57

WEATHER CONDITIONS. NUMBER OF DAYS WITH
THUNDERSTORM              0     MIXED PRECIP               0
HEAVY RAIN                3     RAIN                       5
LIGHT RAIN               17     FREEZING RAIN              0
LT FREEZING RAIN          0     HAIL                       0
HEAVY SNOW                0     SNOW                       0
LIGHT SNOW                0     SLEET                      0
FOG                      10     FOG W/VIS <= 1/4 MILE      1
HAZE                      4

-  INDICATES NEGATIVE NUMBERS.
R  INDICATES RECORD WAS SET OR TIED.
MM INDICATES DATA IS MISSING.
T  INDICATES TRACE AMOUNT.

$$
