000
CXUS53 KUNR 011615
CLMIEN


CLIMATE REPORT
NATIONAL WEATHER SERVICE RAPID CITY SD
912 AM MST MON FEB 1 2016

...................................

...THE PINE RIDGE SD CLIMATE SUMMARY FOR THE MONTH OF JANUARY 2016...

CLIMATE NORMAL PERIOD 1981 TO 2010
CLIMATE RECORD PERIOD 9999 TO 9999

WEATHER         OBSERVED          NORMAL  DEPART  LAST YEAR`S
                 VALUE   DATE(S)  VALUE   FROM    VALUE  DATE(S)
                                          NORMAL
................................................................
TEMPERATURE (F)
HIGHEST            53   01/28                         67  01/27
LOWEST            -13   01/10                        -15  01/04
                        01/09
AVG. MAXIMUM     35.2              37.1    -1.9     38.6
AVG. MINIMUM     13.6               9.9     3.7     12.9
MEAN             24.4              23.5     0.9     25.7
DAYS MAX >= 90      0                                  0
DAYS MAX <= 32     10                                 12
DAYS MIN <= 32     31                                 31
DAYS MIN <= 0       2                                  5

PRECIPITATION (INCHES)
TOTALS           0.21              0.32   -0.11     0.19
DAILY AVG.       0.01              0.01    0.00     0.01
DAYS >= .01         5                                  6
DAYS >= .10         0                                  1
DAYS >= .50         0                                  0
DAYS >= 1.00        0                                  0
GREATEST
 24 HR. TOTAL    0.08   01/30 TO 01/30              0.10
                        01/29 TO 01/30
                        01/30 TO 01/30

DEGREE_DAYS
HEATING TOTAL    1251              1287     -36     1211
 SINCE 7/1       4031              4277    -246     4196
COOLING TOTAL       0                 0       0        0
 SINCE 1/1          0                 0       0        0
.................................................................

WIND (MPH)
AVERAGE WIND SPEED              6.3
HIGHEST WIND SPEED/DIRECTION    29/190    DATE  01/04
HIGHEST GUST SPEED/DIRECTION    37/190    DATE  01/04

AVERAGE RH (PERCENT)     71

WEATHER CONDITIONS. NUMBER OF DAYS WITH
THUNDERSTORM              0     MIXED PRECIP               0
HEAVY RAIN                0     RAIN                       0
LIGHT RAIN                2     FREEZING RAIN              0
LT FREEZING RAIN          0     HAIL                       0
HEAVY SNOW                0     SNOW                       0
LIGHT SNOW               10     SLEET                      0
FOG                      12     FOG W/VIS <= 1/4 MILE      3
HAZE                     12

-  INDICATES NEGATIVE NUMBERS.
R  INDICATES RECORD WAS SET OR TIED.
MM INDICATES DATA IS MISSING.
T  INDICATES TRACE AMOUNT.

$$
