000
CXUS51 KPHI 031108
CLMILG


CLIMATE REPORT
NATIONAL WEATHER SERVICE MOUNT HOLLY NJ
708 AM EDT TUE MAY 3 2016

...................................

...THE WILMINGTON CLIMATE SUMMARY FOR THE MONTH OF APRIL 2016...

CLIMATE NORMAL PERIOD 1981 TO 2010
CLIMATE RECORD PERIOD 1894 TO 2016

WEATHER         OBSERVED          NORMAL  DEPART  LAST YEAR`S
                 VALUE   DATE(S)  VALUE   FROM    VALUE  DATE(S)
                                          NORMAL
................................................................
TEMPERATURE (F)
RECORD
 HIGH              97   04/18/1896
                        04/17/1896
 LOW               11   04/01/1923
HIGHEST            85                82       3       80
LOWEST             25                29      -4       30
AVG. MAXIMUM     63.5              63.5     0.0     65.5
AVG. MINIMUM     41.6              43.0    -1.4     44.0
MEAN             52.6              53.3    -0.7     54.8
DAYS MAX >= 90      0               0.2    -0.2        0
DAYS MAX <= 32      0               0.0     0.0        0
DAYS MIN <= 32      3               1.9     1.1        2
DAYS MIN <= 0       0               0.0     0.0        0

PRECIPITATION (INCHES)
RECORD
 MAXIMUM         8.55   2007
 MINIMUM         0.35   1985
TOTALS           1.84              3.50   -1.66     4.29
DAILY AVG.       0.06              0.12   -0.06     0.14
DAYS >= .01        10              11.3    -1.3       10
DAYS >= .10         7               6.4     0.6        6
DAYS >= .50         0               2.4    -2.4        2
DAYS >= 1.00        0               0.8    -0.8        1
GREATEST
 24 HR. TOTAL    0.40   04/06 TO 04/07              2.37
                        04/07 TO 04/07
                        04/07 TO 04/08

SNOWFALL (INCHES)
RECORDS
 TOTAL              T   2009
                        5
                        0
 24 HR TOTAL       MM
TOTALS              TR              0.3    -0.3      0.0
SINCE 7/1        25.4              20.2     5.2     23.4
SNOWDEPTH AVG.      0                MM      MM        0
DAYS >= 1.0         0               0.2    -0.2        0
GREATEST
 SNOW DEPTH         0   MM                             0  MM
 24 HR TOTAL        T   04/09 TO 04/09               0.0

DEGREE_DAYS
HEATING TOTAL     379               363      16      328
 SINCE 7/1       3889              4669    -780     5001
COOLING TOTAL      12                11       1        4
 SINCE 1/1         14                12       2        4
.................................................................

WIND (MPH)
AVERAGE WIND SPEED              9.6
HIGHEST WIND SPEED/DIRECTION    44/300    DATE  04/03
HIGHEST GUST SPEED/DIRECTION    62/290    DATE  04/03

SKY COVER
POSSIBLE SUNSHINE (PERCENT)   MM
AVERAGE SKY COVER           0.30
NUMBER OF DAYS FAIR           16
NUMBER OF DAYS PC              8
NUMBER OF DAYS CLOUDY          6

AVERAGE RH (PERCENT)     60

WEATHER CONDITIONS. NUMBER OF DAYS WITH
THUNDERSTORM              0     MIXED PRECIP               0
HEAVY RAIN                4     RAIN                       5
LIGHT RAIN               15     FREEZING RAIN              0
LT FREEZING RAIN          0     HEAVY SNOW                 0
SNOW                      1     LIGHT SNOW                 1
SLEET                     0     FOG                        9
FOG W/VIS <= 1/4 MILE     0     HAZE                       2

-  INDICATES NEGATIVE NUMBERS.
R  INDICATES RECORD WAS SET OR TIED.
MM INDICATES DATA IS MISSING.
T  INDICATES TRACE AMOUNT.

$$
