000
CXUS52 KILM 011527
CLMILM


CLIMATE REPORT
NATIONAL WEATHER SERVICE WILMINGTON NC
1025 AM EST FRI DEC 1 2017

...................................

...THE WILMINGTON NORTH CAROLINA CLIMATE SUMMARY FOR THE SEASON, FROM
9/1/2017 TO 11/30/2017...

CLIMATE NORMAL PERIOD 1981 TO 2010
CLIMATE RECORD PERIOD 1871 TO 2017

WEATHER         OBSERVED          NORMAL  DEPART  LAST YEAR`S
                 VALUE   DATE(S)  VALUE   FROM    VALUE  DATE(S)
                                          NORMAL
................................................................
TEMPERATURE (F)
RECORD
 HIGH             100   09/04/1925
 LOW               16   11/26/1950
HIGHEST            94   09/28        MM      MM       MM
LOWEST             32   11/20        MM      MM       MM
AVG. MAXIMUM     77.4              75.8     1.6       MM
AVG. MINIMUM     56.6              55.2     1.4       MM
MEAN             67.0              65.5     1.5       MM
DAYS MAX >= 90      4               3.6     0.4       MM
DAYS MAX <= 32      0               0.0     0.0       MM
DAYS MIN <= 32      1               2.4    -1.4       MM
DAYS MIN <= 0       0               0.0     0.0       MM

PRECIPITATION (INCHES)
RECORD
 MAXIMUM           MM   MM
 MINIMUM           MM   MM
TOTALS          11.40             15.02   -3.62       MM
DAILY AVG.       0.13              0.17   -0.04       MM
DAYS >= .01        22              31.0    -9.0       MM
DAYS >= .10        11              16.6    -5.6       MM
DAYS >= .50         6               7.9    -1.9       MM
DAYS >= 1.00        5               4.4     0.6       MM
GREATEST
 24 HR. TOTAL    2.92   MM                            MM

SNOWFALL (INCHES)
RECORDS
 TOTAL             MM   MM
 24 HR TOTAL       MM
TOTALS            0.0               0.0     0.0       MM
SINCE 7/1         0.0               0.0     0.0       MM
DAYS >= 1.0         0               0.0     0.0       MM
GREATEST
 SNOW DEPTH         0   MM                            MM  MM
 24 HR TOTAL      0.0   MM                            MM

DEGREE_DAYS
HEATING TOTAL     338               370     -32       MM
 SINCE 7/1        338               369     -31       MM
COOLING TOTAL     541               415     126       MM
 SINCE 1/1       2355              2037     318       MM
.................................................................

WIND (MPH)
AVERAGE WIND SPEED              6.8
RESULTANT WIND SPEED/DIRECTION   2/019
HIGHEST WIND SPEED/DIRECTION    29/090    DATE  09/11
HIGHEST GUST SPEED/DIRECTION    40/090    DATE  09/11

SKY COVER
POSSIBLE SUNSHINE (PERCENT)   MM
AVERAGE SKY COVER           0.30
NUMBER OF DAYS FAIR           57
NUMBER OF DAYS PC             26
NUMBER OF DAYS CLOUDY          8

AVERAGE RH (PERCENT)     74

WEATHER CONDITIONS. NUMBER OF DAYS WITH
THUNDERSTORM              9     MIXED PRECIP               0
HEAVY RAIN               10     RAIN                      14
LIGHT RAIN               25     FREEZING RAIN              0
LT FREEZING RAIN          0     HAIL                       0
HEAVY SNOW                0     SNOW                       0
LIGHT SNOW                0     SLEET                      0
FOG                      47     FOG W/VIS <= 1/4 MILE      7
HAZE                      8

-  INDICATES NEGATIVE NUMBERS.
R  INDICATES RECORD WAS SET OR TIED.
MM INDICATES DATA IS MISSING.
T  INDICATES TRACE AMOUNT.

$$
