966
CXUS53 KLBF 011046
CLMIML


CLIMATE REPORT
NATIONAL WEATHER SERVICE NORTH PLATTE
545 AM CDT MON AUG 1 2016

...................................

...THE IMPERIAL NE CLIMATE SUMMARY FOR THE MONTH OF JULY 2016...

CLIMATE NORMAL PERIOD 1981 TO 2010
CLIMATE RECORD PERIOD 1893 TO 2016

WEATHER         OBSERVED          NORMAL  DEPART  LAST YEAR`S
                 VALUE   DATE(S)  VALUE   FROM    VALUE  DATE(S)
                                          NORMAL
................................................................
TEMPERATURE (F)
RECORD
 HIGH             116   07/20/1934
 LOW               37   07/01/1918
HIGHEST           101   07/21       101       0      102  07/05
                        07/10
LOWEST             50   07/12        52      -2       53  07/30
                                                          07/29
AVG. MAXIMUM     90.5              91.0    -0.5     90.9
AVG. MINIMUM     63.1              61.8     1.3     61.3
MEAN             76.8              76.4     0.4     76.1
DAYS MAX >= 90     21              17.6     3.4       19
DAYS MAX <= 32      0               0.0     0.0        0
DAYS MIN <= 32      0               0.0     0.0        0
DAYS MIN <= 0       0               0.0     0.0        0

PRECIPITATION (INCHES)
RECORD
 MAXIMUM         6.97   1993
 MINIMUM         0.36   1934
TOTALS           2.27              2.89   -0.62     0.83
DAILY AVG.       0.07              0.09   -0.02     0.03
DAYS >= .01         8                MM      MM        8
DAYS >= .10         4                MM      MM        2
DAYS >= .50         2                MM      MM        1
DAYS >= 1.00        1                MM      MM        0
GREATEST
 24 HR. TOTAL    1.10   07/28 TO 07/28           07/14 TO 07/14
                        07/27 TO 07/28                    07/13 TO 07/14
                        07/28 TO 07/28                    07/14 TO 07/14

SNOWFALL (INCHES)
TOTALS             MM

DEGREE_DAYS
HEATING TOTAL       1                 2      -1        2
 SINCE 7/1          1                 2      -1        2
COOLING TOTAL     373               356      17      354
 SINCE 1/1        675               584      91      564
.....................................................

WIND (MPH)
HIGHEST WIND SPEED/DIRECTION    38/280    DATE  07/31
HIGHEST GUST SPEED/DIRECTION    50/350    DATE  07/28

AVERAGE RH (PERCENT)     62

WEATHER CONDITIONS. NUMBER OF DAYS WITH
THUNDERSTORM              0     MIXED PRECIP               0
HEAVY RAIN                3     RAIN                       4
LIGHT RAIN               12     FREEZING RAIN              0
LT FREEZING RAIN          0     HAIL                       0
HEAVY SNOW                0     SNOW                       0
LIGHT SNOW                0     SLEET                      0
FOG                       9     FOG W/VIS <= 1/4 MILE      2
HAZE                      7

-  INDICATES NEGATIVE NUMBERS.
R  INDICATES RECORD WAS SET OR TIED.
MM INDICATES DATA IS MISSING.
T  INDICATES TRACE AMOUNT.

$$
