000
CXUS53 KIND 011644
CLMIND


CLIMATE REPORT
NATIONAL WEATHER SERVICE INDIANAPOLIS IN
1238 PM EDT WED JUL 1 2015

...................................

...THE INDIANAPOLIS IN CLIMATE SUMMARY FOR THE MONTH OF JUNE 2015...

CLIMATE NORMAL PERIOD 1981 TO 2010
CLIMATE RECORD PERIOD 1871 TO 2015

WEATHER         OBSERVED          NORMAL  DEPART  LAST YEAR`S
                 VALUE   DATE(S)  VALUE   FROM    VALUE  DATE(S)
                                          NORMAL
................................................................
TEMPERATURE (F)
RECORD
 HIGH             104   06/28/2012
 LOW               37   06/22/1992
HIGHEST            90   06/11                         88  06/23
                        06/10                             06/19
                                                          06/18
LOWEST             49   06/02                         52  06/14
AVG. MAXIMUM     81.2              81.9    -0.7     81.4
AVG. MINIMUM     63.9              62.1     1.8     63.9
MEAN             72.6              72.0     0.6     72.7
DAYS MAX >= 90      2               2.7    -0.7        0
DAYS MAX <= 32      0               0.0     0.0        0
DAYS MIN <= 32      0               0.0     0.0        0
DAYS MIN <= 0       0               0.0     0.0        0

PRECIPITATION (INCHES)
RECORD
 MAXIMUM        12.21   1875
 MINIMUM         0.09   2012
TOTALS           8.36              4.25    4.11     7.04
DAILY AVG.       0.28              0.14    0.14     0.23
DAYS >= .01        13              11.1     1.9       16
DAYS >= .10        12               7.4     4.6       10
DAYS >= .50         8               3.0     5.0        7
DAYS >= 1.00        2               1.1     0.9        2
GREATEST
 24 HR. TOTAL    1.90   06/08 TO 06/08

SNOWFALL (INCHES)
RECORDS
 TOTAL             MM   MM
 SNOW DEPTH        MM   MM
TOTALS              T               0.0     0.0      0.0
SINCE 7/1        25.6              25.9    -0.3     55.7
SNOWDEPTH AVG.      0
DAYS >= 1.0         0               0.0     0.0        0
DAYS >= 0.1         0                                  0
GREATEST
 SNOW DEPTH         0   MM                             0  MM
 24 HR TOTAL        T   06/18 TO 06/18

DEGREE_DAYS
HEATING TOTAL      16                16       0        2
 SINCE 7/1       5924              5378     546     6208
COOLING TOTAL     251               226      25      238
 SINCE 1/1        399               310      89      342
......................................................

WIND (MPH)
AVERAGE WIND SPEED              9.3
HIGHEST WIND SPEED/DIRECTION    35/300    DATE  06/21
HIGHEST GUST SPEED/DIRECTION    50/210    DATE  06/18

SKY COVER
POSSIBLE SUNSHINE (PERCENT)   MM
AVERAGE SKY COVER           0.70
NUMBER OF DAYS FAIR            2
NUMBER OF DAYS PC             14
NUMBER OF DAYS CLOUDY         14

AVERAGE RH (PERCENT)     71

WEATHER CONDITIONS. NUMBER OF DAYS WITH
THUNDERSTORM             12     MIXED PRECIP               0
HEAVY RAIN                7     RAIN                       9
LIGHT RAIN               18     FREEZING RAIN              0
LT FREEZING RAIN          0     HAIL                       1
HEAVY SNOW                0     SNOW                       0
LIGHT SNOW                0     SLEET                      0
FOG                      19     FOG W/VIS <= 1/4 MILE      0
HAZE                      3

-  INDICATES NEGATIVE NUMBERS.
R  INDICATES RECORD WAS SET OR TIED.
MM INDICATES DATA IS MISSING.
T  INDICATES TRACE AMOUNT.

$$
