000
CXUS53 KIND 011607
CLMIND


CLIMATE REPORT
NATIONAL WEATHER SERVICE INDIANAPOLIS IN
1107 AM EST MON DEC 1 2014

...................................

...THE INDIANAPOLIS IN CLIMATE SUMMARY FOR THE MONTH OF NOVEMBER 2014...

CLIMATE NORMAL PERIOD 1981 TO 2010
CLIMATE RECORD PERIOD 1871 TO 2014

WEATHER         OBSERVED          NORMAL  DEPART  LAST YEAR`S
                 VALUE   DATE(S)  VALUE   FROM    VALUE  DATE(S)
                                          NORMAL
................................................................
TEMPERATURE (F)
RECORD
 HIGH              81   11/01/1950
 LOW               -5   11/22/1880
HIGHEST            66   11/03                         66  11/17
LOWEST              9   11/18                         13  11/24
AVG. MAXIMUM     43.9              52.2    -8.3     47.4
AVG. MINIMUM     27.9              35.1    -7.2     31.0
MEAN             35.9              43.6    -7.7     39.2
DAYS MAX >= 90      0               0.0     0.0        0
DAYS MAX <= 32      6               0.8     5.2        3
DAYS MIN <= 32     19              11.8     7.2       19
DAYS MIN <= 0       0               0.0     0.0        0

PRECIPITATION (INCHES)
RECORD
 MAXIMUM         9.35   1881
 MINIMUM         0.11   1904
TOTALS           2.80              3.70   -0.90     3.23
DAILY AVG.       0.09              0.12   -0.03     0.11
DAYS >= .01         8              10.8    -2.8        7
DAYS >= .10         4               6.5    -2.5        3
DAYS >= .50         1               2.5    -1.5        1
DAYS >= 1.00        1               1.0     0.0        1
GREATEST
 24 HR. TOTAL    2.04   11/23 TO 11/24

SNOWFALL (INCHES)
RECORDS
 TOTAL            9.8   1932
 SNOW DEPTH         9   11/16/1932
TOTALS            2.6               0.7     1.9      0.1
SINCE 7/1         2.7               1.1     1.6      0.1
SNOWDEPTH AVG.      0
DAYS >= 1.0         1               0.2     0.8        0
DAYS >= 0.1         1                                  0
GREATEST
 SNOW DEPTH         2   11/17                          T  11/12
 24 HR TOTAL      2.5   11/16 TO 11/16               0.1  11/11 TO 11/11

DEGREE_DAYS
HEATING TOTAL     865               641     224      764
 SINCE 7/1       1279              1042     237     1144
COOLING TOTAL       0                 1      -1        0
 SINCE 1/1        900              1066    -166     1160
..................................................

WIND (MPH)
AVERAGE WIND SPEED              11.6
HIGHEST WIND SPEED/DIRECTION    39/240    DATE  11/24
HIGHEST GUST SPEED/DIRECTION    47/250    DATE  11/24

SKY COVER
POSSIBLE SUNSHINE (PERCENT)   MM
AVERAGE SKY COVER           0.70
NUMBER OF DAYS FAIR            4
NUMBER OF DAYS PC              7
NUMBER OF DAYS CLOUDY         19

AVERAGE RH (PERCENT)     68

WEATHER CONDITIONS. NUMBER OF DAYS WITH
THUNDERSTORM              0     MIXED PRECIP               0
HEAVY RAIN                1     RAIN                       4
LIGHT RAIN                8     FREEZING RAIN              0
LT FREEZING RAIN          1     HAIL                       0
HEAVY SNOW                0     SNOW                       1
LIGHT SNOW               10     SLEET                      0
FOG                      13     FOG W/VIS <= 1/4 MILE      1
HAZE                      7

-  INDICATES NEGATIVE NUMBERS.
R  INDICATES RECORD WAS SET OR TIED.
MM INDICATES DATA IS MISSING.
T  INDICATES TRACE AMOUNT.

$$
