000
CXHW53 PHFO 012133
CLMITO


CLIMATE REPORT
NATIONAL WEATHER SERVICE HONOLULU HI
1132 AM HST FRI APR 1 2016

...................................

...THE HILO HI CLIMATE SUMMARY FOR THE MONTH OF MARCH 2016...

CLIMATE NORMAL PERIOD 1981 TO 2010
CLIMATE RECORD PERIOD 1946 TO 2016

WEATHER         OBSERVED          NORMAL  DEPART  LAST YEAR`S
                 VALUE   DATE(S)  VALUE   FROM    VALUE  DATE(S)
                                          NORMAL
................................................................
TEMPERATURE (F)
RECORD
 HIGH              93   03/23/1972
 LOW               48   03/06/2013
HIGHEST            90   03/08        79      11       84  03/31
                                                          03/18
LOWEST             64   03/22        65      -1       63  03/20
                        03/05                             03/18
                        03/01
AVG. MAXIMUM     82.5              79.0     3.5     79.4
AVG. MINIMUM     67.0              64.6     2.4     65.8
MEAN             74.8              71.8     3.0     72.6
DAYS MAX >= 90      1               0.0     1.0        0
DAYS MAX <= 32      0               0.0     0.0        0
DAYS MIN <= 32      0               0.0     0.0        0
DAYS MIN <= 0       0               0.0     0.0        0

PRECIPITATION (INCHES)
RECORD
 MAXIMUM        49.93   1980
 MINIMUM         0.88   1972
TOTALS           4.89             13.43   -8.54     8.92
DAILY AVG.       0.16              0.43   -0.27     0.29
DAYS >= .01        21              21.4    -0.4       20
DAYS >= .10         9              14.9    -5.9       14
DAYS >= .50         3               6.4    -3.4        6
DAYS >= 1.00        1               3.5    -2.5        3
GREATEST
 24 HR. TOTAL    1.55   03/12 TO 03/12              2.39
                        03/11 TO 03/12
                        03/12 TO 03/12

SNOWFALL (INCHES)
RECORDS
 TOTAL             MM   5
TOTALS            0.0               0.0     0.0      0.0
SINCE 7/1         0.0               0.0     0.0      0.0
SNOWDEPTH AVG.      0                MM      MM        0
DAYS >= 1.0         0               0.0     0.0        0
GREATEST
 SNOW DEPTH         0   MM                             0  MM
 24 HR TOTAL      0.0   03/31 TO 03/31               0.0

DEGREE_DAYS
HEATING TOTAL       0                 0       0        0
 SINCE 7/1          0                 0       0        0
COOLING TOTAL     309               211      98      241
 SINCE 1/1        873               581     292      767
.................................................................

WIND (MPH)
AVERAGE WIND SPEED              7.6
HIGHEST WIND SPEED/DIRECTION    26/350    DATE  03/09
HIGHEST GUST SPEED/DIRECTION    34/340    DATE  03/08

SKY COVER
POSSIBLE SUNSHINE (PERCENT)   MM
AVERAGE SKY COVER           0.70
NUMBER OF DAYS FAIR            3
NUMBER OF DAYS PC             13
NUMBER OF DAYS CLOUDY         15

AVERAGE RH (PERCENT)     72

WEATHER CONDITIONS. NUMBER OF DAYS WITH
THUNDERSTORM              0     MIXED PRECIP               0
HEAVY RAIN                5     RAIN                       8
LIGHT RAIN               20     FREEZING RAIN              0
LT FREEZING RAIN          0     HAIL                       0
HEAVY SNOW                0     SNOW                       0
LIGHT SNOW                0     SLEET                      0
FOG                      15     FOG W/VIS <= 1/4 MILE      0
HAZE                     11

-  INDICATES NEGATIVE NUMBERS.
R  INDICATES RECORD WAS SET OR TIED.
MM INDICATES DATA IS MISSING.
T  INDICATES TRACE AMOUNT.

$$
