000
CXUS53 KGLD 031518
CLMITR

CLIMATE REPORT
NATIONAL WEATHER SERVICE GOODLAND
813 AM MST TUE FEB 3 2015

...................................

...THE BURLINGTON CLIMATE SUMMARY FOR THE MONTH OF JANUARY 2015...

CLIMATE NORMAL PERIOD 1981 TO 2010
CLIMATE RECORD PERIOD 1896 TO 2015

WEATHER         OBSERVED          NORMAL  DEPART  LAST YEAR`S
                 VALUE   DATE(S)  VALUE   FROM    VALUE  DATE(S)
                                          NORMAL
................................................................
TEMPERATURE (F)
RECORD
 HIGH              79   01/27/1951
 LOW              -25   01/04/1959
HIGHEST            74   01/27        66       8       68  01/19
LOWEST             -7   01/04                -6      -16  01/06
AVG. MAXIMUM     43.4              42.1     1.3     43.5
AVG. MINIMUM     19.7              16.7     3.0     13.8
MEAN             31.5              29.4     2.1     28.7
DAYS MAX >= 90      0               0.0     0.0        0
DAYS MAX <= 32      8               7.3     0.7        6
DAYS MIN <= 32     27              30.5    -3.5       31
DAYS MIN <= 0       2               1.0     1.0        4

PRECIPITATION (INCHES)
RECORD
 MAXIMUM         1.77   1960
 MINIMUM         0.00   2007
TOTALS           0.28              0.38   -0.10     0.33
DAILY AVG.       0.01              0.01    0.00     0.01
DAYS >= .01         2               2.8    -0.8        5
DAYS >= .10         1               1.3    -0.3        2
DAYS >= .50         0               0.1    -0.1        0
DAYS >= 1.00        0               0.0     0.0        0
GREATEST
 24 HR. TOTAL    0.25   01/20 TO 01/20              0.11


.................................................................



-  INDICATES NEGATIVE NUMBERS.
R  INDICATES RECORD WAS SET OR TIED.
MM INDICATES DATA IS MISSING.
T  INDICATES TRACE AMOUNT.

$$
