000
CXUS53 KGLD 011720
CLMITR

CLIMATE REPORT
NATIONAL WEATHER SERVICE GOODLAND
1115 AM MDT FRI APR 1 2016

...................................

...THE BURLINGTON CLIMATE SUMMARY FOR THE MONTH OF MARCH 2016...

CLIMATE NORMAL PERIOD 1981 TO 2010
CLIMATE RECORD PERIOD 1896 TO 2016

WEATHER         OBSERVED          NORMAL  DEPART  LAST YEAR`S
                 VALUE   DATE(S)  VALUE   FROM    VALUE  DATE(S)
                                          NORMAL
................................................................
TEMPERATURE (F)
RECORD
 HIGH              93   03/19/1921
 LOW              -22   03/03/1960
HIGHEST            79   03/22        78       1       87  03/16
LOWEST             13   03/20        10       3       12  03/05
AVG. MAXIMUM     60.7              54.3     6.4     61.3
AVG. MINIMUM     27.4              25.1     2.3     29.4
MEAN             44.0              39.7     4.3     45.3
DAYS MAX >= 90      0               0.0     0.0        0
DAYS MAX <= 32      0               1.8    -1.8        2
DAYS MIN <= 32     23              25.5    -2.5       19
DAYS MIN <= 0       0               0.3    -0.3        0

PRECIPITATION (INCHES)
RECORD
 MAXIMUM         4.90   1981
 MINIMUM         0.00   1997
TOTALS           1.07              0.89    0.18     0.32
DAILY AVG.       0.03              0.03    0.00     0.01
DAYS >= .01         4                MM      MM        3
DAYS >= .10         1                MM      MM        1
DAYS >= .50         1                MM      MM        0
DAYS >= 1.00        0                MM      MM        0
GREATEST
 24 HR. TOTAL    0.89   03/23 TO 03/23              0.23


.................................................................



-  INDICATES NEGATIVE NUMBERS.
R  INDICATES RECORD WAS SET OR TIED.
MM INDICATES DATA IS MISSING.
T  INDICATES TRACE AMOUNT.

$$
