000
CXUS53 KGLD 031809
CLMITR

CLIMATE REPORT
NATIONAL WEATHER SERVICE GOODLAND
1106 AM MST SAT DEC 3 2016

...................................

...THE BURLINGTON CLIMATE SUMMARY FOR THE MONTH OF NOVEMBER 2016...

CLIMATE NORMAL PERIOD 1981 TO 2010
CLIMATE RECORD PERIOD 1896 TO 2016

WEATHER         OBSERVED          NORMAL  DEPART  LAST YEAR`S
                 VALUE   DATE(S)  VALUE   FROM    VALUE  DATE(S)
                                          NORMAL
................................................................
TEMPERATURE (F)
RECORD
 HIGH              84   11/10/1927
 LOW              -10   11/13/2014
HIGHEST            80   11/16        75       5       80  11/03
LOWEST             13   11/18         9       4       15  11/30
AVG. MAXIMUM     60.6              52.4     8.2     53.7
AVG. MINIMUM     29.7              24.0     5.7     25.9
MEAN             45.2              38.2     7.0     39.8
DAYS MAX >= 90      0               0.0     0.0        0
DAYS MAX <= 32      0               2.4    -2.4        5
DAYS MIN <= 32     20              25.3    -5.3       26
DAYS MIN <= 0       0               0.2    -0.2        0

PRECIPITATION (INCHES)
RECORD
 MAXIMUM         3.02   1946
 MINIMUM            T   2012
                        2006
TOTALS           0.26              0.59   -0.33     1.33
DAILY AVG.       0.01              0.02   -0.01     0.04
DAYS >= .01         3                MM      MM        8
DAYS >= .10         1                MM      MM        3
DAYS >= .50         0                MM      MM        1
DAYS >= 1.00        0                MM      MM        0
GREATEST
 24 HR. TOTAL    0.16   11/17 TO 11/17              0.81


.................................................................



-  INDICATES NEGATIVE NUMBERS.
R  INDICATES RECORD WAS SET OR TIED.
MM INDICATES DATA IS MISSING.
T  INDICATES TRACE AMOUNT.

$$
