000
CXUS53 KIND 011612
CLMLAF


CLIMATE REPORT
NATIONAL WEATHER SERVICE INDIANAPOLIS IN
1112 AM EST THU DEC 1 2016

...................................

...THE LAFAYETTE IN CLIMATE SUMMARY FOR THE MONTH OF NOVEMBER 2016...

CLIMATE NORMAL PERIOD 1981 TO 2010
CLIMATE RECORD PERIOD 9999 TO 9999

WEATHER         OBSERVED          NORMAL  DEPART  LAST YEAR`S
                 VALUE   DATE(S)  VALUE   FROM    VALUE  DATE(S)
                                          NORMAL
................................................................
TEMPERATURE (F)
HIGHEST            78   11/01                         75  11/04
LOWEST             19   11/21                          8  11/22
AVG. MAXIMUM     55.8              51.3     4.5     55.5
AVG. MINIMUM     35.6              34.3     1.3     34.8
MEAN             45.7              42.8     2.9     45.2
DAYS MAX >= 90      0               0.0     0.0        0
DAYS MAX <= 32      0               0.9    -0.9        1
DAYS MIN <= 32     10              13.1    -3.1       12
DAYS MIN <= 0       0               0.0     0.0        0

PRECIPITATION (INCHES)
TOTALS           2.93              2.97   -0.04     2.76
DAILY AVG.       0.10              0.10    0.00     0.09
DAYS >= .01         7              10.7    -3.7       10
DAYS >= .10         5               6.3    -1.3        7
DAYS >= .50         3               2.1     0.9        2
DAYS >= 1.00        0               0.8    -0.8        1
GREATEST
 24 HR. TOTAL    0.97   11/23 TO 11/23

DEGREE_DAYS
HEATING TOTAL     574               667     -93      587
 SINCE 7/1        846              1101    -255      949
COOLING TOTAL       3                 1       2        0
 SINCE 1/1       1102               983     119      816
.................................................................

WIND (MPH)
AVERAGE WIND SPEED              6.2
HIGHEST WIND SPEED/DIRECTION    37/240    DATE  11/18
HIGHEST GUST SPEED/DIRECTION    51/240    DATE  11/18

SKY COVER
POSSIBLE SUNSHINE (PERCENT)   MM
AVERAGE SKY COVER           0.40
NUMBER OF DAYS FAIR           17
NUMBER OF DAYS PC              8
NUMBER OF DAYS CLOUDY          5

AVERAGE RH (PERCENT)     77

WEATHER CONDITIONS. NUMBER OF DAYS WITH
THUNDERSTORM              2     MIXED PRECIP               0
HEAVY RAIN                2     RAIN                       5
LIGHT RAIN                9     FREEZING RAIN              0
LT FREEZING RAIN          0     HAIL                       0
HEAVY SNOW                0     SNOW                       0
LIGHT SNOW                1     SLEET                      0
FOG                      23     FOG W/VIS <= 1/4 MILE      3
HAZE                      6

-  INDICATES NEGATIVE NUMBERS.
R  INDICATES RECORD WAS SET OR TIED.
MM INDICATES DATA IS MISSING.
T  INDICATES TRACE AMOUNT.

$$
