000
CXUS53 KGRR 021742
CLMLAN

CLIMATE REPORT
NATIONAL WEATHER SERVICE GRAND RAPIDS, MI
126 PM EDT WED JUL 2 2014

...................................

...THE LANSING MI CLIMATE SUMMARY FOR THE MONTH OF JUNE 2014...

CLIMATE NORMAL PERIOD 1981 TO 2010
CLIMATE RECORD PERIOD 1864 TO 2014

WEATHER         OBSERVED          NORMAL  DEPART  LAST YEAR`S
                 VALUE   DATE(S)  VALUE   FROM    VALUE  DATE(S)
                                          NORMAL
................................................................
TEMPERATURE (F)
RECORD
 HIGH              99   06/25/1988
                        06/25/1895
                        06/25/1870
 LOW               27   06/05/1869
HIGHEST            87   06/17        91      -4       88  06/23
LOWEST             45   06/14        39       6       39  06/03
AVG. MAXIMUM     78.7              78.4     0.3     77.2
AVG. MINIMUM     59.0              56.7     2.3     57.6
MEAN             68.8              67.6     1.2     67.4
DAYS MAX >= 90      0               1.7    -1.7        0
DAYS MAX <= 32      0               0.0     0.0        0
DAYS MIN <= 32      0               0.0     0.0        0
DAYS MIN <= 0       0               0.0     0.0        0

PRECIPITATION (INCHES)
RECORD
 MAXIMUM        11.35   1883
 MINIMUM         0.20   1988
TOTALS           6.40              3.45    2.95     8.40
DAILY AVG.       0.21              0.12    0.09     0.28
DAYS >= .01        10              10.3    -0.3       13
DAYS >= .10         8               6.2     1.8        8
DAYS >= .50         4               2.3     1.7        5
DAYS >= 1.00        2               0.8     1.2        3
GREATEST
 24 HR. TOTAL    2.75   06/11 TO 06/11           06/27 TO 06/28

SNOWFALL (INCHES)
RECORDS
 TOTAL            0.0   MM
 24 HR TOTAL      0.0   MM
 SNOW DEPTH         0   MM
TOTALS            0.0               0.0     0.0      0.0
SINCE 7/1        69.1              51.1    18.0     30.2
SNOWDEPTH AVG.      0                MM      MM        0
DAYS >= TRACE       0               0.0     0.0        0
DAYS >= 1.0         0               0.0     0.0        0
GREATEST
 SNOW DEPTH         0   MM                             0  MM
 24 HR TOTAL      0.0   06/30 TO 06/30           06/30 TO 06/30

DEGREE_DAYS
HEATING TOTAL      24                55     -31       50
 SINCE 7/1       7543              6712     831     6564
COOLING TOTAL     147               132      15      133
 SINCE 1/1        186               173      13      206

FREEZE DATES
RECORD
 EARLIEST     08/03/1894
 LATEST       07/15/1863
EARLIEST                        10/01
LATEST                          05/10
..........................................................

WIND (MPH)
AVERAGE WIND SPEED              7.2
RESULTANT WIND SPEED/DIRECTION   2/178
HIGHEST WIND SPEED/DIRECTION    41/320    DATE  06/18
HIGHEST GUST SPEED/DIRECTION    57/310    DATE  06/18

SKY COVER
POSSIBLE SUNSHINE (PERCENT)   MM
AVERAGE SKY COVER           0.40
NUMBER OF DAYS FAIR           15
NUMBER OF DAYS PC             12
NUMBER OF DAYS CLOUDY          3

AVERAGE RH (PERCENT)     69

WEATHER CONDITIONS. NUMBER OF DAYS WITH
THUNDERSTORM              4     MIXED PRECIP               0
HEAVY RAIN                5     RAIN                       8
LIGHT RAIN               11     FREEZING RAIN              0
LT FREEZING RAIN          0     HAIL                       0
HEAVY SNOW                0     SNOW                       0
LIGHT SNOW                0     SLEET                      0
FOG                      16     FOG W/VIS <= 1/4 MILE      5
HAZE                      8

-  INDICATES NEGATIVE NUMBERS.
R  INDICATES RECORD WAS SET OR TIED.
MM INDICATES DATA IS MISSING.
T  INDICATES TRACE AMOUNT.

&&

JUNE 2014 WAS AN ACTIVE WEATHER MONTH WITH ABOVE NORMAL TEMPERATURES
AND PRECIPITATION.

TEMPERATURES FOR THE MONTH ENDED UP ONE TO TWO DEGREES ABOVE NORMAL.
THERE WERE 3 COOL DOWNS DURING JUNE AS SPRING SLOWLY GAVE WAY TO
SUMMER. THE FIRST AND SECOND CAUSED TEMPERATURES TO FALL MORE THAN
DID THE THIRD. IN GENERAL... THE WARM TEMPERATURES THROUGH THE
REMAINDER OF THE MONTH MORE THAN BALANCED OUT THE LAST HURRAHS OF
SPRING.

MORE THAN HALF OF THE DAYS OF JUNE 2014 HAD MEASURABLE PRECIPITATION
AS MANY WEATHER SYSTEMS MOVED ACROSS THE CONTINENT AND OVER THE
GREAT LAKES REGION. TOTALS FOR JUNE VARIED FROM AROUND 3 INCHES
ACROSS CENTRAL LOWER MICHIGAN TO OVER 7 INCHES IN THE FAR SOUTHWEST.
THE VALUES WERE 200 PERCENT OF NORMAL IN THE FAR SOUTHWEST TO NEAR
NORMAL ELSEWHERE.

THE ACTIVE WEATHER ALSO BROUGHT STRONG TO SEVERE HAIL... WIND AND
RAIN STORMS TO THE REGION ON 9 DAYS OUT OF THE MONTH. DAMAGING WINDS
AND FLOODING WERE THE MAIN HAZARDS WITH HAIL WITH DIAMETERS OVER AN
INCH LIMITED MAINLY THE 18TH AND 25TH.

$$

63
