000
CXUS54 KLUB 011306
CLMLBB


CLIMATE REPORT
NATIONAL WEATHER SERVICE LUBBOCK, TX
803 AM CDT WED NOV 1 2017

...................................

...THE LUBBOCK CLIMATE SUMMARY FOR THE MONTH OF OCTOBER 2017...

CLIMATE NORMAL PERIOD 1981 TO 2010
CLIMATE RECORD PERIOD 1911 TO 2017

WEATHER         OBSERVED          NORMAL  DEPART  LAST YEAR`S
                 VALUE   DATE(S)  VALUE   FROM    VALUE  DATE(S)
                                          NORMAL
................................................................
TEMPERATURE (F)
RECORD
 HIGH             100   10/03/2000
 LOW               18   10/30/1993
HIGHEST            91   10/14                         94  10/17
LOWEST             28   10/28                         43  10/21
                                                          10/08
                                                          10/07
AVG. MAXIMUM     75.8              75.2     0.6     81.9
AVG. MINIMUM     48.6              47.9     0.7     53.0
MEAN             62.2              61.5     0.7     67.5
DAYS MAX >= 90      1               0.9     0.1        3
DAYS MAX <= 32      0               0.0     0.0        0
DAYS MIN <= 32      1               0.7     0.3        0
DAYS MIN <= 0       0               0.0     0.0        0

PRECIPITATION (INCHES)
RECORD
 MAXIMUM        10.80   1983
 MINIMUM         0.00   1966
                        1952
TOTALS           0.50              1.93   -1.43     1.05
DAILY AVG.       0.02              0.06   -0.04     0.03
DAYS >= .01         4                                  4
DAYS >= .10         1                                  1
DAYS >= .50         0                                  1
DAYS >= 1.00        0                                  1
GREATEST
 24 HR. TOTAL    0.35   10/06 TO 10/06

SNOWFALL (INCHES)
RECORDS
 TOTAL            7.5   1976
 24 HR TOTAL       MM
 SNOW DEPTH        MM   MM
TOTALS            0.0                 T     0.0      0.0
SINCE 7/1         0.0                 T     0.0      0.0
SNOWDEPTH AVG.      0                MM      MM        0
DAYS >= TRACE       0               0.1    -0.1        0
DAYS >= 1.0         0               0.0     0.0        0
GREATEST
 SNOW DEPTH         0   MM                             0  MM
 24 HR TOTAL      0.0   10/31 TO 10/31           10/31 TO 10/31
                                                          10/13 TO 10/13
                                                          10/13 TO 10/13

DEGREE_DAYS
HEATING TOTAL     163               159       4       44
 SINCE 7/1        188               182       6       46
COOLING TOTAL      85                52      33      127
 SINCE 1/1       1980              1801     179     2107
....................................................

WIND (MPH)
AVERAGE WIND SPEED              11.8
HIGHEST WIND SPEED/DIRECTION    39/020    DATE  10/14
HIGHEST GUST SPEED/DIRECTION    49/020    DATE  10/14

SKY COVER
POSSIBLE SUNSHINE (PERCENT)   MM
AVERAGE SKY COVER           0.40
NUMBER OF DAYS FAIR           16
NUMBER OF DAYS PC             11
NUMBER OF DAYS CLOUDY          4

AVERAGE RH (PERCENT)     57

WEATHER CONDITIONS. NUMBER OF DAYS WITH
THUNDERSTORM              0     MIXED PRECIP               0
HEAVY RAIN                1     RAIN                       3
LIGHT RAIN                7     FREEZING RAIN              0
LT FREEZING RAIN          0     HAIL                       0
HEAVY SNOW                0     SNOW                       0
LIGHT SNOW                0     SLEET                      0
FOG                      10     FOG W/VIS <= 1/4 MILE      0
HAZE                     14

-  INDICATES NEGATIVE NUMBERS.
R  INDICATES RECORD WAS SET OR TIED.
MM INDICATES DATA IS MISSING.
T  INDICATES TRACE AMOUNT.

$$
