000
CXUS51 KOKX 022207
CLMLGA

CLIMATE REPORT
NATIONAL WEATHER SERVICE NEW YORK NY
507 PM EST MON MAR 2 2015

...................................

...THE LAGUARDIA NY CLIMATE SUMMARY FOR THE MONTH OF FEBRUARY 2015...

CLIMATE NORMAL PERIOD 1981 TO 2010
CLIMATE RECORD PERIOD 1945 TO 2015

WEATHER         OBSERVED          NORMAL  DEPART  LAST YEAR`S
                 VALUE   DATE(S)  VALUE   FROM    VALUE  DATE(S)
                                          NORMAL
................................................................
TEMPERATURE (F)
RECORD
 HIGH              74   02/15/1949
 LOW               -7   02/15/1943
HIGHEST            42   02/22        MM      MM       55  02/22
                                                          02/02
LOWEST              3   02/20        MM      MM       10  02/28
AVG. MAXIMUM     32.0              42.2   -10.2     37.4
AVG. MINIMUM     16.4              28.5   -12.1     25.3
MEAN             24.2              35.3   -11.1     31.3
DAYS MAX >= 90      0               0.0     0.0        0
DAYS MAX <= 32     16               3.7    12.3        9
DAYS MIN <= 32     28              18.5     9.5       24
DAYS MIN <= 0       0               0.0     0.0        0

PRECIPITATION (INCHES)
RECORD
 MAXIMUM         5.76   1960
 MINIMUM         0.66   2002
TOTALS           2.10              2.76   -0.66     4.93
DAILY AVG.       0.07              0.10   -0.03     0.18
DAYS >= .01         9               9.6    -0.6       11
DAYS >= .10         4               5.5    -1.5        9
DAYS >= .50         2               1.8     0.2        3
DAYS >= 1.00        1               0.6     0.4        3
GREATEST
 24 HR. TOTAL    1.10   02/01 TO 02/02           02/13 TO 02/14
                                                          02/14 TO 02/14
                                                          02/14 TO 02/14
 STORM TOTAL       MM                                 MM
 (MM/DD(HH))            MM                    02/14(00) TO 02/14(00)
                                                 02/14(00) TO 02/14(00)4
                                                 02/14(00) TO 02/14(00)4

SNOWFALL (INCHES)
RECORDS
 TOTAL           29.1   2010
 24 HR TOTAL       MM
TOTALS           15.1               9.1     6.0     27.8
 LIQUID EQUIV    1.51              0.90    0.61     2.78
SINCE 7/1        36.5              22.0    14.5     52.3
 LIQUID 7/1      3.65              2.20             5.23
DAYS >= TRACE      14               3.4    10.6        9
DAYS >= 1.0         3               1.8     1.2        7
GREATEST
 SNOW DEPTH         9   02/04                         13  02/14
                        02/03
                        02/02
 24 HR TOTAL      6.5   02/01 TO 02/02           02/14 TO 02/14
                                                          02/14 TO 02/14
                                                          02/14 TO 02/14
 STORM TOTAL       MM                                 MM
 (MM/DD(HH))            MM                    02/14(00) TO 02/14(00)
                                                 02/14(00) TO 02/14(00)4
                                                 02/14(00) TO 02/14(00)4

DEGREE_DAYS
HEATING TOTAL    1136               830     306      934
 SINCE 7/1       3722              3429     293     3657
COOLING TOTAL       0                 0       0        0
 SINCE 1/1          0                 0       0        0
.....................................................

WIND (MPH)
AVERAGE WIND SPEED              12.1
HIGHEST WIND SPEED/DIRECTION    37/320    DATE  02/15
HIGHEST GUST SPEED/DIRECTION    48/320    DATE  02/15

SKY COVER
POSSIBLE SUNSHINE (PERCENT)   MM
AVERAGE SKY COVER           0.60
NUMBER OF DAYS FAIR            4
NUMBER OF DAYS PC             13
NUMBER OF DAYS CLOUDY         11

AVERAGE RH (PERCENT)     57

WEATHER CONDITIONS. NUMBER OF DAYS WITH
THUNDERSTORM              0     MIXED PRECIP               0
HEAVY RAIN                0     RAIN                       0
LIGHT RAIN                1     FREEZING RAIN              0
LT FREEZING RAIN          5     HAIL                       0
HEAVY SNOW                1     SNOW                       2
LIGHT SNOW               14     SLEET                      4
FOG                       9     FOG W/VIS <= 1/4 MILE      1
HAZE                      6

-  INDICATES NEGATIVE NUMBERS.
R  INDICATES RECORD WAS SET OR TIED.
MM INDICATES DATA IS MISSING.
T  INDICATES TRACE AMOUNT.

$$
