000
CXHW51 PHFO 011631
CLMLIH


CLIMATE REPORT
NATIONAL WEATHER SERVICE HONOLULU HI
631 AM HST MON JUN 1 2015

...................................

...THE LIHUE HI CLIMATE SUMMARY FOR THE MONTH OF MAY 2015...

CLIMATE NORMAL PERIOD 1981 TO 2010
CLIMATE RECORD PERIOD 1946 TO 2015

WEATHER         OBSERVED          NORMAL  DEPART  LAST YEAR`S
                 VALUE   DATE(S)  VALUE   FROM    VALUE  DATE(S)
                                          NORMAL
................................................................
TEMPERATURE (F)
RECORD
 HIGH              88   05/10/1981
                        05/17/1967
 LOW               58   05/01/1996
HIGHEST            84   05/20        81       3       84  05/20
                        05/17                             05/10
                                                          05/08
LOWEST             62   05/26        70      -8       65  05/13
AVG. MAXIMUM     82.1              81.2     0.9     81.9
AVG. MINIMUM     70.6              70.4     0.2     69.8
MEAN             76.4              75.8     0.6     75.9
DAYS MAX >= 90      0               0.0     0.0        0
DAYS MAX <= 32      0               0.0     0.0        0
DAYS MIN <= 32      0               0.0     0.0        0
DAYS MIN <= 0       0               0.0     0.0        0

PRECIPITATION (INCHES)
RECORD
 MAXIMUM        12.59   1977
 MINIMUM         0.10   2000
TOTALS           0.86              2.07   -1.21     2.81
DAILY AVG.       0.03              0.07   -0.04     0.09
DAYS >= .01        15              14.2     0.8       15
DAYS >= .10         3               4.6    -1.6        5
DAYS >= .50         0               0.9    -0.9        3
DAYS >= 1.00        0               0.3    -0.3        0
GREATEST
 24 HR. TOTAL    0.24   05/21 TO 05/22              1.44
                        05/22 TO 05/22
                        05/22 TO 05/23

SNOWFALL (INCHES)
RECORDS
 TOTAL             MM   5
TOTALS            0.0               0.0     0.0      0.0
SINCE 7/1         0.0               0.0     0.0      0.0
SNOWDEPTH AVG.      0                MM      MM        0
DAYS >= 1.0         0               0.0     0.0        0
GREATEST
 SNOW DEPTH         0   MM                             0  MM
 24 HR TOTAL      0.0   05/31 TO 05/31               0.0

DEGREE_DAYS
HEATING TOTAL       0                 0       0        0
 SINCE 7/1          0                 0       0        0
COOLING TOTAL     362               335      27      345
 SINCE 1/1       1423              1239     184     1221
.................................................................

WIND (MPH)
AVERAGE WIND SPEED              14.0
HIGHEST WIND SPEED/DIRECTION    29/090    DATE  05/12
HIGHEST GUST SPEED/DIRECTION    35/090    DATE  05/12

SKY COVER
POSSIBLE SUNSHINE (PERCENT)   MM
AVERAGE SKY COVER           0.60
NUMBER OF DAYS FAIR            1
NUMBER OF DAYS PC             23
NUMBER OF DAYS CLOUDY          7

AVERAGE RH (PERCENT)     68

WEATHER CONDITIONS. NUMBER OF DAYS WITH
THUNDERSTORM              0     MIXED PRECIP               0
HEAVY RAIN                1     RAIN                       1
LIGHT RAIN               14     FREEZING RAIN              0
LT FREEZING RAIN          0     HAIL                       0
HEAVY SNOW                0     SNOW                       0
LIGHT SNOW                1     SLEET                      0
FOG                       5     FOG W/VIS <= 1/4 MILE      0
HAZE                      1

-  INDICATES NEGATIVE NUMBERS.
R  INDICATES RECORD WAS SET OR TIED.
MM INDICATES DATA IS MISSING.
T  INDICATES TRACE AMOUNT.

$$
