000
CXHW51 PHFO 020222
CLMLIH


CLIMATE REPORT
NATIONAL WEATHER SERVICE HONOLULU HI
422 PM HST MON DEC 1 2014

...................................

...THE LIHUE HI CLIMATE SUMMARY FOR THE MONTH OF NOVEMBER 2014...

CLIMATE NORMAL PERIOD 1981 TO 2010
CLIMATE RECORD PERIOD 1946 TO 2014

WEATHER         OBSERVED          NORMAL  DEPART  LAST YEAR`S
                 VALUE   DATE(S)  VALUE   FROM    VALUE  DATE(S)
                                          NORMAL
................................................................
TEMPERATURE (F)
RECORD
 HIGH              87   11/17/1997
                        11/30/1980
 LOW               57   11/25/1958
HIGHEST            85   11/14        81       4       82  11/29
                                                          11/22
                                                          11/20
LOWEST             63   11/25        71      -8       61  11/13
                        11/11
AVG. MAXIMUM     81.9              80.8     1.1     80.4
AVG. MINIMUM     70.3              70.8    -0.5     68.3
MEAN             76.1              75.8     0.3     74.4
DAYS MAX >= 90      0               0.0     0.0        0
DAYS MAX <= 32      0               0.0     0.0        0
DAYS MIN <= 32      0               0.0     0.0        0
DAYS MIN <= 0       0               0.0     0.0        0

PRECIPITATION (INCHES)
RECORD
 MAXIMUM        18.45   1955
 MINIMUM         0.58   2012
                        1963
TOTALS           2.20              4.46   -2.26     3.87
DAILY AVG.       0.07              0.15   -0.08     0.13
DAYS >= .01        13              17.6    -4.6       16
DAYS >= .10         4               7.2    -3.2        9
DAYS >= .50         1               2.3    -1.3        3
DAYS >= 1.00        1               1.1    -0.1        0
GREATEST
 24 HR. TOTAL    1.20   11/07 TO 11/07              0.81

SNOWFALL (INCHES)
RECORDS
 TOTAL             MM   5
TOTALS            0.0               0.0     0.0      0.0
SINCE 7/1         0.0               0.0     0.0      0.0
SNOWDEPTH AVG.      0                MM      MM        0
DAYS >= 1.0         0               0.0     0.0        0
GREATEST
 SNOW DEPTH         0   MM                             0  MM
 24 HR TOTAL      0.0   11/30 TO 11/30               0.0

DEGREE_DAYS
HEATING TOTAL       0                 0       0        0
 SINCE 7/1          0                 0       0        0
COOLING TOTAL     342               324      18      279
 SINCE 1/1       3816              3691     125     3425
.................................................................

WIND (MPH)
AVERAGE WIND SPEED              12.3
HIGHEST WIND SPEED/DIRECTION    29/080    DATE  11/29
HIGHEST GUST SPEED/DIRECTION    36/090    DATE  11/29

SKY COVER
POSSIBLE SUNSHINE (PERCENT)   MM
AVERAGE SKY COVER           0.60
NUMBER OF DAYS FAIR            6
NUMBER OF DAYS PC             16
NUMBER OF DAYS CLOUDY          8

AVERAGE RH (PERCENT)     71

WEATHER CONDITIONS. NUMBER OF DAYS WITH
THUNDERSTORM              0     MIXED PRECIP               0
HEAVY RAIN                4     RAIN                       2
LIGHT RAIN               12     FREEZING RAIN              0
LT FREEZING RAIN          0     HAIL                       0
HEAVY SNOW                0     SNOW                       0
LIGHT SNOW                0     SLEET                      0
FOG                       9     FOG W/VIS <= 1/4 MILE      0
HAZE                      3

-  INDICATES NEGATIVE NUMBERS.
R  INDICATES RECORD WAS SET OR TIED.
MM INDICATES DATA IS MISSING.
T  INDICATES TRACE AMOUNT.

$$
