000
CXUS53 KOAX 011744
CLMLNK

CLIMATE REPORT
NATIONAL WEATHER SERVICE OMAHA NEBRASKA
1225 PM CDT TUE JUL 1 2014

...................................

...THE LINCOLN CLIMATE SUMMARY FOR THE MONTH OF JUNE 2014...

CLIMATE NORMAL PERIOD 1981 TO 2010
CLIMATE RECORD PERIOD 1887 TO 2014

WEATHER         OBSERVED          NORMAL  DEPART
                 VALUE   DATE(S)  VALUE   FROM
                                          NORMAL
................................................
TEMPERATURE (F)
HIGHEST            95   06/20
                        06/18
LOWEST             46   06/13
AVG. MAXIMUM     85.3              84.2     1.1
AVG. MINIMUM     62.6              60.9     1.7
MEAN             73.9              72.6     1.3
DAYS MAX >= 90      7
DAYS MAX <= 32      0
DAYS MIN <= 32      0
DAYS MIN <= 0       0

PRECIPITATION (INCHES)
RECORD
 MAXIMUM        12.93   1967
 MINIMUM         0.17   2002
TOTALS           5.90              4.35    1.55
DAILY AVG.       0.20
DAYS >= .01        14
DAYS >= .10        11
DAYS >= .50         4
DAYS >= 1.00        2
GREATEST
 24 HR. TOTAL    1.69   06/20 TO 06/21

SNOWFALL (INCHES)
RECORDS
 TOTAL              T   2004
                        2003
                        2001
TOTALS            0.0               0.0
SINCE 7/1        18.2
SNOWDEPTH AVG.      0
DAYS >= 1.0         0               0.0     0.0
GREATEST
 SNOW DEPTH         0
 24 HR TOTAL      0.0   06/30 TO 06/30

DEGREE DAYS
HEATING TOTAL       2                16     -14
 SINCE 7/1       6484              6056     428
COOLING TOTAL     278               242      36
 SINCE 1/1        438               321     117
.................................................

WIND (MPH)
AVERAGE WIND SPEED              10.8
HIGHEST WIND SPEED/DIRECTION    47/200    DATE  06/15
HIGHEST GUST SPEED/DIRECTION    62/200    DATE  06/15

SKY COVER
AVERAGE SKY COVER           0.30


WEATHER CONDITIONS. NUMBER OF DAYS WITH
THUNDERSTORM              0     MIXED PRECIP               0
HEAVY RAIN               10     RAIN                      10
LIGHT RAIN               16     FREEZING RAIN              0
LT FREEZING RAIN          0     HAIL                       0
HEAVY SNOW                0     SNOW                       0
LIGHT SNOW                0     SLEET                      0
FOG                      12     FOG W/VIS <= 1/4 MILE      0
HAZE                      4

-  INDICATES NEGATIVE NUMBERS.
R  INDICATES RECORD WAS SET OR TIED.
MM INDICATES DATA IS MISSING.
T  INDICATES TRACE AMOUNT.
>= INDICATES GREATER THAN OR EQUAL TO.
<= INDICATES LESS THAN OR EQUAL TO.

&&

  ...JUNE WAS WETTER AND SLIGHTLY WARMER THAN NORMAL IN LINCOLN...

WHILE MISSING OUT ON THE HEAVIER RAINS THAT OCCURRED JUST NORTH OF
THE AREA...LINCOLN RECEIVED 5.90 INCHES OF RAINFALL THROUGH THE
MONTH OF JUNE...WHICH WAS THE 26TH WETTEST JUNE ON RECORD IN OMAHA
AND WAS 1.55 INCHES ABOVE NORMAL.  THE AVERAGE TEMPERATURE OF
73.9 DEGREES WAS 1.3 DEGREES ABOVE NORMAL.

ACTIVE WEATHER BEGAN EARLY IN JUNE.  ABOVE-AVERAGE TEMPERATURES WERE
NOTED FROM THE 1ST THROUGH THE 6TH....ALONG WITH THUNDERSTORMS AND
SUBSTANTIAL RAINFALL ON THE 1ST...3RD...4TH...AND 7TH.  BELOW-NORMAL
TEMPERATURES FOLLOWED FROM THE 7TH THROUGH THE 13TH...WITH A DRY
SPELL FROM THE 8TH THROUGH THE 14TH.  WARMER TEMPERATURES RETURNED
ON THE 14TH...WITH NEAR TO ABOVE NORMAL TEMPERATURES CONTINUING
THROUGH MOST OF THE REST OF JUNE.  ACTIVE WEATHER ALSO RETURNED MID-
MONTH...WITH THUNDERSTORMS BRINGING RAIN ON THE 15TH AND 16TH AS THE
STRONGEST STORMS REMAINED NORTH OF THE AREA.  THE 19TH THROUGH THE
29TH WAS ESPECIALLY ACTIVE...WITH THUNDERSTORMS BRINGING MEASURABLE
RAIN ON 8 OF THOSE 11 DAYS. SEVERE THUNDERSTORMS ON THE 20TH BROUGHT
WINDS GUSTING TO 58 MPH.

TEMPERATURES IN JUNE REACHED 90 DEGREES OR GREATER ON SEVEN
DAYS...BELOW THE AVERAGE OF 8 DAYS...WITH THE HIGHEST TEMPERATURE OF
95 DEGREES ON THE 18TH AND 20TH.


DAILY RECORDS SET IN JUNE 2014:
DATE         RECORD           READING  PREVIOUS RECORD
NO RECORDS SET.

$$

MAYES/JEK
