000
CXUS53 KOAX 011928
CLMLNK

CLIMATE REPORT
NATIONAL WEATHER SERVICE OMAHA NEBRASKA
227 PM CDT WED JUL 1 2015

...................................

...THE LINCOLN CLIMATE SUMMARY FOR THE MONTH OF JUNE 2015...

CLIMATE NORMAL PERIOD 1981 TO 2010
CLIMATE RECORD PERIOD 1887 TO 2015

WEATHER         OBSERVED          NORMAL  DEPART
                 VALUE   DATE(S)  VALUE   FROM
                                          NORMAL
................................................
TEMPERATURE (F)
HIGHEST            99   06/10
LOWEST             54   06/16
                        06/01
AVG. MAXIMUM     84.8              84.2     0.6
AVG. MINIMUM     62.1              60.9     1.2
MEAN             73.4              72.6     0.8
DAYS MAX >= 90      7
DAYS MAX <= 32      0
DAYS MIN <= 32      0
DAYS MIN <= 0       0

PRECIPITATION (INCHES)
RECORD
 MAXIMUM        12.93   1967
 MINIMUM         0.17   2002
TOTALS           7.66              4.35    3.31
DAILY AVG.       0.26
DAYS >= .01        10
DAYS >= .10         8
DAYS >= .50         6
DAYS >= 1.00        3
GREATEST
 24 HR. TOTAL    3.02   06/10 TO 06/11

SNOWFALL (INCHES)
RECORDS
 TOTAL (HAIL)       T   2004
                        2003
                        2001
TOTALS            0.0               0.0
SINCE 7/1        21.9
SNOWDEPTH AVG.      0
DAYS >= 1.0         0               0.0     0.0
GREATEST
 SNOW DEPTH         0
 24 HR TOTAL      0.0

DEGREE DAYS
HEATING TOTAL       0                16     -16
 SINCE 7/1       5829              6056    -227
COOLING TOTAL     263               242      21
 SINCE 1/1        315               321      -6
.................................................

WIND (MPH)
AVERAGE WIND SPEED              8.7
HIGHEST WIND SPEED/DIRECTION    37/320    DATE  06/10
HIGHEST GUST SPEED/DIRECTION    52/140    DATE  06/03

SKY COVER
AVERAGE SKY COVER           0.30


WEATHER CONDITIONS. NUMBER OF DAYS WITH
THUNDERSTORM             11     MIXED PRECIP               0
HEAVY RAIN                7     RAIN                       8
LIGHT RAIN               14     FREEZING RAIN              0
LT FREEZING RAIN          0     HAIL                       0
HEAVY SNOW                0     SNOW                       0
LIGHT SNOW                0     SLEET                      0
FOG                      14     FOG W/VIS <= 1/4 MILE      0
HAZE                      3

-  INDICATES NEGATIVE NUMBERS.
R  INDICATES RECORD WAS SET OR TIED.
MM INDICATES DATA IS MISSING.
T  INDICATES TRACE AMOUNT.
>= INDICATES GREATER THAN OR EQUAL TO.
<= INDICATES LESS THAN OR EQUAL TO.

&&

...JUNE WAS MUCH WETTER AND SLIGHTLY WARMER THAN USUAL IN LINCOLN...

THE 7.66 INCHES OF RAIN IN LINCOLN WAS THE 14TH WETTEST ON RECORD IN
LINCOLN. THE AVERAGE TEMPERATURE OF 73.4 DEGREES WAS 0.8 DEGREES
ABOVE NORMAL.

THE FIRST HALF OF THE MONTH WAS ESPECIALLY RAINY...WITH MORE
PERSISTENT ABOVE-NORMAL TEMPERATURES.  FROM THE 1ST THROUGH THE
15TH...MEASURABLE RAIN FELL ON 8 DAYS...TOTALING 7.04 INCHES.  THE
RAINIEST DAY OF THE MONTH WAS THE 10TH...WITH 2.02 INCHES OF RAIN
THAT ALSO WAS A DAILY RECORD.  TWO OTHER DAYS IN THE FIRST HALF OF
THE MONTH SAW RAINFALL OF AN INCH OR GREATER: THE 11TH...WITH 1.00
INCHES...AND THE 15TH...WITH 1.63 INCHES. THE COLDEST TEMPERATURES
OF THE MONTH OCCURRED ON THE 1ST AND 16TH...WITH A LOW OF 54...WHILE
THE 12TH WAS ON THE COOL SIDE WITH A HIGH OF ONLY 68 DEGREES.  THE
WARMEST TEMPERATURE OF THE MONTH ALSO OCCURRED DURING THAT FIRST
HALF...AT 99 DEGREES ON THE 10TH...WITH THE 90 DEGREE READING ON THE
8TH MARKING THE FIRST READING EQUAL TO OR EEXCEEDING 90 DEGREES
SINCE MARCH 16TH.

FROM THE 16TH THROUGH THE 30TH...MEASURABLE RAINFALL FELL ON JUST
TWO DAYS...AND TEMPERATURES FLUCTUATED BETWEEN SLIGHTLY ABOVE AND
SLIGHTLY BELOW NORMAL READINGS.  TEMPERATURES REACHED THE 90S ON
SEVERAL DAYS LATE IN THE MONTH.  MEASURABLE RAIN FELL ON JUST TWO
DAYS...TOTALLING 0.62 INCHES...ON THE 18TH AND 30TH.

THE TOTAL RAINFALL OF 18.56 INCHES IN MAY-JUNE WAS THE WETTEST SUCH
PERIOD ON RECORD...TOPPING THE PREVIOUS RECORD OF 17.40 INCHES IN
1967.


DAILY RECORDS SET IN JUNE 2015:
DATE         RECORD           READING  PREVIOUS RECORD
JUNE 10      PRECIPITATION      2.02   1.77 (1893)

$$

MAYES/JEK/TL
