000
CXUS53 KLMK 011532
CLMLOU


CLIMATE REPORT
NATIONAL WEATHER SERVICE LOUISVILLE KY
1108 AM EDT SAT OCT 1 2016

...................................

...THE LOUISVILLE BOWMAN KY CLIMATE SUMMARY FOR THE MONTH OF SEPTEMBER 2016...

CLIMATE NORMAL PERIOD 1981 TO 2010
CLIMATE RECORD PERIOD 9999 TO 9999

WEATHER         OBSERVED          NORMAL  DEPART  LAST YEAR`S
                 VALUE   DATE(S)  VALUE   FROM    VALUE  DATE(S)
                                          NORMAL
................................................................
TEMPERATURE (F)
RECORD
 HIGH              MM   MM
 LOW               MM   MM
HIGHEST            92   09/08        MM      MM       95  09/06
                        09/07                             09/05
                        09/06
LOWEST             50   09/27        MM      MM       49  09/13
AVG. MAXIMUM     84.7              80.0     4.7     83.6
AVG. MINIMUM     63.7              59.2     4.5     61.3
MEAN             74.2              69.6     4.6     72.4
DAYS MAX >= 90     11               2.4     8.6        8
DAYS MAX <= 32      0               0.0     0.0        0
DAYS MIN <= 32      0               0.0     0.0        0
DAYS MIN <= 0       0               0.0     0.0        0

PRECIPITATION (INCHES)
RECORD
 MAXIMUM           MM   MM
 MINIMUM           MM   MM
TOTALS           2.21              3.16   -0.95     1.84
DAILY AVG.       0.07              0.11   -0.04     0.06
DAYS >= .01         7                MM      MM        8
DAYS >= .10         5                MM      MM        4
DAYS >= .50         2                MM      MM        1
DAYS >= 1.00        0                MM      MM        0
GREATEST
 24 HR. TOTAL    0.67   09/10 TO 09/10

SNOWFALL (INCHES)
RECORDS
 TOTAL             MM   MM
TOTALS             MM                MM      MM       MM
SINCE 7/1          MM                MM      MM       MM
SNOWDEPTH AVG.     MM                MM      MM       MM
DAYS >= 1.0         0                MM      MM        0
GREATEST
 SNOW DEPTH        MM                                 MM  MM
 24 HR TOTAL       MM

DEGREE_DAYS
HEATING TOTAL      16                36     -20        7
 SINCE 7/1         16                36     -20        7
COOLING TOTAL     300               174     126      239
 SINCE 1/1       1774              1413     361     1536
.................................................................

WIND (MPH)
AVERAGE WIND SPEED              3.9
HIGHEST WIND SPEED/DIRECTION    30/280    DATE  09/10
HIGHEST GUST SPEED/DIRECTION    55/260    DATE  09/10

SKY COVER
POSSIBLE SUNSHINE (PERCENT)   MM
AVERAGE SKY COVER           0.20
NUMBER OF DAYS FAIR           23
NUMBER OF DAYS PC              5
NUMBER OF DAYS CLOUDY          2

AVERAGE RH (PERCENT)     65

WEATHER CONDITIONS. NUMBER OF DAYS WITH
THUNDERSTORM              3     MIXED PRECIP               0
HEAVY RAIN                4     RAIN                       4
LIGHT RAIN                7     FREEZING RAIN              0
LT FREEZING RAIN          0     HAIL                       0
HEAVY SNOW                0     SNOW                       0
LIGHT SNOW                0     SLEET                      0
FOG                      10     FOG W/VIS <= 1/4 MILE      0
HAZE                      4

-  INDICATES NEGATIVE NUMBERS.
R  INDICATES RECORD WAS SET OR TIED.
MM INDICATES DATA IS MISSING.
T  INDICATES TRACE AMOUNT.

$$
