000
CXUS51 KRNK 011251
CLMLWB


CLIMATE REPORT
NATIONAL WEATHER SERVICE BLACKSBURG VA
833 AM EDT MON JUN 1 2015

...................................

...THE LEWISBURG WV CLIMATE SUMMARY FOR THE MONTH OF MAY 2015...

CLIMATE NORMAL PERIOD 1981 TO 2010
CLIMATE RECORD PERIOD 1973 TO 2015

WEATHER         OBSERVED          NORMAL  DEPART  LAST YEAR`S
                 VALUE   DATE(S)  VALUE   FROM    VALUE
                                          NORMAL
.............................................................
TEMPERATURE (F)
RECORD
 HIGH              91   05/31/2011
 LOW               23   05/22/2002
HIGHEST            87   05/11                         87
LOWEST             38   05/14                         35
                        05/03
AVG. MAXIMUM     77.9              71.4     6.5     73.7
AVG. MINIMUM     51.7              45.8     5.9     48.0
MEAN             64.8              58.6     6.2     60.9
DAYS MAX >= 90      0               0.1    -0.1        0
DAYS MAX <= 32      0               0.0     0.0        0
DAYS MIN <= 32      0               2.0    -2.0        0
DAYS MIN <= 0       0               0.0     0.0        0

SNOWFALL (INCHES)
TOTALS            0.0                                0.0
DAYS >= TRACE       0                                  0
DAYS >= 1.0         0                                  0
GREATEST
 24 HR TOTAL      0.0                                0.0

DEGREE_DAYS
HEATING TOTAL      80               221    -141      153
COOLING TOTAL      83                23      60       33
..............................................................

WIND (MPH)
AVERAGE WIND SPEED              3.1
HIGHEST WIND SPEED/DIRECTION    22/260    DATE  05/12
HIGHEST GUST SPEED/DIRECTION    38/300    DATE  05/11

SKY COVER
AVERAGE SKY COVER           0.30

AVERAGE RH (PERCENT)     65

WEATHER CONDITIONS. NUMBER OF DAYS WITH
THUNDERSTORM              7     MIXED PRECIP               0
HEAVY RAIN                2     RAIN                       4
LIGHT RAIN               11     FREEZING RAIN              0
LT FREEZING RAIN          0     HAIL                       0
HEAVY SNOW                0     SNOW                       0
LIGHT SNOW                0     SLEET                      0
FOG                      16     FOG W/VIS <= 1/4 MILE      7
HAZE                      0

-  INDICATES NEGATIVE NUMBERS.
R  INDICATES RECORD WAS SET OR TIED.
MM INDICATES DATA IS MISSING.
T  INDICATES TRACE AMOUNT.

REMARKS:
DUE TO HIGHLY SUSPECT PRECIPITATION VALUES FROM THE AUTOMATED RAIN
GAUGE...ALL LIQUID PRECIPITATION DATA WILL BE CODED AS MISSING.

$$

PW
