000
CXUS56 KHNX 011610 CCA
CLMMAE

CLIMATE REPORT...CORRECTED
NATIONAL WEATHER SERVICE SAN JOAQUIN VALLEY, CA
910 AM PDT MON SEP 1 2014

...................................

...THE MADERA CA AIRPORT CLIMATE SUMMARY FOR THE MONTH OF AUGUST 2014...

CLIMATE NORMAL PERIOD 1981 TO 2010
CLIMATE RECORD PERIOD 1998 TO 2014

WEATHER         OBSERVED          NORMAL  DEPART  LAST YEAR`S
                 VALUE   DATE(S)  VALUE   FROM    VALUE  DATE(S)
                                          NORMAL
................................................................
TEMPERATURE (F)
RECORD
 HIGH             107   08/01/2014
                        08/19/2013
                        08/25/2010
 LOW               49   08/31/1999
HIGHEST           107R  08/01        MM      MM      107  08/19
LOWEST             57   08/26        MM      MM       53  08/02
AVG. MAXIMUM     96.1              94.9     1.2     95.5
AVG. MINIMUM     63.0              59.2     3.8     60.3
MEAN             79.6              77.1     2.5     77.9
DAYS MAX >= 90     28              26.4     1.6       29
DAYS MIN <= 32      0               0.0     0.0        0

PRECIPITATION (INCHES)
RECORD
 MAXIMUM         0.01   2013
TOTALS              T              0.02   -0.02     0.01
DAYS >= .01         0                MM      MM        1
DAYS >= .10         0                MM      MM        0
DAYS >= .50         0                MM      MM        0
DAYS >= 1.00        0                MM      MM        0
GREATEST
 24 HR. TOTAL       T   08/04 TO 08/04

SNOWFALL (INCHES)
RECORDS
 TOTAL             MM   MM
TOTALS            0.0                MM

DEGREE_DAYS
HEATING TOTAL       0                 0       0        0
 SINCE 7/1          0                 0       0        0
COOLING TOTAL    1363               374     989      409
 SINCE 1/1       2486              1224    1262     1442
.................................................................

WIND (MPH)
AVERAGE WIND SPEED              6.4
HIGHEST WIND SPEED/DIRECTION    25/340    DATE  08/05
HIGHEST GUST SPEED/DIRECTION    30/330    DATE  08/05

AVERAGE RH (PERCENT)     46

WEATHER CONDITIONS. NUMBER OF DAYS WITH
THUNDERSTORM              0     RAIN                       1
HAIL                      0     FOG                        1
FOG W/VIS <= 1/4 MILE     0     HAZE                      10

-  INDICATES NEGATIVE NUMBERS.
R  INDICATES RECORD WAS SET OR TIED.
MM INDICATES DATA IS MISSING.
T  INDICATES TRACE AMOUNT.

$$

SANGER/OCHS

WEATHER.GOV/HANFORD
