000
CXUS56 KHNX 021250
CLMMAE


CLIMATE REPORT
NATIONAL WEATHER SERVICE SAN JOAQUIN VALLEY - HANFORD CA
450 AM PST MON MAR 2 2015

...................................

...THE MADERA CA AIRPORT CLIMATE SUMMARY FOR THE MONTH OF FEBRUARY 2015...

CLIMATE NORMAL PERIOD 1981 TO 2010
CLIMATE RECORD PERIOD 1998 TO 2015

WEATHER         OBSERVED          NORMAL  DEPART  LAST YEAR`S
                 VALUE   DATE(S)  VALUE   FROM    VALUE  DATE(S)
                                          NORMAL
................................................................
TEMPERATURE (F)
RECORD
 HIGH              78   02/25/2014
                        02/24/2014
 LOW               26   02/08/2001
HIGHEST            76   02/04        MM      MM       78  02/25
                                                          02/24
LOWEST             33   02/24        MM      MM       30  02/01
AVG. MAXIMUM     68.0              61.0     7.0     65.2
AVG. MINIMUM     43.0              40.0     3.0     41.8
MEAN             55.5              50.5     5.0     53.5
DAYS MAX >= 90      0               0.0     0.0        0
DAYS MIN <= 32      0               2.0    -2.0        3

PRECIPITATION (INCHES)
RECORD
 MAXIMUM         4.48   2000
TOTALS           0.54              2.13   -1.59     2.05
DAYS >= .01         4                MM      MM        9
DAYS >= .10         1                MM      MM        4
DAYS >= .50         0                MM      MM        2
DAYS >= 1.00        0                MM      MM        0
GREATEST
 24 HR. TOTAL    0.37   02/07 TO 02/07

SNOWFALL (INCHES)
RECORDS
 TOTAL             MM   MM
TOTALS            0.0                MM

DEGREE_DAYS
HEATING TOTAL     257               406    -149      312
 SINCE 7/1       1450              2082    -632     1827
COOLING TOTAL       2                 0       2        0
 SINCE 1/1          2                 0       2        0
.................................................................

WIND (MPH)
AVERAGE WIND SPEED              4.7
HIGHEST WIND SPEED/DIRECTION    25/150    DATE  02/08
HIGHEST GUST SPEED/DIRECTION    43/330    DATE  02/02

AVERAGE RH (PERCENT)     71

WEATHER CONDITIONS. NUMBER OF DAYS WITH
THUNDERSTORM              0     RAIN                       6
HAIL                      0     FOG                       25
FOG W/VIS <= 1/4 MILE    15     HAZE                      19

-  INDICATES NEGATIVE NUMBERS.
R  INDICATES RECORD WAS SET OR TIED.
MM INDICATES DATA IS MISSING.
T  INDICATES TRACE AMOUNT.

$$

SANGER/OCHS

WEATHER.GOV/HANFORD
