000
CXUS54 KMAF 011341
CLMMAF


CLIMATE REPORT
NATIONAL WEATHER SERVICE MIDLAND/ODESSA TX
840 AM CDT TUE JUL 1 2014

...................................

...THE MIDLAND CLIMATE SUMMARY FOR THE MONTH OF JUNE 2014...

CLIMATE NORMAL PERIOD 1981 TO 2010
CLIMATE RECORD PERIOD 1930 TO 2014

WEATHER         OBSERVED          NORMAL  DEPART  LAST YEAR`S
                 VALUE   DATE(S)  VALUE   FROM    VALUE  DATE(S)
                                          NORMAL
................................................................
TEMPERATURE (F)
RECORD
 HIGH             116   06/27/1994
 LOW               47   06/01/1983
                        06/03/1947
HIGHEST           105   06/28        93      12      109  06/04
                        06/11
LOWEST             55   06/10        66     -11       63  06/07
                                                          06/06
                                                          06/02
AVG. MAXIMUM     95.7              93.4     2.3     96.3
AVG. MINIMUM     70.2              67.3     2.9     70.9
MEAN             82.9              80.3     2.6     83.6
DAYS MAX >= 90     24              21.0     3.0       27
DAYS MAX <= 32      0               0.0     0.0        0
DAYS MIN <= 32      0               0.0     0.0        0
DAYS MIN <= 0       0               0.0     0.0        0

PRECIPITATION (INCHES)
RECORD
 MAXIMUM         5.10   1940
 MINIMUM         0.00   2011
TOTALS           0.48              1.80   -1.32     0.85
DAILY AVG.       0.02              0.06   -0.04     0.03
DAYS >= .01         4               4.8    -0.8        5
DAYS >= .10         2               3.0    -1.0        3
DAYS >= .50         0               1.4    -1.4        1
DAYS >= 1.00        0               0.5    -0.5        0
GREATEST
 24 HR. TOTAL    0.29   06/17 TO 06/18              0.53

DEGREE_DAYS
COOLING TOTAL     548               461      87      564
 SINCE 1/1       1024               850     174     1052
.................................................................

WIND (MPH)
AVERAGE WIND SPEED              15.6
HIGHEST WIND SPEED/DIRECTION    48/330    DATE  06/18
HIGHEST GUST SPEED/DIRECTION    64/330    DATE  06/18

SKY COVER
POSSIBLE SUNSHINE (PERCENT)   MM
AVERAGE SKY COVER           0.10
NUMBER OF DAYS FAIR           24
NUMBER OF DAYS PC              6
NUMBER OF DAYS CLOUDY          0

AVERAGE RH (PERCENT)     53

WEATHER CONDITIONS. NUMBER OF DAYS WITH
THUNDERSTORM              0     MIXED PRECIP               0
HEAVY RAIN                1     RAIN                       2
LIGHT RAIN                5     FREEZING RAIN              0
LT FREEZING RAIN          0     HAIL                       0
HEAVY SNOW                0     SNOW                       0
LIGHT SNOW                0     SLEET                      0
FOG                       5     FOG W/VIS <= 1/4 MILE      0
HAZE                      9

-  INDICATES NEGATIVE NUMBERS.
R  INDICATES RECORD WAS SET OR TIED.
MM INDICATES DATA IS MISSING.
T  INDICATES TRACE AMOUNT.

$$
