000
CXUS53 KABR 011558
CLMMBG


CLIMATE REPORT
NATIONAL WEATHER SERVICE ABERDEEN SD
1058 AM CDT WED JUL 1 2015

...................................

...THE MOBRIDGE SD CLIMATE SUMMARY FOR THE MONTH OF JUNE 2015...

CLIMATE NORMAL PERIOD 1981 TO 2010
CLIMATE RECORD PERIOD 1911 TO 2015

WEATHER         OBSERVED          NORMAL  DEPART  LAST YEAR`S
                 VALUE   DATE(S)  VALUE   FROM    VALUE  DATE(S)
                                          NORMAL
................................................................
TEMPERATURE (F)
RECORD
 HIGH             110   06/28/1931
 LOW               32   06/02/1946
                        06/07/1915
HIGHEST            95   06/29        79      16       85  06/21
                        06/27
LOWEST             49   06/04        MM      MM       43  06/09
AVG. MAXIMUM     81.5              77.8     3.7     74.2
AVG. MINIMUM     56.8              53.8     3.0     53.4
MEAN             69.2              65.8     3.4     63.8
DAYS MAX >= 90      4               2.6     1.4        0
DAYS MAX <= 32      0               0.0     0.0        0
DAYS MIN <= 32      0               0.0     0.0        0
DAYS MIN <= 0       0               0.0     0.0        0

PRECIPITATION (INCHES)
RECORD
 MAXIMUM         8.06   1968
 MINIMUM         0.26   1974
TOTALS           3.55              3.16    0.39     7.91
DAYS >= .01        11                MM      MM       15
DAYS >= .10         8                MM      MM       10
DAYS >= .50         4                MM      MM        3
DAYS >= 1.00        0                MM      MM        1

SNOWFALL (INCHES)
RECORDS
 TOTAL             MM   5
 SNOW DEPTH        MM   MM
TOTALS            0.0                MM      MM      0.0
SINCE 7/1        18.7                MM      MM     44.3
SNOWDEPTH AVG.      0                MM      MM        0
DAYS >= TRACE       0
DAYS >= 1.0         0
GREATEST
 SNOW DEPTH         0   MM                             0  MM

DEGREE_DAYS
HEATING TOTAL      18                75     -57       75
 SINCE 7/1       7373              7959    -586     8745
COOLING TOTAL     149                99      50       45
 SINCE 1/1        165               115      50       95

FREEZE DATES
RECORD
 EARLIEST     MM
 LATEST       MM
EARLIEST      10/04             MM
LATEST        05/19             MM
.................................................................

WIND (MPH)
AVERAGE WIND SPEED              8.8
RESULTANT WIND SPEED/DIRECTION   2/072
HIGHEST WIND SPEED/DIRECTION    45/330    DATE  06/22
HIGHEST GUST SPEED/DIRECTION    59/320    DATE  06/22

SKY COVER
POSSIBLE SUNSHINE (PERCENT)   MM
AVERAGE SKY COVER           0.20
NUMBER OF DAYS FAIR           23
NUMBER OF DAYS PC              6
NUMBER OF DAYS CLOUDY          1

AVERAGE RH (PERCENT)     70

WEATHER CONDITIONS. NUMBER OF DAYS WITH
THUNDERSTORM              0     MIXED PRECIP               0
HEAVY RAIN                7     RAIN                       7
LIGHT RAIN               14     FREEZING RAIN              0
LT FREEZING RAIN          0     HAIL                       0
HEAVY SNOW                0     SNOW                       0
LIGHT SNOW                0     SLEET                      0
FOG                      15     FOG W/VIS <= 1/4 MILE      1
HAZE                      3

-  INDICATES NEGATIVE NUMBERS.
R  INDICATES RECORD WAS SET OR TIED.
MM INDICATES DATA IS MISSING.
T  INDICATES TRACE AMOUNT.

$$
