000
CXUS53 KABR 011140
CLMMBG


CLIMATE REPORT
NATIONAL WEATHER SERVICE ABERDEEN SD
630 AM CDT MON MAY 1 2017

...................................

...THE MOBRIDGE SD CLIMATE SUMMARY FOR THE MONTH OF APRIL 2017...

CLIMATE NORMAL PERIOD 1981 TO 2010
CLIMATE RECORD PERIOD 1911 TO 2017

WEATHER         OBSERVED          NORMAL  DEPART  LAST YEAR`S
                 VALUE   DATE(S)  VALUE   FROM    VALUE  DATE(S)
                                          NORMAL
................................................................
TEMPERATURE (F)
RECORD
 HIGH              96   04/30/1992
 LOW                1   04/03/1975
                        04/03/1936
HIGHEST            80   04/07        MM      MM       80  04/23
                                                          04/14
LOWEST             21   04/17        MM      MM       22  04/11
AVG. MAXIMUM     61.3              58.0     3.3     60.8
AVG. MINIMUM     33.2              32.5     0.7     35.7
MEAN             47.2              45.3     1.9     48.2
DAYS MAX >= 90      0               0.0     0.0        0
DAYS MAX <= 32      0               0.6    -0.6        0
DAYS MIN <= 32     16              14.2     1.8       11
DAYS MIN <= 0       0               0.0     0.0        0

PRECIPITATION (INCHES)
RECORD
 MAXIMUM         5.37   1970
 MINIMUM         0.02   1952
TOTALS           0.48              1.57   -1.09     4.62
DAYS >= .01         4                MM      MM        9
DAYS >= .10         1                MM      MM        7
DAYS >= .50         0                MM      MM        3
DAYS >= 1.00        0                MM      MM        2

SNOWFALL (INCHES)
RECORDS
 TOTAL           16.3   5


 SNOW DEPTH        MM   MM
TOTALS            0.0               3.2    -3.2        T
SINCE 7/1        47.3                MM      MM     18.3
SNOWDEPTH AVG.      0                MM      MM        0
DAYS >= TRACE       0
DAYS >= 1.0         0
GREATEST
 SNOW DEPTH         0   MM                            -1  04/01

DEGREE_DAYS
HEATING TOTAL     525               593     -68      496
 SINCE 7/1       6897              7595    -698     6105
COOLING TOTAL       0                 1      -1        2
 SINCE 1/1          0                 1      -1        2

FREEZE DATES
RECORD
 EARLIEST     MM
 LATEST       MM
EARLIEST                        MM
LATEST                          MM
.................................................................

WIND (MPH)
AVERAGE WIND SPEED              10.4
RESULTANT WIND SPEED/DIRECTION   4/053
HIGHEST WIND SPEED/DIRECTION    33/050    DATE  04/23
HIGHEST GUST SPEED/DIRECTION    43/330    DATE  04/08

SKY COVER
POSSIBLE SUNSHINE (PERCENT)   MM
AVERAGE SKY COVER           0.40
NUMBER OF DAYS FAIR           17
NUMBER OF DAYS PC              9
NUMBER OF DAYS CLOUDY          4

AVERAGE RH (PERCENT)     57

WEATHER CONDITIONS. NUMBER OF DAYS WITH
THUNDERSTORM              0     MIXED PRECIP               0
HEAVY RAIN                0     RAIN                       0
LIGHT RAIN               10     FREEZING RAIN              0
LT FREEZING RAIN          1     HAIL                       0
HEAVY SNOW                0     SNOW                       0
LIGHT SNOW                0     SLEET                      0
FOG                       6     FOG W/VIS <= 1/4 MILE      1
HAZE                      4

-  INDICATES NEGATIVE NUMBERS.
R  INDICATES RECORD WAS SET OR TIED.
MM INDICATES DATA IS MISSING.
T  INDICATES TRACE AMOUNT.

$$
