000
CXUS53 KDTX 131716 AAA
CLMMBS

CLIMATE REPORT
NATIONAL WEATHER SERVICE DETROIT/PONTIAC MI
358 PM EST FRI FEB 3 2017

...................................

...THE  TRI CITIES MI CLIMATE SUMMARY FOR THE MONTH OF JANUARY 2017...

CLIMATE NORMAL PERIOD 1981 TO 2010
CLIMATE RECORD PERIOD 1898 TO 2017

WEATHER         OBSERVED          NORMAL  DEPART
                 VALUE   DATE(S)  VALUE   FROM
                                          NORMAL
................................................
TEMPERATURE (F)
HIGHEST            48   01/21        MM      MM
LOWEST              5   01/06        MM      MM
                        01/05
AVG. MAXIMUM     32.8              28.9     3.9
AVG. MINIMUM     23.0              15.6     7.4
MEAN             27.9              22.2     5.7
DAYS MAX >= 90      0               0.0     0.0
DAYS MAX <= 32     13              19.0    -6.0
DAYS MIN <= 32     24              29.0    -5.0
DAYS MIN <= 0       0               3.3    -3.3

PRECIPITATION (INCHES)
TOTALS           2.54              1.71    0.83
DAILY AVG.       0.08              0.06    0.02
DAYS >= .01        16              10.6     5.4
DAYS >= .10         9               4.2     4.8
DAYS >= .50         1               0.6     0.4
DAYS >= 1.00        0               0.1    -0.1
GREATEST
 24 HR. TOTAL    0.81   01/16 TO 01/17
 STORM TOTAL       MM
 (MM/DD(HH))            MM

SNOWFALL (INCHES)
TOTALS            9.8              11.9    -2.1
 LIQUID EQUIV    0.98              1.20   -0.22
SINCE 7/1        28.0              24.8     3.2
 LIQUID 7/1      2.80
DAYS >= TRACE      14               8.8     5.2
DAYS >= 1.0         2               4.1    -2.1
GREATEST
 SNOW DEPTH         3   01/10
 24 HR TOTAL      4.8   MM
 STORM TOTAL       MM
 (MM/DD(HH))            MM

DEGREE_DAYS
HEATING TOTAL    1142              1325    -183
 SINCE 7/1       3297              3965    -668
COOLING TOTAL       0                 0       0
 SINCE 1/1          0                 0       0

FREEZE DATES
RECORD
 EARLIEST     MM
 LATEST       MM
EARLIEST      01/01             MM
LATEST                          MM
.................................................

WIND (MPH)
AVERAGE WIND SPEED              9.7
HIGHEST WIND SPEED/DIRECTION    43/250    DATE  01/11
HIGHEST GUST SPEED/DIRECTION    52/250    DATE  01/11

SKY COVER
POSSIBLE SUNSHINE (PERCENT)   MM
AVERAGE SKY COVER           0.70
NUMBER OF DAYS FAIR            5
NUMBER OF DAYS PC              6
NUMBER OF DAYS CLOUDY         20

AVERAGE RH (PERCENT)     84

WEATHER CONDITIONS. NUMBER OF DAYS WITH
THUNDERSTORM              0     MIXED PRECIP               0
HEAVY RAIN                1     RAIN                       5
LIGHT RAIN               10     FREEZING RAIN              0
LT FREEZING RAIN          3     HAIL                       0
HEAVY SNOW                1     SNOW                       2
LIGHT SNOW               14     SLEET                      0
FOG                      25     FOG W/VIS <= 1/4 MILE      9
HAZE                      9

-  INDICATES NEGATIVE NUMBERS.
R  INDICATES RECORD WAS SET OR TIED.
MM INDICATES DATA IS MISSING.
T  INDICATES TRACE AMOUNT.

$$
================================================================
       SOUTHEAST MICHIGAN CLIMATE SUMMARY FOR JANUARY 2017


JANUARY 2017 MONTHLY STATISTICS AND RANKINGS
-----------------------------------------------------------------
SNOWFALL
                ACTUAL    NORMAL     DEPARTURE     RANKING
DETROIT AREA    11.8"      12.5"       -0.7"     60TH SNOWIEST
FLINT AREA      10.4"      13.1"       -2.7"     46TH LEAST SNOWY
SAGINAW          9.8"      11.9"       -2.1"     38TH LEAST SNOWY

SNOW YEAR SINCE JULY 1*

                ACTUAL    NORMAL     DEPARTURE     RANKING
DETROIT AREA     28.7"     23.7"       +5.0"     40TH SNOWIEST
FLINT AREA       30.6"     27.8"       +2.8"     24TH SNOWIEST
SAGINAW          28.0"     24.8"       +3.2"     31ST SNOWIEST

      *NORMAL TO DATE (AS OF JANUARY 31, 2017)

PRECIPITATION
                ACTUAL    NORMAL     DEPARTURE     RANKING
DETROIT AREA    2.83"      1.96"      +0.87"     32ND WETTEST
FLINT AREA      3.13"      1.63"      +1.50"      6TH WETTEST
SAGINAW         2.54"      1.71"      +0.83"     21ST WETTEST

WATER YEAR SINCE JANUARY 1*

                ACTUAL    NORMAL     DEPARTURE     RANKING
DETROIT AREA    2.83"      1.96"      +0.87"     32ND WETTEST
FLINT AREA      3.13"      1.63"      +1.50"      6TH WETTEST
SAGINAW         2.54"      1.71"      +0.83"     21ST WETTEST

      *NORMAL TO DATE (AS OF JANUARY 31, 2017)

AVERAGE TEMPERATURE
                ACTUAL    NORMAL     DEPARTURE     RANKING
DETROIT AREA     32.1      25.6       +6.5       12TH WARMEST
FLINT AREA       28.9      22.4       +6.5       12TH WARMEST
SAGINAW          27.9      22.2       +5.7       15TH WARMEST

AVERAGE HIGH TEMPERATURE
                ACTUAL    NORMAL     DEPARTURE     RANKING
DETROIT AREA     38.1      32.0       +6.1       12TH COLDEST
FLINT AREA       34.3      29.6       +4.7       20TH WARMEST
SAGINAW          32.8      28.9       +3.9       25TH WARMEST

AVERAGE LOW TEMPERATURE
                ACTUAL    NORMAL     DEPARTURE     RANKING
DETROIT AREA     26.2      19.1       +7.1        9TH WARMEST
FLINT AREA       23.4      15.3       +8.1        7TH WARMEST
SAGINAW          23.0      15.6       +7.4       15TH WARMEST


DETROIT AREA HAS A CLIMATE RECORD DATING TO NOVEMBER 1874
FLINT AREA HAS A CLIMATE RECORD DATING TO JANUARY 1921
SAGINAW HAS A CLIMATE RECORD DATING TO 1912
