850
CXAK59 PAFG 031510
CLMMCG


CLIMATE REPORT
NATIONAL WEATHER SERVICE FAIRBANKS, AK
602 AM AKST SUN DEC 3 2017

...................................

...THE MCGRATH AK CLIMATE SUMMARY FOR THE MONTH OF NOVEMBER 2017...

CLIMATE NORMAL PERIOD 1981 TO 2010
CLIMATE RECORD PERIOD 1946 TO 2017

WEATHER         OBSERVED          NORMAL  DEPART  LAST YEAR`S
                 VALUE   DATE(S)  VALUE   FROM    VALUE  DATE(S)
                                          NORMAL
................................................................
TEMPERATURE (F)
RECORD
 HIGH              50   11/12/2014
 LOW              -53   11/30/1990
HIGHEST            36   11/03        MM      MM       37  11/01
LOWEST            -24   11/27        MM      MM      -35  11/30

AVG. MAXIMUM     19.4              13.2     6.2     11.1
AVG. MINIMUM      4.5              -2.1     6.6     -4.3
MEAN             11.9               5.5     6.4      3.4
DAYS MAX >= 90      0               0.0     0.0        0
DAYS MAX <= 32     25              26.8    -1.8       29
DAYS MIN <= 32     30              29.6     0.4       30
DAYS MIN <= 0      10              16.8    -6.8       15

PRECIPITATION (INCHES)
RECORD
 MAXIMUM         4.34   1979
 MINIMUM         0.02   1963
TOTALS           1.30              1.41   -0.11     0.24
DAILY AVG.       0.04              0.05   -0.01     0.01
DAYS >= .01        13              12.5     0.5        5
DAYS >= .10         4               4.0     0.0        0
DAYS >= .50         0               0.5    -0.5        0
DAYS >= 1.00        0               0.1    -0.1        0
GREATEST
 24 HR. TOTAL    0.44   11/19 TO 11/19           11/14 TO 11/15

SNOWFALL (INCHES)
RECORDS
 TOTAL           53.7   1994
 24 HR TOTAL       MM
 SNOW DEPTH        30   11/02/1947
TOTALS           20.5              19.3     1.2      6.7
SINCE 7/1        26.8              31.0    -4.2      8.3
SNOWDEPTH AVG.      7                 8      -1        2
DAYS >= TRACE      20              13.9     6.1       14
DAYS >= 1.0         7               5.7     1.3        2
GREATEST
 SNOW DEPTH        13   11/23                          5  11/30
 24 HR TOTAL      5.9   11/19 TO 11/19           11/25 TO 11/25

DEGREE_DAYS
HEATING TOTAL    1585              1783    -198     1842
 SINCE 7/1       3425              4123    -698     3746
COOLING TOTAL       0                 0       0        0
 SINCE 1/1         37                20      17       29
......................................................

WIND (MPH)
AVERAGE WIND SPEED              3.1
HIGHEST WIND SPEED/DIRECTION    23/200    DATE  11/09
HIGHEST GUST SPEED/DIRECTION    35/200    DATE  11/09

SKY COVER
AVERAGE SKY COVER           0.60


WEATHER CONDITIONS. NUMBER OF DAYS WITH
THUNDERSTORM              0     MIXED PRECIP               0
HEAVY RAIN                0     RAIN                       0
LIGHT RAIN                0     FREEZING RAIN              0
LT FREEZING RAIN          0     HAIL                       0
HEAVY SNOW                0     SNOW                       2
LIGHT SNOW               19     SLEET                      0
FOG                      22     FOG W/VIS <= 1/4 MILE      5
HAZE                     17

-  INDICATES NEGATIVE NUMBERS.
R  INDICATES RECORD WAS SET OR TIED.
MM INDICATES DATA IS MISSING.
T  INDICATES TRACE AMOUNT.

$$
