485
CXUS53 KGLD 090213 RRA
CLMMCK

CLIMATE REPORT
NATIONAL WEATHER SERVICE GOODLAND
809 PM MDT THU JUN 8 2017

...................................

...THE MCCOOK CLIMATE SUMMARY FOR THE MONTH OF MAY 2017...

CLIMATE NORMAL PERIOD 1981 TO 2010
CLIMATE RECORD PERIOD 1896 TO 2017

WEATHER         OBSERVED          NORMAL  DEPART  LAST YEAR`S
                 VALUE   DATE(S)  VALUE   FROM    VALUE  DATE(S)
                                          NORMAL
................................................................
TEMPERATURE (F)
RECORD
 HIGH             106   05/31/2002
 LOW                1   05/11/2015
                        05/09/2015
                        03/11/1948
HIGHEST            90   05/07        93      -3       85  05/29
                                                          05/22
                                                          05/06
LOWEST             31   05/04        33      -2       32  05/02
AVG. MAXIMUM     74.0              73.4     0.6     71.5
AVG. MINIMUM     45.2              45.8    -0.6     46.9
MEAN             59.6              59.6     0.0     59.2
DAYS MAX >= 90      1               1.8    -0.8        0
DAYS MAX <= 32      0               0.0     0.0        0
DAYS MIN <= 32      1               1.0     0.0        1
DAYS MIN <= 0       0               0.0     0.0        0

PRECIPITATION (INCHES)
RECORD
 MAXIMUM         7.21   2008
 MINIMUM         0.35   1994
TOTALS           3.55              3.14    0.41     2.61
DAILY AVG.       0.11              0.10    0.01     0.08
DAYS >= .01        14              10.7     3.3       15
DAYS >= .10         8               6.5     1.5        8
DAYS >= .50         2               1.9     0.1        1
DAYS >= 1.00        0               0.7    -0.7        0
GREATEST
 24 HR. TOTAL    0.98   05/19 TO 05/19              0.57


.................................................................



-  INDICATES NEGATIVE NUMBERS.
R  INDICATES RECORD WAS SET OR TIED.
MM INDICATES DATA IS MISSING.
T  INDICATES TRACE AMOUNT.

$$
