942
CXUS44 KBRO 011629
CLMMFE


CLIMATE REPORT
NATIONAL WEATHER SERVICE BROWNSVILLE TX
1029 AM CST WED MAR 1 2017

...................................

...THE MCALLEN CLIMATE SUMMARY FOR THE MONTH OF FEBRUARY 2017...

CLIMATE NORMAL PERIOD 1981 TO 2010
CLIMATE RECORD PERIOD 1961 TO 2017

WEATHER         OBSERVED          NORMAL  DEPART  LAST YEAR`S
                 VALUE   DATE(S)  VALUE   FROM    VALUE  DATE(S)
                                          NORMAL
................................................................
TEMPERATURE (F)
HIGHEST           101R  02/23        91      10       93  02/23
                                                          02/15
LOWEST             49   02/16        36      13       38  02/07
AVG. MAXIMUM     87.3              75.1    12.2
AVG. MINIMUM     63.4              54.2     9.2
MEAN             75.3              64.7    10.6     68.8
DAYS MAX >= 90     12               1.4    10.6
DAYS MAX <= 32      0               0.0     0.0
DAYS MIN <= 32      0               0.2    -0.2
DAYS MIN <= 0       0               0.0     0.0

PRECIPITATION (INCHES)
TOTALS           0.65              1.11   -0.46     0.00
DAILY AVG.       0.02              0.04   -0.02     0.00
DAYS >= .01         4               5.4    -1.4        0
DAYS >= .10         2               2.2    -0.2        0
DAYS >= .50         0               0.5    -0.5        0
DAYS >= 1.00        0               0.1    -0.1        0
GREATEST
 24 HR. TOTAL    0.32   02/20 TO 02/20           02/29 TO 02/29
                                                          02/28 TO 02/28
                                                          02/27 TO 02/27
 STORM TOTAL       MM                                 MM
 (MM/DD(HH))            MM                    02/29(00) TO 02/29(00)
                                                 02/28(00) TO 02/28(00)7
                                                 02/27(00) TO 02/27(00)7

SNOWFALL (INCHES)
RECORDS
 24 HR TOTAL       MM
TOTALS            0.0               0.0     0.0      0.0
 LIQUID EQUIV    0.00              0.00    0.00     0.00
SINCE 7/1         0.0               0.0     0.0      0.0
 LIQUID 7/1      0.00
DAYS >= TRACE       0               0.0     0.0        0
DAYS >= 1.0         0               0.0     0.0        0
GREATEST
 SNOW DEPTH         0   MM                             0  MM
 24 HR TOTAL      0.0   02/28 TO 02/28           02/29 TO 02/29
                                                          02/28 TO 02/28
                                                          02/27 TO 02/27
 STORM TOTAL       MM                                 MM
 (MM/DD(HH))            MM                    02/29(00) TO 02/29(00)
                                                 02/28(00) TO 02/28(00)7
                                                 02/27(00) TO 02/27(00)7

DEGREE_DAYS
HEATING TOTAL       8               106     -98       42
 SINCE 7/1        188               533    -345      311
COOLING TOTAL     302                97     205      160
 SINCE 1/1        481               159     322      205

FREEZE DATES
RECORD
 EARLIEST     MM
 LATEST       MM
EARLIEST                        MM
LATEST                          MM
........................................................

WIND (MPH)
AVERAGE WIND SPEED              10.9
HIGHEST WIND SPEED/DIRECTION    30/130    DATE  02/13
HIGHEST GUST SPEED/DIRECTION    38/140    DATE  02/12

SKY COVER
POSSIBLE SUNSHINE (PERCENT)   MM
AVERAGE SKY COVER           0.40
NUMBER OF DAYS FAIR           13
NUMBER OF DAYS PC             12
NUMBER OF DAYS CLOUDY          3

AVERAGE RH (PERCENT)     63

WEATHER CONDITIONS. NUMBER OF DAYS WITH
THUNDERSTORM              0     MIXED PRECIP               0
HEAVY RAIN                2     RAIN                       2
LIGHT RAIN                6     FREEZING RAIN              0
LT FREEZING RAIN          0     HAIL                       0
HEAVY SNOW                0     SNOW                       0
LIGHT SNOW                0     SLEET                      0
FOG                      19     FOG W/VIS <= 1/4 MILE      3
HAZE                     15

-  INDICATES NEGATIVE NUMBERS.
R  INDICATES RECORD WAS SET OR TIED.
MM INDICATES DATA IS MISSING.
T  INDICATES TRACE AMOUNT.

$$
