000
CXUS56 KMFR 011216
CLMMFR

CLIMATE REPORT
NATIONAL WEATHER SERVICE MEDFORD, OR
415 AM PST SUN JAN 1 2017

...................................

...THE MEDFORD OR CLIMATE SUMMARY FOR THE MONTH OF DECEMBER 2016...

CLIMATE NORMAL PERIOD 1981 TO 2010
CLIMATE RECORD PERIOD 1911 TO 2016

WEATHER         OBSERVED          NORMAL  DEPART  LAST YEAR`S
                 VALUE   DATE(S)  VALUE   FROM    VALUE  DATE(S)
                                          NORMAL
................................................................
TEMPERATURE (F)
RECORD
 HIGH              72   12/14/1962
 LOW              -10   12/13/1919
HIGHEST            51   12/09                         64  12/09
                                                          12/08
LOWEST             19   12/18                         23  12/01
AVG. MAXIMUM     43.1              45.9    -2.8     48.2
AVG. MINIMUM     31.3              32.7    -1.4     36.1
MEAN             37.2              39.3    -2.1     42.2
DAYS MAX >= 90      0               0.0     0.0        0
DAYS MAX <= 32      0               0.5    -0.5        0
DAYS MIN <= 32     15              13.7     1.3        5
DAYS MIN <= 0       0               0.0     0.0        0

PRECIPITATION (INCHES)
RECORD
 MAXIMUM        12.72   1964
TOTALS           4.56              3.49    1.07     7.73
DAILY AVG.       0.15              0.11    0.04     0.25
DAYS >= .01        15              14.4     0.6       24
DAYS >= .10         7               7.8    -0.8       19
DAYS >= .50         3               2.1     0.9        4
DAYS >= 1.00        2               0.5     1.5        1
GREATEST
 24 HR. TOTAL    1.83   12/14 TO 12/15

SNOWFALL (INCHES)
RECORDS
 TOTAL           12.2   1972
TOTALS            0.4               1.5    -1.1      0.7
SINCE 7/1         0.4               1.7    -1.3      0.7

DEGREE_DAYS
HEATING TOTAL     852               797      55      700
 SINCE 7/1       1625              1766    -141     1504
COOLING TOTAL       0                 0       0        0
 SINCE 1/1       1058               829     229     1297

FREEZE DATES
RECORD
 EARLIEST     09/13/1921
 LATEST       06/12/1952
EARLIEST      12/05             10/18
LATEST                          04/29
.................................................................

WIND (MPH)
AVERAGE WIND SPEED              2.3
HIGHEST WIND SPEED/DIRECTION    16/310    DATE  12/10
HIGHEST GUST SPEED/DIRECTION    22/280    DATE  12/16

SKY COVER
POSSIBLE SUNSHINE (PERCENT)   MM
AVERAGE SKY COVER           0.80
NUMBER OF DAYS FAIR            2
NUMBER OF DAYS PC              9
NUMBER OF DAYS CLOUDY         20

AVERAGE RH (PERCENT)     85

WEATHER CONDITIONS. NUMBER OF DAYS WITH
THUNDERSTORM              0     MIXED PRECIP               0
HEAVY RAIN                2     RAIN                       7
LIGHT RAIN               15     FREEZING RAIN              0
LT FREEZING RAIN          0     HAIL                       0
HEAVY SNOW                0     SNOW                       0
LIGHT SNOW                3     SLEET                      0
FOG                      28     FOG W/VIS <= 1/4 MILE      8
HAZE                      1

-  INDICATES NEGATIVE NUMBERS.
R  INDICATES RECORD WAS SET OR TIED.
MM INDICATES DATA IS MISSING.
T  INDICATES TRACE AMOUNT.

&&

DECEMBER 2016 CAN BE SUMMARIZED AS WETTER AND COOLER THAN NORMAL FOR
THE MEDFORD AREA WITH A FEW NOTABLE RECORDS DURING THE MONTH. THE
STRETCH OF DAYS WITH NON-FREEZING TEMPERATURES FINALLY CAME TO AN END
ON THE 5TH WHEN THE AIRPORT RECORDED 31 DEGREES. THIS IS THE LATEST
FIRST FREEZE DATE ON RECORD FOR THE MEDFORD AIRPORT. CONSEQUENTLY, THIS
ALSO SET A NEW RECORD FOR NUMBER OF DAYS WITHOUT FREEZING TEMPERATURES,
WHICH IS NOW 279 DAYS. RIGHT AROUND THIS TIME IS WHEN MEDFORD SAW IT`S
FIRST SNOWFALL OF THE SEASON WITH 0.4 INCHES RECORDED ON THE 6TH. THERE
WERE A FEW ADDITIONAL TRACES OF SNOWFALL REPORTED DURING THE MONTH,
SOME OF WHICH WERE DUE TO FOG SEEDING.

THE WEATHER PATTERN WAS FAIRLY ACTIVE FOR THE MONTH OVERALL. THERE WERE
SEVERAL SYSTEMS THAT MOVED THROUGH THE AREA, DELIVERING ENOUGH
PRECIPITATION TO LEAVE THE MONTH`S TOTAL ABOVE AVERAGE. ON THE 14TH,
ONE SYSTEM MOVED THROUGH BRINGING RECORD RAINFALL TO MEDFORD. OVER AN
INCH AND A HALF OF RAIN FELL THAT DAY, WHICH LED TO MANY RIVER RISES
AROUND THE FORECAST AREA. NUMEROUS AREAS AROUND THE ROGUE VALLEY HAD TO
DEAL WITH STANDING WATER ON ROADWAYS AND AREA PARKS HAD TO DEAL WITH
LOCAL CREEKS AND RIVERS SURPASSING THEIR BANKS FOR A BRIEF TIME.
SHORTLY AFTER THIS, A STRONG ARCTIC HIGH PRESSURE SETTLED OVER THE
AREA, BRINGING THE COLDEST TEMPERATURES OF THE SEASON THUS FAR. THIS
COLD AIR MASS WAS DRY ENOUGH TO SPARE THE ROGUE VALLEY OF FOGGY
CONDITIONS FOR A FEW DAYS. AFTER THIS BRIEF PERIOD OF QUIET WEATHER,
ANOTHER SYSTEM PASSED THROUGH, BRINGING A RECORD RAINFALL OF 1.05
INCHES TO THE MEDFORD AIRPORT ON THE 23RD.

ASIDE FROM A FEW WEAK SYSTEMS TO PASS THROUGH, THE WEATHER REMAINED
RATHER QUIET FOR THE REMAINDER OF THE MONTH. HOWEVER, SNOW BEGAN
FALLING SHORTLY AFTER THE BALL DROPPED IN MEDFORD AND 2017 WILL BEGIN
WITH SNOW ON THE GROUND FOR MOST WESTERN VALLEYS.

$$
