000
CXUS54 KBMX 020118
CLMMGM


CLIMATE REPORT
NATIONAL WEATHER SERVICE BIRMINGHAM, AL
758 PM CDT MON AUG 1 2016

...................................

...THE MONTGOMERY CLIMATE SUMMARY FOR THE MONTH OF JULY 2016...

CLIMATE NORMAL PERIOD 1981 TO 2010
CLIMATE RECORD PERIOD 1872 TO 2016

WEATHER         OBSERVED          NORMAL  DEPART  LAST YEAR`S
                 VALUE   DATE(S)  VALUE   FROM    VALUE  DATE(S)
                                          NORMAL
................................................................
TEMPERATURE (F)
RECORD
 HIGH             107   07/07/1881
 LOW               59   07/30/2014
                        07/20/2009
                        01/05/2000
HIGHEST           100   07/02        MM      MM      100  07/30
LOWEST             71   07/15        MM      MM       70  07/06
                        07/13
                        07/02
AVG. MAXIMUM     95.7              92.1     3.6     94.8
AVG. MINIMUM     74.0              71.5     2.5     74.5
MEAN             84.9                               84.7
DAYS MAX >= 90     31              22.4     8.6       29
DAYS MAX <= 32      0               0.0     0.0        0
DAYS MIN <= 32      0               0.0     0.0        0
DAYS MIN <= 0       0               0.0     0.0        0

PRECIPITATION (INCHES)
RECORD
 MAXIMUM        13.42   1899
 MINIMUM         0.43   1902
TOTALS           5.61              5.24    0.37     4.97
DAILY AVG.       0.18              0.17    0.01     0.16
DAYS >= .01        11              11.5    -0.5       12
DAYS >= .10         6               8.4    -2.4        9
DAYS >= .50         4               3.4     0.6        5
DAYS >= 1.00        3               1.7     1.3        2

DEGREE_DAYS
HEATING TOTAL       0                 0       0        0
 SINCE 7/1          0                 0       0        0
COOLING TOTAL     623               521     102      618
 SINCE 1/1       1602              1279     323     1653
.................................................................

WIND (MPH)
AVERAGE WIND SPEED              4.3
HIGHEST WIND SPEED/DIRECTION    40/270    DATE  07/09
HIGHEST GUST SPEED/DIRECTION    48/270    DATE  07/09

AVERAGE RH (PERCENT)     68

WEATHER CONDITIONS. NUMBER OF DAYS WITH
THUNDERSTORM              0     MIXED PRECIP               0
HEAVY RAIN                7     RAIN                       6
LIGHT RAIN               12     FREEZING RAIN              0
LT FREEZING RAIN          0     HAIL                       0
HEAVY SNOW                0     SNOW                       0
LIGHT SNOW                0     SLEET                      0
FOG                       8     FOG W/VIS <= 1/4 MILE      3
HAZE                      4

-  INDICATES NEGATIVE NUMBERS.
R  INDICATES RECORD WAS SET OR TIED.
MM INDICATES DATA IS MISSING.
T  INDICATES TRACE AMOUNT.

$$
