000
CXUS54 KBMX 011334
CLMMGM


CLIMATE REPORT
NATIONAL WEATHER SERVICE BIRMINGHAM, AL
834 AM CDT SAT AUG 1 2015

...................................

...THE MONTGOMERY CLIMATE SUMMARY FOR THE MONTH OF JULY 2015...

CLIMATE NORMAL PERIOD 1981 TO 2010
CLIMATE RECORD PERIOD 1994 TO 2015

WEATHER         OBSERVED          NORMAL  DEPART  LAST YEAR`S
                 VALUE   DATE(S)  VALUE   FROM    VALUE  DATE(S)
                                          NORMAL
................................................................
TEMPERATURE (F)
RECORD
 HIGH             107   07/07/1881
 LOW               59   07/30/2014
                        07/20/2009
                        01/05/2000
HIGHEST           100   07/30        MM      MM       97  07/28
                                                          07/27
                                                          07/02
LOWEST             70   07/06        MM      MM       59  07/30
AVG. MAXIMUM     94.8              92.1     2.7     91.8
AVG. MINIMUM     74.5              71.5     3.0     70.3
MEAN             84.7                               81.1
DAYS MAX >= 90     29              22.4     6.6       22
DAYS MAX <= 32      0               0.0     0.0        0
DAYS MIN <= 32      0               0.0     0.0        0
DAYS MIN <= 0       0               0.0     0.0        0

PRECIPITATION (INCHES)
RECORD
 MAXIMUM        13.42   1899
 MINIMUM         0.43   1902
TOTALS           4.97              5.24   -0.27     2.28
DAILY AVG.       0.16              0.17   -0.01     0.07
DAYS >= .01        12              11.5     0.5        6
DAYS >= .10         9               8.4     0.6        3
DAYS >= .50         5               3.4     1.6        1
DAYS >= 1.00        2               1.7     0.3        1

DEGREE_DAYS
HEATING TOTAL       0                 0       0        0
 SINCE 7/1          0                 0       0        0
COOLING TOTAL     618               521      97      508
 SINCE 1/1       1653              1279     374     1346
.................................................................

WIND (MPH)
AVERAGE WIND SPEED              4.6
HIGHEST WIND SPEED/DIRECTION    37/040    DATE  07/22
HIGHEST GUST SPEED/DIRECTION    47/220    DATE  07/03

AVERAGE RH (PERCENT)     70

WEATHER CONDITIONS. NUMBER OF DAYS WITH
THUNDERSTORM              0     MIXED PRECIP               0
HEAVY RAIN                7     RAIN                       7
LIGHT RAIN               12     FREEZING RAIN              0
LT FREEZING RAIN          0     HAIL                       0
HEAVY SNOW                0     SNOW                       0
LIGHT SNOW                0     SLEET                      0
FOG                      22     FOG W/VIS <= 1/4 MILE      0
HAZE                      7

-  INDICATES NEGATIVE NUMBERS.
R  INDICATES RECORD WAS SET OR TIED.
MM INDICATES DATA IS MISSING.
T  INDICATES TRACE AMOUNT.

$$
