000
CXUS53 KTOP 011425
CLMMHK


CLIMATE REPORT
NATIONAL WEATHER SERVICE TOPEKA KS
924 AM CDT MON JUN 1 2015

...................................

...THE MANHATTAN KS CLIMATE SUMMARY FOR THE MONTH OF MAY 2015...

CLIMATE NORMAL PERIOD 1981 TO 2010
CLIMATE RECORD PERIOD 9999 TO 9999

WEATHER         OBSERVED          NORMAL  DEPART  LAST YEAR`S
                 VALUE   DATE(S)  VALUE   FROM    VALUE
                                          NORMAL
.............................................................
TEMPERATURE (F)
HIGHEST            87   05/03                         95
LOWEST             36   05/12                         31
AVG. MAXIMUM     73.5              76.1    -2.6     79.7
AVG. MINIMUM     53.6              51.3     2.3     53.3
MEAN             63.6              63.7    -0.1     66.5
DAYS MAX >= 90      0               1.9    -1.9        5
DAYS MAX <= 32      0               0.0     0.0        0
DAYS MIN <= 32      0               0.4    -0.4        1
DAYS MIN <= 0       0               0.0     0.0        0

PRECIPITATION (INCHES)
TOTALS           9.98              4.48    5.50     2.15
DAILY AVG.       0.32                               0.07
DAYS >= .01        19                                  8
DAYS >= .10        14                                  5
DAYS >= .50         5                                  1
DAYS >= 1.00        1                                  1
GREATEST
 24 HR. TOTAL    4.22   05/04 TO 05/04              1.15

DEGREE_DAYS
HEATING TOTAL     110               123     -13      118
 SINCE 7/1       5129              5304    -175     5741
COOLING TOTAL      73                83     -10      173
 SINCE 1/1         81               100     -19      203
..............................................................

WIND (MPH)
AVERAGE WIND SPEED              8.3
HIGHEST WIND SPEED/DIRECTION    33/100    DATE  05/23
HIGHEST GUST SPEED/DIRECTION    48/110    DATE  05/23

SKY COVER
POSSIBLE SUNSHINE (PERCENT)   MM
AVERAGE SKY COVER           0.50
NUMBER OF DAYS FAIR            9
NUMBER OF DAYS PC             16
NUMBER OF DAYS CLOUDY          6

AVERAGE RH (PERCENT)     74

WEATHER CONDITIONS. NUMBER OF DAYS WITH
THUNDERSTORM             10     MIXED PRECIP               0
HEAVY RAIN               10     RAIN                      12
LIGHT RAIN               21     FREEZING RAIN              0
LT FREEZING RAIN          0     HEAVY SNOW                 0
SNOW                      0     LIGHT SNOW                 0
FOG                      18     FOG W/VIS <= 1/4 MILE      2
HAZE                      3

-  INDICATES NEGATIVE NUMBERS.
R  INDICATES RECORD WAS SET OR TIED.
MM INDICATES DATA IS MISSING.
T  INDICATES TRACE AMOUNT.

$$
