000
CXUS53 KIND 011511
CLMMIE


CLIMATE REPORT
NATIONAL WEATHER SERVICE INDIANAPOLIS IN
1111 AM EDT TUE SEP 1 2015

...................................

...THE MUNCIE IN CLIMATE SUMMARY FOR THE MONTH OF AUGUST 2015...

CLIMATE NORMAL PERIOD 1981 TO 2010
CLIMATE RECORD PERIOD 9999 TO 9999

WEATHER         OBSERVED          NORMAL  DEPART  LAST YEAR`S
                 VALUE   DATE(S)  VALUE   FROM    VALUE  DATE(S)
                                          NORMAL
................................................................
TEMPERATURE (F)
HIGHEST            86   08/02                         90  08/25
LOWEST             50   08/21                         43  08/15
AVG. MAXIMUM     78.8              82.8    -4.0     82.1
AVG. MINIMUM     58.8              62.3    -3.5     62.4
MEAN             68.8              72.5    -3.7     72.2
DAYS MAX >= 90      0               3.7    -3.7        1
DAYS MAX <= 32      0               0.0     0.0        0
DAYS MIN <= 32      0               0.0     0.0        0
DAYS MIN <= 0       0               0.0     0.0        0

PRECIPITATION (INCHES)
TOTALS           2.13              3.30   -1.17     6.06
DAILY AVG.       0.07              0.11   -0.04     0.20
DAYS >= .01         9               8.7     0.3       12
DAYS >= .10         5               5.2    -0.2        7
DAYS >= .50         2               2.1    -0.1        2
DAYS >= 1.00        0               0.9    -0.9        2
GREATEST
 24 HR. TOTAL    0.92   08/09 TO 08/10

DEGREE_DAYS
HEATING TOTAL      15                 7       8        8
 SINCE 7/1         15                10       5       26
COOLING TOTAL     142               241     -99      242
 SINCE 1/1        761               834     -73      755
.................................................................

WIND (MPH)
AVERAGE WIND SPEED              5.8
HIGHEST WIND SPEED/DIRECTION    29/360    DATE  08/15
HIGHEST GUST SPEED/DIRECTION    45/090    DATE  08/21

SKY COVER
POSSIBLE SUNSHINE (PERCENT)   MM
AVERAGE SKY COVER           0.30
NUMBER OF DAYS FAIR           23
NUMBER OF DAYS PC              6
NUMBER OF DAYS CLOUDY          2

AVERAGE RH (PERCENT)     77

WEATHER CONDITIONS. NUMBER OF DAYS WITH
THUNDERSTORM              5     MIXED PRECIP               0
HEAVY RAIN                4     RAIN                       5
LIGHT RAIN               11     FREEZING RAIN              0
LT FREEZING RAIN          0     HAIL                       0
HEAVY SNOW                0     SNOW                       0
LIGHT SNOW                0     SLEET                      0
FOG                       9     FOG W/VIS <= 1/4 MILE      0
HAZE                      0

-  INDICATES NEGATIVE NUMBERS.
R  INDICATES RECORD WAS SET OR TIED.
MM INDICATES DATA IS MISSING.
T  INDICATES TRACE AMOUNT.

$$
