000
CXUS53 KMKX 021538 CCA
CLMMKE

CLIMATE REPORT
NATIONAL WEATHER SERVICE IN MILWAUKEE
938 AM CST MON MAR 2 2015

...................................

...THE MILWAUKEE WI CLIMATE SUMMARY FOR THE MONTH OF FEBRUARY 2015...

CLIMATE NORMAL PERIOD 1981 TO 2010
CLIMATE RECORD PERIOD 1871 TO 2015

WEATHER         OBSERVED          NORMAL  DEPART  LAST YEAR`S
                 VALUE   DATE(S)  VALUE   FROM    VALUE  DATE(S)
                                          NORMAL
................................................................
TEMPERATURE (F)
RECORD
 HIGH              68   02/11/1999
 LOW              -26   02/03/1996
HIGHEST            37   02/08        49     -12       47  02/18
LOWEST             -9   02/19        -4      -5       -3  02/07
                                                          02/03
AVG. MAXIMUM     21.9              32.5   -10.6     23.9
AVG. MINIMUM      6.8              19.3   -12.5      9.0
MEAN             14.3              25.9   -11.6     16.4
DAYS MAX >= 90      0               0.0     0.0        0
DAYS MAX <= 32     25              12.8    12.2       24
DAYS MIN <= 32     28              25.2     2.8       27
DAYS MIN <= 0       8               1.6     6.4        8

PRECIPITATION (INCHES)
RECORD
 MAXIMUM         5.39   1881
 MINIMUM         0.05   1969
TOTALS           0.81              1.65   -0.84     1.63
DAILY AVG.       0.03              0.06   -0.03     0.06
DAYS >= .01         9               9.7    -0.7       11
DAYS >= .10         2               4.0    -2.0        3
DAYS >= .50         0               0.9    -0.9        1
DAYS >= 1.00        0               0.3    -0.3        0
GREATEST
 24 HR. TOTAL    0.50   01/31 TO 02/01              0.63 2/26

SNOWFALL (INCHES)
RECORDS
 TOTAL           42.0   1974
TOTALS           19.6               9.8     9.8     15.9
SINCE 7/1        38.1              37.8     0.3     56.8
SNOWDEPTH AVG.      7                 4       3       10
DAYS >= 1.0         4               2.8     1.2        4
GREATEST
 SNOW DEPTH        11   02/05                         14  02/18
                        02/04
                        02/03
 24 HR TOTAL     10.4   02/01 TO 02/01               6.7  2/23

DEGREE_DAYS
HEATING TOTAL    1414              1095     319     1353
 SINCE 7/1       5332              4980     352     5656
COOLING TOTAL       0                 0       0        0
 SINCE 1/1          0                 0       0        0
.................................................................

WIND (MPH)
AVERAGE WIND SPEED              10.8
HIGHEST WIND SPEED/DIRECTION    33/340    DATE  02/14
HIGHEST GUST SPEED/DIRECTION    45/310    DATE  02/14

SKY COVER
POSSIBLE SUNSHINE (PERCENT)   MM
AVERAGE SKY COVER           0.60
NUMBER OF DAYS FAIR            4
NUMBER OF DAYS PC             15
NUMBER OF DAYS CLOUDY          9

AVERAGE RH (PERCENT)     62

WEATHER CONDITIONS. NUMBER OF DAYS WITH
THUNDERSTORM              0     MIXED PRECIP               0
HEAVY RAIN                0     RAIN                       0
LIGHT RAIN                1     FREEZING RAIN              0
LT FREEZING RAIN          1     HAIL                       0
HEAVY SNOW                0     SNOW                       6
LIGHT SNOW               22     SLEET                      0
FOG                       5     FOG W/VIS <= 1/4 MILE      2
HAZE                     20

-  INDICATES NEGATIVE NUMBERS.
R  INDICATES RECORD WAS SET OR TIED.
MM INDICATES DATA IS MISSING.
T  INDICATES TRACE AMOUNT.

&&

IT WAS THE 6TH COLDEST FEBRUARY ON RECORD.

$$
