000
CXUS52 KMLB 011926
CLMMLB


CLIMATE REPORT
NATIONAL WEATHER SERVICE MELBOURNE FL
216 PM EDT SUN OCT 1 2017

...................................

...THE MELBOURNE CLIMATE SUMMARY FOR THE MONTH OF SEPTEMBER 2017...

CLIMATE NORMAL PERIOD 1981 TO 2010
CLIMATE RECORD PERIOD 1939 TO 2017

WEATHER         OBSERVED          NORMAL  DEPART  LAST YEAR`S
                 VALUE   DATE(S)  VALUE   FROM    VALUE  DATE(S)
                                          NORMAL
................................................................
TEMPERATURE (F)
MONTHLY RECORD
 HOTTEST         82.4   2017
 COLDEST         77.8   1967
DAILY RECORD
 HIGH              98   09/01/1972
 LOW               57   09/21/1938
SEPTEMBER 2017
HIGHEST            93   09/06                         92
                        09/01
LOWEST             71   09/10                         71
                                                          09/27
AVG. MAXIMUM     89.2              88.4     0.8     88.5
AVG. MINIMUM     75.6              72.7     2.9     75.0
MEAN             82.4              80.6     1.8     81.8
DAYS MAX >= 90     14               8.2     5.8        8
DAYS MAX <= 32      0               0.0     0.0        0
DAYS MIN <= 32      0               0.0     0.0        0
DAYS MIN <= 0       0               0.0     0.0        0

PRECIPITATION (INCHES)
MONTHLY RECORD
 MAXIMUM        19.68   1948
 MINIMUM         1.65   2002
DAILY RECORD
 MAXIMUM        10.23   09/10/2017
SEPTEMBER 2017
TOTALS          20.94R             7.64   13.30    14.17
DAYS >= .01        18              13.7     4.3       19
DAYS >= .10        11               9.3     1.7       12
DAYS >= .50         5               4.6     0.4        7
DAYS >= 1.00        5               2.5     2.5        5
GREATEST
 24 HR. TOTAL   10.23   09/10 TO 09/10

SNOWFALL (INCHES)
TOTALS            0.0               0.0     0.0      0.0
SINCE 7/1         0.0               0.0     0.0      0.0
DAYS >= TRACE       0                                  0

DEGREE_DAYS
HEATING TOTAL       0                 0       0        0
 SINCE 7/1          0                 0       0        0
COOLING TOTAL     529               466      63      511
 SINCE 1/1       3417              2692     725     3159
.................................................................

WIND (MPH)
AVERAGE WIND SPEED              8.2
HIGHEST WIND SPEED/DIRECTION    28/070    DATE  09/09
HIGHEST GUST SPEED/DIRECTION    41/070    DATE  09/09

SKY COVER
POSSIBLE SUNSHINE (PERCENT)   MM
AVERAGE SKY COVER           0.30
NUMBER OF DAYS FAIR           17
NUMBER OF DAYS PC              9
NUMBER OF DAYS CLOUDY          2

AVERAGE RH (PERCENT)     77

WEATHER CONDITIONS. NUMBER OF DAYS WITH
THUNDERSTORM             16     MIXED PRECIP               0
HEAVY RAIN                7     RAIN                      13
LIGHT RAIN               21     LT FREEZING RAIN           0
HAIL                      0     LIGHT SNOW                 0
SLEET                     0     FOG                       11
FOG W/VIS <= 1/4 MILE     1     HAZE                       1

-  INDICATES NEGATIVE NUMBERS.
R  INDICATES RECORD WAS SET OR TIED.
MM INDICATES DATA IS MISSING.
T  INDICATES TRACE AMOUNT.

$$
