930
CXUS53 KDVN 011640
CLMMLI


CLIMATE REPORT
NATIONAL WEATHER SERVICE QUAD CITIES IA IL
1040 AM CST THU DEC 1 2016

...................................

...THE MOLINE CLIMATE SUMMARY FOR THE MONTH OF NOVEMBER 2016...

CLIMATE NORMAL PERIOD 1981 TO 2010
CLIMATE RECORD PERIOD 1872 TO 2016

WEATHER         OBSERVED          NORMAL  DEPART
                 VALUE   DATE(S)  VALUE   FROM
                                          NORMAL
................................................
TEMPERATURE (F)
RECORD
 HIGH              80   11/01/2000
 LOW              -10   11/29/1891
HIGHEST            78   11/01        57      21
LOWEST             18   11/21        24      -6
AVG. MAXIMUM     57.7              49.2     8.5
AVG. MINIMUM     36.8              30.9     5.9
MEAN             47.2              40.0     7.2
DAYS MAX >= 90      0               0.0     0.0
DAYS MAX <= 32      0               2.3    -2.3
DAYS MIN <= 32     10              16.6    -6.6
DAYS MIN <= 0       0               0.0     0.0

PRECIPITATION (INCHES)
RECORD
 MAXIMUM         6.77   1992
 MINIMUM         0.18   1904
TOTALS           1.53              2.56   -1.03
DAILY AVG.       0.05              0.09   -0.04
DAYS >= .01         5               9.8    -4.8
DAYS >= .10         3
DAYS >= .50         2
DAYS >= 1.00        0               0.4    -0.4
GREATEST
 24 HR. TOTAL    0.79   11/02 TO 11/02

SNOWFALL (INCHES)
RECORDS
 TOTAL           15.6   1974
TOTALS            0.0               1.2    -1.2
SINCE 7/1         0.0               1.2    -1.2
SNOWDEPTH AVG.      0
DAYS >= TRACE       0               1.7    -1.7
DAYS >= 1.0         0               0.4    -0.4
GREATEST
 SNOW DEPTH         0   MM
 24 HR TOTAL      0.0   11/30 TO 11/30

DEGREE_DAYS
HEATING TOTAL     531               749    -218
 SINCE 7/1        781              1231    -450
COOLING TOTAL       3                 1       2
 SINCE 1/1       1314              1004     310
.................................................

WIND (MPH)
AVERAGE WIND SPEED              8.0
HIGHEST WIND SPEED/DIRECTION    40/270    DATE  11/18
HIGHEST GUST SPEED/DIRECTION    50/270    DATE  11/18

SKY COVER
POSSIBLE SUNSHINE (PERCENT)   MM
AVERAGE SKY COVER           0.30
NUMBER OF DAYS FAIR           18
NUMBER OF DAYS PC              7
NUMBER OF DAYS CLOUDY          5

AVERAGE RH (PERCENT)     67

WEATHER CONDITIONS. NUMBER OF DAYS WITH
THUNDERSTORM              1     HAIL                       0
SLEET                     0     FOG                       13
FOG W/VIS <= 1/4 MILE     1     HAZE                       9

-  INDICATES NEGATIVE NUMBERS.
R  INDICATES RECORD WAS SET OR TIED.
MM INDICATES DATA IS MISSING.
T  INDICATES TRACE AMOUNT.

$$
