000
CXUS53 KDVN 011722
CLMMLI


CLIMATE REPORT
NATIONAL WEATHER SERVICE QUAD CITIES IA IL
1122 AM CST MON FEB 1 2016

...................................

...THE MOLINE CLIMATE SUMMARY FOR THE MONTH OF JANUARY 2016...

CLIMATE NORMAL PERIOD 1981 TO 2010
CLIMATE RECORD PERIOD 1872 TO 2016

WEATHER         OBSERVED          NORMAL  DEPART
                 VALUE   DATE(S)  VALUE   FROM
                                          NORMAL
................................................
TEMPERATURE (F)
RECORD
 HIGH              69   01/31/1989
 LOW              -27   01/16/2009
                        01/02/1979
                        01/05/1884
HIGHEST            50   01/14        32      18
LOWEST             -4   01/18        14     -18
AVG. MAXIMUM     32.2              31.0     1.2
AVG. MINIMUM     16.2              14.3     1.9
MEAN             24.2              22.6     1.6
DAYS MAX >= 90      0               0.0     0.0
DAYS MAX <= 32     13              15.9    -2.9
DAYS MIN <= 32     29              29.0     0.0
DAYS MIN <= 0       2               5.2    -3.2

PRECIPITATION (INCHES)
RECORD
 MAXIMUM         4.63   1916
 MINIMUM         0.07   1919
TOTALS           0.44              1.49   -1.05
DAILY AVG.       0.01              0.05   -0.04
DAYS >= .01         7               8.8    -1.8
DAYS >= .10         2
DAYS >= .50         0
DAYS >= 1.00        0               0.2    -0.2
GREATEST
 24 HR. TOTAL    0.18   01/07 TO 01/08

SNOWFALL (INCHES)
RECORDS
 TOTAL           26.7   1979
TOTALS            1.5               9.4    -7.9
SINCE 7/1        14.9              19.9    -5.0
SNOWDEPTH AVG.      T
DAYS >= TRACE      10               7.1     2.9
DAYS >= 1.0         0               2.8    -2.8
GREATEST
 SNOW DEPTH         2   01/05
                        01/04
                        01/03
 24 HR TOTAL      1.1   01/19 TO 01/20

DEGREE_DAYS
HEATING TOTAL    1258              1313     -55
 SINCE 7/1       3031              3734    -703
COOLING TOTAL       0                 0       0
 SINCE 1/1          0                 0       0
.................................................

WIND (MPH)
AVERAGE WIND SPEED              9.4
HIGHEST WIND SPEED/DIRECTION    35/310    DATE  01/12
HIGHEST GUST SPEED/DIRECTION    42/300    DATE  01/12

SKY COVER
POSSIBLE SUNSHINE (PERCENT)   MM
AVERAGE SKY COVER           0.40
NUMBER OF DAYS FAIR           14
NUMBER OF DAYS PC             11
NUMBER OF DAYS CLOUDY          6

AVERAGE RH (PERCENT)     72

WEATHER CONDITIONS. NUMBER OF DAYS WITH
THUNDERSTORM              0     HAIL                       0
SLEET                     0     FOG                       11
FOG W/VIS <= 1/4 MILE     1     HAZE                      14

-  INDICATES NEGATIVE NUMBERS.
R  INDICATES RECORD WAS SET OR TIED.
MM INDICATES DATA IS MISSING.
T  INDICATES TRACE AMOUNT.

$$

NOTE: SUPPLEMENTAL CLIMATE DATA WAS USED FROM A NEARBY
CLIMATOLOGICALLY REPRESENTATIVE STATION.
