237
CXUS51 KCAR 042152
CLMMLT


CLIMATE REPORT
NATIONAL WEATHER SERVICE CARIBOU, ME
551 PM EDT FRI NOV 4 2016

...................................

...THE MILLINOCKET ME CLIMATE SUMMARY FOR THE MONTH OF OCTOBER 2016...

CLIMATE NORMAL PERIOD 1981 TO 2010
CLIMATE RECORD PERIOD 1903 TO 2016

WEATHER         OBSERVED          NORMAL  DEPART  LAST YEAR`S
                 VALUE   DATE(S)  VALUE   FROM    VALUE  DATE(S)
                                          NORMAL
................................................................
TEMPERATURE (F)
RECORD
 HIGH              87   10/13/1930
 LOW               11   10/31/1925
HIGHEST            76   10/07        MM      MM       72  10/12
LOWEST             26   10/15        MM      MM       24  10/28
                                                          10/27
                                                          10/24
AVG. MAXIMUM     56.8              54.8     2.0     54.4
AVG. MINIMUM     38.3              36.1     2.2     34.9
MEAN             47.5              45.4     2.1     44.6
DAYS MAX >= 90      0               0.0     0.0        0
DAYS MAX <= 32      0               0.0     0.0        0
DAYS MIN <= 32      3               9.8    -6.8       13
DAYS MIN <= 0       0               0.0     0.0        0

PRECIPITATION (INCHES)
RECORD
 MAXIMUM           MM   MM
 MINIMUM           MM   MM
TOTALS           2.77                     -1.30
DAILY AVG.       0.09              0.13   -0.04     0.10
DAYS >= .01        12                MM      MM        8
DAYS >= .10         7                MM      MM        7
DAYS >= .50         1                MM      MM        2
DAYS >= 1.00        1                MM      MM        1

SNOWFALL (INCHES)
RECORDS
 TOTAL             MM   MM
TOTALS             MM                MM      MM       MM
SINCE 7/1          MM                MM      MM       MM
SNOWDEPTH AVG.     MM                MM      MM       MM
DAYS >= 1.0         0                MM      MM        0
GREATEST
 SNOW DEPTH        MM                                 MM  MM
 24 HR TOTAL       MM                                 MM

DEGREE_DAYS
HEATING TOTAL     534               606     -72      625
 SINCE 7/1        749               934    -185      755
COOLING TOTAL       0                 0       0        0
 SINCE 1/1        350               268      82      400
.................................................................

WIND (MPH)
AVERAGE WIND SPEED              5.0
HIGHEST WIND SPEED/DIRECTION    25/290    DATE  10/24
HIGHEST GUST SPEED/DIRECTION    39/340    DATE  10/10

SKY COVER
POSSIBLE SUNSHINE (PERCENT)   MM
AVERAGE SKY COVER           0.60
NUMBER OF DAYS FAIR           12
NUMBER OF DAYS PC              5
NUMBER OF DAYS CLOUDY         14

AVERAGE RH (PERCENT)     74

WEATHER CONDITIONS. NUMBER OF DAYS WITH
THUNDERSTORM              0     MIXED PRECIP               0
HEAVY RAIN                2     RAIN                       5
LIGHT RAIN               17     FREEZING RAIN              0
LT FREEZING RAIN          0     HAIL                       0
HEAVY SNOW                0     SNOW                       0
LIGHT SNOW                1     SLEET                      0
FOG                      16     FOG W/VIS <= 1/4 MILE      5
HAZE                      1

-  INDICATES NEGATIVE NUMBERS.
R  INDICATES RECORD WAS SET OR TIED.
MM INDICATES DATA IS MISSING.
T  INDICATES TRACE AMOUNT.

$$
