000
CXUS54 KMOB 010713
CLMMOB


CLIMATE REPORT
NATIONAL WEATHER SERVICE MOBILE AL
206 AM CDT THU SEP 1 2016

...................................

...THE MOBILE CLIMATE SUMMARY FOR THE MONTH OF AUGUST 2016...

CLIMATE NORMAL PERIOD 1981 TO 2010
CLIMATE RECORD PERIOD 1842 TO 2016

WEATHER         OBSERVED          NORMAL  DEPART  LAST YEAR`S
                 VALUE   DATE(S)  VALUE   FROM    VALUE  DATE(S)
                                          NORMAL
................................................................
TEMPERATURE (F)
RECORD
 HIGH             105   08/29/2000
 LOW               57   08/25/1891
HIGHEST            95   08/23                         96  08/12
                                                          08/09
                                                          08/03
LOWEST             71   08/05                         62  08/27
AVG. MAXIMUM     90.5              90.7    -0.2     91.3
AVG. MINIMUM     74.4              72.6     1.8     72.1
MEAN             82.5              81.6     0.9     81.7
DAYS MAX >= 90     25              19.5     5.5       24
DAYS MAX <= 32      0               0.0     0.0        0
DAYS MIN <= 32      0               0.0     0.0        0
DAYS MIN <= 0       0               0.0     0.0        0

PRECIPITATION (INCHES)

TOTALS           4.59              6.96   -2.37     3.21
DAILY AVG.       0.15              0.22   -0.07     0.10
DAYS >= .01        15              13.4     1.6       11
DAYS >= .10        12               9.1     2.9        5
DAYS >= .50         5               4.3     0.7        2
DAYS >= 1.00        0               2.3    -2.3        1
GREATEST
 24 HR. TOTAL    1.20   08/12 TO 08/13

DEGREE_DAYS
COOLING TOTAL     548               516      32      524
 SINCE 1/1       2050              1927     123     2180
.................................................................

WIND (MPH)
AVERAGE WIND SPEED              5.3
HIGHEST WIND SPEED/DIRECTION    30/210    DATE  08/18
HIGHEST GUST SPEED/DIRECTION    34/220    DATE  08/18

SKY COVER
POSSIBLE SUNSHINE (PERCENT)   MM
AVERAGE SKY COVER           0.40
NUMBER OF DAYS FAIR           10
NUMBER OF DAYS PC             18
NUMBER OF DAYS CLOUDY          3

AVERAGE RH (PERCENT)     79

WEATHER CONDITIONS. NUMBER OF DAYS WITH
THUNDERSTORM             20     MIXED PRECIP               0
HEAVY RAIN               10     RAIN                      11
LIGHT RAIN               16     FREEZING RAIN              0
LT FREEZING RAIN          0     HAIL                       0
HEAVY SNOW                0     SNOW                       0
LIGHT SNOW                0     SLEET                      0
FOG                      20     FOG W/VIS <= 1/4 MILE      1
HAZE                     10

-  INDICATES NEGATIVE NUMBERS.
R  INDICATES RECORD WAS SET OR TIED.
MM INDICATES DATA IS MISSING.
T  INDICATES TRACE AMOUNT.

$$
