000
CXUS54 KMOB 012344
CLMMOB


CLIMATE REPORT
NATIONAL WEATHER SERVICE MOBILE AL
633 PM CDT WED NOV 1 2017

...................................

...THE MOBILE CLIMATE SUMMARY FOR THE MONTH OF OCTOBER 2017...

CLIMATE NORMAL PERIOD 1981 TO 2010
CLIMATE RECORD PERIOD 1842 TO 2017

WEATHER         OBSERVED          NORMAL  DEPART  LAST YEAR`S
                 VALUE   DATE(S)  VALUE   FROM    VALUE  DATE(S)
                                          NORMAL
................................................................
TEMPERATURE (F)
RECORD
 HIGH              95   10/02/1904
 LOW               30   10/31/1993
HIGHEST            92   10/11        79       1       89  10/20
                                                          10/08
                                                          10/07
LOWEST             38   10/29        58       3       43  10/23
AVG. MAXIMUM     80.5              79.2     1.3     84.9
AVG. MINIMUM     60.5              57.6     2.9     58.7
MEAN             70.5              68.4     2.1     71.8
DAYS MAX >= 90      4               0.5     3.5        0
DAYS MAX <= 32      0               0.0     0.0        0
DAYS MIN <= 32      0               0.0     0.0        0
DAYS MIN <= 0       0               0.0     0.0        0

PRECIPITATION (INCHES)
RECORD
 MAXIMUM           MM   MM
 MINIMUM           MM   MM
TOTALS          13.44              3.69    9.75     0.00
DAILY AVG.       0.43              0.12    0.31     0.00
DAYS >= .01        13               6.9     6.1        0
DAYS >= .10         9               4.4     4.6        0
DAYS >= .50         6               2.2     3.8        0
DAYS >= 1.00        5               1.3     3.7        0
GREATEST
 24 HR. TOTAL    4.07   10/22 TO 10/22

DEGREE_DAYS
HEATING TOTAL      58                53       5       11
 SINCE 7/1         58                55       3       11
COOLING TOTAL     234               158      76      232
 SINCE 1/1       2719              2462     257     2748
.................................................................

WIND (MPH)
AVERAGE WIND SPEED              7.4
HIGHEST WIND SPEED/DIRECTION    46/160    DATE  10/08
HIGHEST GUST SPEED/DIRECTION    66/140    DATE  10/08

SKY COVER
POSSIBLE SUNSHINE (PERCENT)   MM
AVERAGE SKY COVER           0.40
NUMBER OF DAYS FAIR           13
NUMBER OF DAYS PC             14
NUMBER OF DAYS CLOUDY          4

AVERAGE RH (PERCENT)     73

WEATHER CONDITIONS. NUMBER OF DAYS WITH
THUNDERSTORM              6     MIXED PRECIP               0
HEAVY RAIN                9     RAIN                       7
LIGHT RAIN               14     FREEZING RAIN              0
LT FREEZING RAIN          0     HAIL                       0
HEAVY SNOW                0     SNOW                       0
LIGHT SNOW                0     SLEET                      0
FOG                      16     FOG W/VIS <= 1/4 MILE      3
HAZE                      4

-  INDICATES NEGATIVE NUMBERS.
R  INDICATES RECORD WAS SET OR TIED.
MM INDICATES DATA IS MISSING.
T  INDICATES TRACE AMOUNT.

$$
