000
CXUS53 KMQT 032300
CLMMQT

CLIMATE REPORT
NATIONAL WEATHER SERVICE MARQUETTE MI
658 PM EDT SUN SEP 3 2017

...................................

...THE MARQUETTE MI CLIMATE SUMMARY FOR THE MONTH OF AUGUST 2017...

CLIMATE NORMAL PERIOD 1981 TO 2010
CLIMATE RECORD PERIOD 1961 TO 2017

WEATHER         OBSERVED          NORMAL  DEPART  LAST YEAR`S
                 VALUE   DATE(S)  VALUE   FROM    VALUE  DATE(S)
                                          NORMAL
................................................................
TEMPERATURE (F)
RECORD
 HIGH              96   08/06/2001
 LOW               31   08/30/1976
HIGHEST            86   08/01        73      13       85  08/18
                                                          08/09
                                                          08/04
LOWEST             33   08/25        52     -19       45  08/22
AVG. MAXIMUM     69.0              74.3    -5.3     75.4
AVG. MINIMUM     49.6              53.1    -3.5     56.5
MEAN             59.3              63.7    -4.4     65.9
DAYS MAX >= 90      0               0.5    -0.5        0
DAYS MAX <= 32      0               0.0     0.0        0
DAYS MIN <= 32      0               0.0     0.0        0
DAYS MIN <= 0       0               0.0     0.0        0

PRECIPITATION (INCHES)
RECORD
 MAXIMUM         8.59   1988
 MINIMUM         0.44   2008
TOTALS           4.54              3.05    1.49     4.53
DAILY AVG.       0.15              0.10    0.05     0.15
DAYS >= .01        15              10.7     4.3       14
DAYS >= .10        10               6.1     3.9        8
DAYS >= .50         4               1.9     2.1        3
DAYS >= 1.00        1               0.7     0.3        1
GREATEST
 24 HR. TOTAL    1.00   08/04 TO 08/04

SNOWFALL (INCHES)
RECORDS
 TOTAL              T   2009
TOTALS            0.0               0.0     0.0      0.0
SINCE 7/1           T               0.0     0.0        T
SNOWDEPTH AVG.      0                MM      MM        0
DAYS >= 1.0         0               0.0     0.0        0
GREATEST
 SNOW DEPTH         0   MM                             0  MM
 24 HR TOTAL      0.0   08/31 TO 08/31

DEGREE_DAYS
HEATING TOTAL     186               106      80       45
 SINCE 7/1        265               185      80      100
COOLING TOTAL      16                66     -50       82
 SINCE 1/1         93               220    -127      236
.................................................................

WIND (MPH)
AVERAGE WIND SPEED              15.0
HIGHEST WIND SPEED/DIRECTION    MM        DATE   MM
HIGHEST GUST SPEED/DIRECTION   180/MM     DATE  08/28

SKY COVER
POSSIBLE SUNSHINE (PERCENT)   MM
AVERAGE SKY COVER             MM
NUMBER OF DAYS FAIR            0
NUMBER OF DAYS PC              0
NUMBER OF DAYS CLOUDY          0

AVERAGE RH (PERCENT)     MM

WEATHER CONDITIONS. NUMBER OF DAYS WITH
THUNDERSTORM              0     MIXED PRECIP               0
HEAVY RAIN                3     RAIN                       6
LIGHT RAIN               21     FREEZING RAIN              0
LT FREEZING RAIN          0     HAIL                       0
HEAVY SNOW                0     SNOW                       0
LIGHT SNOW                0     SLEET                      0
FOG                       9     FOG W/VIS <= 1/4 MILE      4
HAZE                      0

-  INDICATES NEGATIVE NUMBERS.
R  INDICATES RECORD WAS SET OR TIED.
MM INDICATES DATA IS MISSING.
T  INDICATES TRACE AMOUNT.

$$
