803
CXUS53 KMKX 082010 CCA
CLMMSN

CLIMATE REPORT
NATIONAL WEATHER SERVICE IN MILWAUKEE
311 PM CDT SAT JUL 8 2017

...................................

...THE MADISON WI CLIMATE SUMMARY FOR THE MONTH OF JUNE 2017...
CORRECTED

CLIMATE NORMAL PERIOD 1981 TO 2010
CLIMATE RECORD PERIOD 1871 TO 2017

WEATHER         OBSERVED          NORMAL  DEPART  LAST YEAR`S
                 VALUE   DATE(S)  VALUE   FROM    VALUE  DATE(S)
                                          NORMAL
................................................................
TEMPERATURE (F)
RECORD
 HIGH             101   06/20/1988
 LOW               31   06/10/1972
HIGHEST            91   06/12        90       1       90  06/25
                        06/11                             06/10
LOWEST             44   06/01        43       1       45  06/08
AVG. MAXIMUM     79.4              77.9     1.5     80.2
AVG. MINIMUM     58.5              56.1     2.4     58.2
MEAN             68.9              67.0     1.9     69.2
DAYS MAX >= 90      2               1.3     0.7        2
DAYS MAX <= 32      0               0.0     0.0        0
DAYS MIN <= 32      0               0.0     0.0        0
DAYS MIN <= 0       0               0.0     0.0        0

PRECIPITATION (INCHES)
RECORD
 MAXIMUM        10.93   2008
 MINIMUM         0.31   2012
TOTALS           6.73              4.54    2.19     5.35
DAILY AVG.       0.22              0.15    0.07     0.18
DAYS >= .01        15              11.1     3.9       11
DAYS >= .10        11               7.3     3.7        8
DAYS >= .50         5               2.7     2.3        3
DAYS >= 1.00        2               1.2     0.8        2
GREATEST
 24 HR. TOTAL    1.57   06/13 TO 06/13              1.63

DEGREE_DAYS
HEATING TOTAL      30                60     -30       14
 SINCE 7/1       6218              7333   -1115     6198
COOLING TOTAL     157               120      37      149
 SINCE 1/1        172               150      22      201
.................................................................

WIND (MPH)
AVERAGE WIND SPEED              6.6
HIGHEST WIND SPEED/DIRECTION    28/170    DATE  06/14
HIGHEST GUST SPEED/DIRECTION    38/290    DATE  06/24

SKY COVER
POSSIBLE SUNSHINE (PERCENT)   MM
AVERAGE SKY COVER           0.50
NUMBER OF DAYS FAIR            6
NUMBER OF DAYS PC             23
NUMBER OF DAYS CLOUDY          1

AVERAGE RH (PERCENT)     67

WEATHER CONDITIONS. NUMBER OF DAYS WITH
THUNDERSTORM             11     MIXED PRECIP               0
HEAVY RAIN                8     RAIN                       9
LIGHT RAIN               13     FREEZING RAIN              0
LT FREEZING RAIN          0     HAIL                       0
HEAVY SNOW                0     SNOW                       0
LIGHT SNOW                0     SLEET                      0
FOG                      15     FOG W/VIS <= 1/4 MILE      0
HAZE                      2

-  INDICATES NEGATIVE NUMBERS.
R  INDICATES RECORD WAS SET OR TIED.
MM INDICATES DATA IS MISSING.
T  INDICATES TRACE AMOUNT.

$$
