000
CXUS53 KMKX 012010 CCA
CLMMSN

CLIMATE REPORT
NATIONAL WEATHER SERVICE IN MILWAUKEE
256 PM CDT TUE JUL 1 2014

...................................

...THE MADISON WI CLIMATE SUMMARY FOR THE MONTH OF JUNE 2014...

CLIMATE NORMAL PERIOD 1981 TO 2010
CLIMATE RECORD PERIOD 1871 TO 2014

WEATHER         OBSERVED          NORMAL  DEPART  LAST YEAR`S
                 VALUE   DATE(S)  VALUE   FROM    VALUE  DATE(S)
                                          NORMAL
................................................................
TEMPERATURE (F)
RECORD
 HIGH             101   06/20/1988
 LOW               31   06/10/1972
HIGHEST            88   06/27        90      -2       88  06/27
                        06/01
LOWEST             47   06/09        43       4       41  06/03
AVG. MAXIMUM     80.3              77.9     2.4     77.5
AVG. MINIMUM     60.6              56.1     4.5     57.8
MEAN             70.4              67.0     3.4     67.7
DAYS MAX >= 90      0               1.3    -1.3        0
DAYS MAX <= 32      0               0.0     0.0        0
DAYS MIN <= 32      0               0.0     0.0        0
DAYS MIN <= 0       0               0.0     0.0        0

PRECIPITATION (INCHES)
RECORD
 MAXIMUM        10.93   2008
 MINIMUM         0.31   2012
TOTALS           9.55              4.54    5.01    10.86
DAILY AVG.       0.32              0.15    0.17     0.36
DAYS >= .01        15              11.1     3.9       13
DAYS >= .10        10               7.3     2.7       12
DAYS >= .50         8               2.7     5.3        6
DAYS >= 1.00        4               1.2     2.8        3
GREATEST
 24 HR. TOTAL    2.68   06/01 TO 06/02              3.28 06/25-06/26

DEGREE_DAYS
HEATING TOTAL       9                60     -51       52
 SINCE 7/1       8057              7333     724     7237
COOLING TOTAL     182               120      62      137
 SINCE 1/1        233               150      83      190
.................................................................

WIND (MPH)
AVERAGE WIND SPEED              7.5
HIGHEST WIND SPEED/DIRECTION    32/160    DATE  06/15
HIGHEST GUST SPEED/DIRECTION    44/330    DATE  06/18

SKY COVER
POSSIBLE SUNSHINE (PERCENT)   MM
AVERAGE SKY COVER           0.60
NUMBER OF DAYS FAIR            2
NUMBER OF DAYS PC             21
NUMBER OF DAYS CLOUDY          7

AVERAGE RH (PERCENT)     69

WEATHER CONDITIONS. NUMBER OF DAYS WITH
THUNDERSTORM             10     MIXED PRECIP               0
HEAVY RAIN                5     RAIN                       8
LIGHT RAIN               16     FREEZING RAIN              0
LT FREEZING RAIN          0     HAIL                       0
HEAVY SNOW                0     SNOW                       0
LIGHT SNOW                0     SLEET                      0
FOG                      21     FOG W/VIS <= 1/4 MILE      3
HAZE                      6

-  INDICATES NEGATIVE NUMBERS.
R  INDICATES RECORD WAS SET OR TIED.
MM INDICATES DATA IS MISSING.
T  INDICATES TRACE AMOUNT.

&&

THIS WAS THE 5TH WETTEST JUNE ON RECORD.

$$
