000
CXUS55 KGJT 020826
CLMMTJ
CLIMATE REPORT
NATIONAL WEATHER SERVICE GRAND JUNCTION CO
126 AM MST SAT MAR 02 2024
...................................
...THE MONTROSE CO CLIMATE SUMMARY FOR THE MONTH OF FEBRUARY 2024...
CLIMATE NORMAL PERIOD 1991 TO 2020
CLIMATE RECORD PERIOD 9999 TO 9999
WEATHER OBSERVED NORMAL DEPART LAST YEAR`S
VALUE DATE(S) VALUE FROM VALUE DATE(S)
NORMAL
................................................................
TEMPERATURE (F)
HIGHEST 62 02/25 MM MM 57 02/05
LOWEST 12 02/28 MM MM -6 02/16
AVG. MAXIMUM 49.0 45.3 3.7 39.6
AVG. MINIMUM 24.8 22.2 2.6 15.3
MEAN 36.9 33.7 3.2 27.5
DAYS MAX >= 90 0 0.0 0.0 0
DAYS MAX <= 32 0 2.7 -2.7 5
DAYS MIN <= 32 24 26.0 -2.0 28
DAYS MIN <= 0 0 0.5 -0.5 2
PRECIPITATION (INCHES)
TOTALS 0.17 0.42 -0.25 0.64
DAILY AVG. 0.01 0.02 -0.01 0.02
DAYS >= .01 4 6.0 -2.0 6
DAYS >= .10 0 1.3 -1.3 2
DAYS >= .50 0 0.0 0.0 0
DAYS >= 1.00 0 0.0 0.0 0
GREATEST
24 HR. TOTAL 0.07 02/02 TO 02/02 0.47
SNOWFALL (INCHES)
TOTALS MM MM MM MM
SINCE 7/1 MM MM MM MM
SNOWDEPTH AVG. MM MM
DAYS >= 1.0 MM MM MM MM
GREATEST
SNOW DEPTH MM MM MM
24 HR TOTAL MM MM
DEGREE DAYS
HEATING TOTAL 807 875 -68 1043
SINCE 7/1 4103 4628 -525 4604
COOLING TOTAL 0 0 0 0
SINCE 1/1 0 0 0 0
................................................................
WIND (MPH)
AVERAGE WIND SPEED 7.0
HIGHEST WIND SPEED/DIRECTION 35/220 DATE 02/26
HIGHEST GUST SPEED/DIRECTION 49/230 DATE 02/26
SKY COVER
POSSIBLE SUNSHINE (PERCENT) MM
AVERAGE SKY COVER 0.39
NUMBER OF DAYS FAIR 14
NUMBER OF DAYS PC 10
NUMBER OF DAYS CLOUDY 5
AVERAGE RH (PERCENT) 54
WEATHER CONDITIONS. NUMBER OF DAYS WITH
THUNDERSTORM 0 MIXED PRECIP 0
HEAVY RAIN 0 RAIN 1
LIGHT RAIN 5 FREEZING RAIN 0
LT FREEZING RAIN 0 HAIL 0
HEAVY SNOW 0 SNOW 2
LIGHT SNOW 7 SLEET 0
FOG 5 FOG W/VIS <= 1/4 MILE 0
HAZE 2
- INDICATES NEGATIVE NUMBERS.
R INDICATES RECORD WAS SET OR TIED.
MM INDICATES DATA IS MISSING.
T INDICATES TRACE AMOUNT.
$$