000
CXUS56 KOTX 010949 CCA
CLMMWH

CLIMATE REPORT
NATIONAL WEATHER SERVICE SPOKANE, WA
135 AM PDT FRI JUL 1 2016

...................................

...THE MOSES LAKE WA AIRPORT CLIMATE SUMMARY FOR THE MONTH OF JUNE 2016...

CLIMATE NORMAL PERIOD 1981 TO 2010
CLIMATE RECORD PERIOD 9999 TO 9999

WEATHER         OBSERVED          NORMAL  DEPART  LAST YEAR`S
                 VALUE   DATE(S)  VALUE   FROM    VALUE  DATE(S)
                                          NORMAL
................................................................
TEMPERATURE (F)
RECORD
 HIGH              MM   MM
 LOW               MM   MM
HIGHEST           101   06/06        MM      MM      112  06/28
LOWEST             38   06/15        MM      MM       45  06/13
AVG. MAXIMUM     83.1              80.1     3.0     90.7
AVG. MINIMUM     53.2              51.9     1.3     58.6
MEAN             68.2              66.0     2.2     74.7
DAYS MAX >= 90      9               3.2     5.8       17
DAYS MAX <= 32      0               0.0     0.0        0
DAYS MIN <= 32      0               0.0     0.0        0
DAYS MIN <= 0       0               0.0     0.0        0

PRECIPITATION (INCHES)
RECORD
 MAXIMUM           MM   MM
 MINIMUM           MM   MM
TOTALS           0.70              0.75   -0.05     0.02
DAILY AVG.       0.02              0.03   -0.01     0.00
DAYS >= .01         5                MM      MM        1
DAYS >= .10         3                MM      MM        0
DAYS >= .50         0                MM      MM        0
DAYS >= 1.00        0                MM      MM        0
GREATEST
 24 HR. TOTAL    0.36   06/18 TO 06/18           06/01 TO 06/01

DEGREE_DAYS
HEATING TOTAL      54                55      -1        4
 SINCE 7/1       5003              5882    -879     4796
COOLING TOTAL     156                85      71      303
 SINCE 1/1        175               110      65      374
..................................................

WIND (MPH)
AVERAGE WIND SPEED              8.1
HIGHEST WIND SPEED/DIRECTION    28/260    DATE  06/16
HIGHEST GUST SPEED/DIRECTION    34/220    DATE  06/13

SKY COVER
POSSIBLE SUNSHINE (PERCENT)   MM
AVERAGE SKY COVER           0.10
NUMBER OF DAYS FAIR           27
NUMBER OF DAYS PC              3
NUMBER OF DAYS CLOUDY          0

AVERAGE RH (PERCENT)     45

WEATHER CONDITIONS. NUMBER OF DAYS WITH
THUNDERSTORM              4     MIXED PRECIP               0
HEAVY RAIN                0     RAIN                       2
LIGHT RAIN                7     FREEZING RAIN              0
LT FREEZING RAIN          0     HAIL                       0
HEAVY SNOW                0     SNOW                       0
LIGHT SNOW                0     SLEET                      0
FOG                       2     FOG W/VIS <= 1/4 MILE      0
HAZE                      0

-  INDICATES NEGATIVE NUMBERS.
R  INDICATES RECORD WAS SET OR TIED.
MM INDICATES DATA IS MISSING.
T  INDICATES TRACE AMOUNT.

$$
