000
CXUS55 KPSR 011109
CLMNYL

CLIMATE REPORT
NATIONAL WEATHER SERVICE PHOENIX AZ
409 AM MST SAT AUG 1 2015

...................................

...THE YUMA AZ CLIMATE SUMMARY FOR THE MONTH OF JULY 2015...

CLIMATE NORMAL PERIOD 1981 TO 2010
CLIMATE RECORD PERIOD 1876 TO 2015

WEATHER         OBSERVED          NORMAL  DEPART
                 VALUE   DATE(S)  VALUE   FROM
                                          NORMAL
................................................
TEMPERATURE (F)
RECORD
 HIGH             124   07/28/1995
 LOW               61   07/09/1926
                        07/27/1913
                        07/04/1912
HIGHEST           111   07/31       115      -4
                        07/25
LOWEST             75   07/12        74       1
AVG. MAXIMUM    105.5             106.8    -1.3
AVG. MINIMUM     81.6              82.1    -0.5
MEAN             93.5              94.5    -1.0
DAYS MAX >= 90     31              31.0     0.0
DAYS MAX <= 32      0               0.0     0.0
DAYS MIN <= 32      0               0.0     0.0
DAYS MIN <= 0       0               0.0     0.0

PRECIPITATION (INCHES)
RECORD
 MAXIMUM         2.55   1989
 MINIMUM         0.00   2010
                        2007
                        2006
TOTALS           0.09              0.29   -0.20
DAYS >= .01         3               1.0     2.0
DAYS >= .10         0               0.5    -0.5
DAYS >= .50         0               0.2    -0.2
DAYS >= 1.00        0               0.1    -0.1
GREATEST
 24 HR. TOTAL    0.08   06/30 TO 07/01

DEGREE_DAYS
HEATING TOTAL       0                 0       0
 SINCE 7/1          0                 0       0
COOLING TOTAL     895               913     -18
 SINCE 1/1       2764              2546     218
.................................................

WIND (MPH)
AVERAGE WIND SPEED              7.8
HIGHEST GUST SPEED/DIRECTION    36/290    DATE  07/18

AVERAGE RH (PERCENT)     37

WEATHER CONDITIONS. NUMBER OF DAYS WITH
THUNDERSTORM              4     HEAVY RAIN                 0
RAIN                      3     LIGHT RAIN                 4
FOG W/VIS <= 1/4 MILE     0

-  INDICATES NEGATIVE NUMBERS.
R  INDICATES RECORD WAS SET OR TIED.
MM INDICATES DATA IS MISSING.
T  INDICATES TRACE AMOUNT.

$$
