000
CXUS56 KMTR 141543
CLMOAK


CLIMATE REPORT
NATIONAL WEATHER SERVICE SAN FRANCISCO BAY AREA
743 AM PST SUN DEC 14 2014

...................................

...THE OAKLAND AIRPORT CLIMATE SUMMARY FOR THE MONTH OF NOVEMBER 2014...

CLIMATE NORMAL PERIOD 1981 TO 2010
CLIMATE RECORD PERIOD 1948 TO 2014

WEATHER         OBSERVED          NORMAL  DEPART  LAST YEAR`S
                 VALUE   DATE(S)  VALUE   FROM    VALUE  DATE(S)
                                          NORMAL
................................................................
TEMPERATURE (F)
RECORD
 HIGH              85   MM
 LOW               32   11/29/2010
                        11/25/2010
                        11/22/1931
HIGHEST            73   11/25                         72  11/13
                                                          11/01
LOWEST             40   11/24                         38  11/25
                                                          11/24
AVG. MAXIMUM     65.5              63.1     2.4     64.9
AVG. MINIMUM     48.1              45.4     2.7     45.7
MEAN             56.8                               55.3
DAYS MAX >= 90      0                                  0
DAYS MAX <= 32      0                                  0
DAYS MIN <= 32      0                                  0
DAYS MIN <= 0       0                                  0

PRECIPITATION (INCHES)
RECORD
 MAXIMUM         7.42   1973
 MINIMUM         0.00   1959
TOTALS           1.79              2.45   -0.66     1.17
DAILY AVG.       0.06              0.08   -0.02     0.04
DAYS >= .01         8                                  3
DAYS >= .10         6                                  2
DAYS >= .50         1                                  1
DAYS >= 1.00        0                                  0
GREATEST
 24 HR. TOTAL    0.66   11/20 TO 11/20           11/19 TO 11/20
                                                          11/29 TO 11/29
                                                          11/29 TO 11/29

DEGREE_DAYS
HEATING TOTAL     244               323     -79      283
 SINCE 7/1        337               675    -338      555
COOLING TOTAL       0                 1      -1        0
 SINCE 1/1        305               138     167      212
..........................................................

WIND (MPH)
AVERAGE WIND SPEED              4.7
RESULTANT WIND SPEED/DIRECTION   1/260
HIGHEST WIND SPEED/DIRECTION    22/170    DATE  11/19
HIGHEST GUST SPEED/DIRECTION    37/280    DATE  11/26

SKY COVER
POSSIBLE SUNSHINE (PERCENT)   MM
AVERAGE SKY COVER           0.50
NUMBER OF DAYS FAIR            9
NUMBER OF DAYS PC             13
NUMBER OF DAYS CLOUDY          8

AVERAGE RH (PERCENT)     73

WEATHER CONDITIONS. NUMBER OF DAYS WITH
THUNDERSTORM              0     MIXED PRECIP               0
HEAVY RAIN                1     RAIN                       5
LIGHT RAIN                7     FREEZING RAIN              0
LT FREEZING RAIN          0     HAIL                       0
HEAVY SNOW                0     SNOW                       0
LIGHT SNOW                0     SLEET                      0
FOG                      18     FOG W/VIS <= 1/4 MILE      5
HAZE                      9

-  INDICATES NEGATIVE NUMBERS.
R  INDICATES RECORD WAS SET OR TIED.
MM INDICATES DATA IS MISSING.
T  INDICATES TRACE AMOUNT.

$$
