000
CXHW52 PHFO 070501
CLMOGG


CLIMATE REPORT
NATIONAL WEATHER SERVICE HONOLULU HI
701 PM HST SAT AUG 6 2016

...................................

...THE KAHULUI HI CLIMATE SUMMARY FOR THE MONTH OF JULY 2016...

CLIMATE NORMAL PERIOD 1981 TO 2010
CLIMATE RECORD PERIOD 1946 TO 2016

WEATHER         OBSERVED          NORMAL  DEPART  LAST YEAR`S
                 VALUE   DATE(S)  VALUE   FROM    VALUE  DATE(S)
                                          NORMAL
................................................................
TEMPERATURE (F)
RECORD
 HIGH              97   07/23/1951
 LOW               58   07/30/1965
HIGHEST            93   07/26        87       6       MM  MM
                        07/25
                        07/19
LOWEST             65   07/11        71      -6       MM  MM
AVG. MAXIMUM     88.3              87.2     1.1       MM
AVG. MINIMUM     72.5              71.1     1.4       MM
MEAN             80.4              79.1     1.3       MM
DAYS MAX >= 90      7               2.5     4.5       MM
DAYS MAX <= 32      0               0.0     0.0       MM
DAYS MIN <= 32      0               0.0     0.0       MM
DAYS MIN <= 0       0               0.0     0.0       MM

PRECIPITATION (INCHES)
RECORD
 MAXIMUM         1.65   1989
 MINIMUM         0.01   2005
                        1999
TOTALS           1.16              0.50    0.66       MM
DAILY AVG.       0.04              0.02    0.02       MM
DAYS >= .01        18               7.3    10.7       MM
DAYS >= .10         2               1.5     0.5       MM
DAYS >= .50         1               0.1     0.9       MM
DAYS >= 1.00        0               0.0     0.0       MM
GREATEST
 24 HR. TOTAL    0.53   07/23 TO 07/24                MM

SNOWFALL (INCHES)
RECORDS
 TOTAL             MM   5
TOTALS            0.0               0.0     0.0       MM
SINCE 7/1         0.0               0.0     0.0       MM
SNOWDEPTH AVG.      0                MM      MM       MM
DAYS >= 1.0         0               0.0     0.0       MM
GREATEST
 SNOW DEPTH         0   MM                            MM  MM
 24 HR TOTAL      0.0   07/31 TO 07/31                MM

DEGREE_DAYS
HEATING TOTAL       0                 0       0       MM
 SINCE 7/1          0                 0       0       MM
COOLING TOTAL     487               439      48       MM
 SINCE 1/1       2402              2086     316       MM
.................................................................

WIND (MPH)
AVERAGE WIND SPEED              13.8
HIGHEST WIND SPEED/DIRECTION    32/050    DATE  07/28
HIGHEST GUST SPEED/DIRECTION    40/040    DATE  07/28

SKY COVER
POSSIBLE SUNSHINE (PERCENT)   MM
AVERAGE SKY COVER           0.40
NUMBER OF DAYS FAIR           11
NUMBER OF DAYS PC             18
NUMBER OF DAYS CLOUDY          2

AVERAGE RH (PERCENT)     71

WEATHER CONDITIONS. NUMBER OF DAYS WITH
THUNDERSTORM              0     MIXED PRECIP               0
HEAVY RAIN                2     RAIN                       2
LIGHT RAIN               14     FREEZING RAIN              0
LT FREEZING RAIN          0     HAIL                       0
HEAVY SNOW                0     SNOW                       0
LIGHT SNOW                0     SLEET                      0
FOG                      13     FOG W/VIS <= 1/4 MILE      0
HAZE                      6

-  INDICATES NEGATIVE NUMBERS.
R  INDICATES RECORD WAS SET OR TIED.
MM INDICATES DATA IS MISSING.
T  INDICATES TRACE AMOUNT.

$$
