000
CXUS56 KSGX 021421
CLMOKB


CLIMATE REPORT
NATIONAL WEATHER SERVICE SAN DIEGO, CA
721 AM PDT SUN AUG 2 2015

...................................

...THE OCEANSIDE AIRPORT CA CLIMATE SUMMARY FOR THE MONTH OF JULY 2015...

CLIMATE NORMAL PERIOD 1981 TO 2010
CLIMATE RECORD PERIOD 1999 TO 2015

WEATHER         OBSERVED          NORMAL  DEPART  LAST YEAR`S
                 VALUE   DATE(S)  VALUE   FROM    VALUE  DATE(S)
                                          NORMAL
................................................................
TEMPERATURE (F)
RECORD
 HIGH              94   07/22/2006
 LOW               51   07/12/2001
HIGHEST            87   07/19        MM      MM       86  07/28
LOWEST             55   07/11        MM      MM       55  07/23
                                                          07/21
AVG. MAXIMUM     78.3              75.9     2.4     77.6
AVG. MINIMUM     65.1              61.3     3.8     61.8
MEAN             71.7              68.6     3.1     69.7
DAYS MAX >= 90      0               0.1    -0.1        0
DAYS MAX <= 32      0               0.0     0.0        0
DAYS MAX >= 100     0                                  0
DAYS MIN <= 32      0               0.0     0.0        0

PRECIPITATION (INCHES)
RECORD
 MAXIMUM         0.08   2010
 MINIMUM           MM   MM
TOTALS           0.77R             0.12    0.65        T
DAILY AVG.       0.02              0.00    0.02        T
DAYS >= .01         3                MM      MM        0
DAYS >= .10         2                MM      MM        0
DAYS >= .50         0                MM      MM        0
DAYS >= 1.00        0                MM      MM        0
DAYS >= 1.50        0                                  0
DAYS >= 2.00        0                                  0
GREATEST
 24 HR. TOTAL    0.44   07/19 TO 07/20           07/27 TO 07/27
                                                          07/13 TO 07/14
                                                          07/14 TO 07/14
 STORM TOTAL       MM                                 MM
 (MM/DD(HH))            MM                    07/27(00) TO 07/27(00)
                                                 07/14(00) TO 07/14(00)4
                                                 07/14(00) TO 07/14(00)4

DEGREE_DAYS
HEATING TOTAL       0                 3      -3        0
 SINCE 7/1          0                 3      -3        0
COOLING TOTAL     217               114     103      153
 SINCE 1/1        355               162     193      282

FREEZE DATES
RECORD
 EARLIEST     MM
 LATEST       MM
EARLIEST                        MM
LATEST                          MM
.....................................................

WIND (MPH)
AVERAGE WIND SPEED              4.8
RESULTANT WIND SPEED/DIRECTION   4/245
HIGHEST WIND SPEED/DIRECTION    18/300    DATE  07/10
HIGHEST GUST SPEED/DIRECTION    24/290    DATE  07/10

SKY COVER
POSSIBLE SUNSHINE (PERCENT)   MM
AVERAGE SKY COVER           0.60
NUMBER OF DAYS FAIR            5
NUMBER OF DAYS PC             18
NUMBER OF DAYS CLOUDY          8

AVERAGE RH (PERCENT)     74

WEATHER CONDITIONS. NUMBER OF DAYS WITH
THUNDERSTORM              0     MIXED PRECIP               0
HEAVY RAIN                0     RAIN                       1
LIGHT RAIN                6     FREEZING RAIN              0
LT FREEZING RAIN          0     HAIL                       0
HEAVY SNOW                0     SNOW                       0
LIGHT SNOW                0     SLEET                      0
FOG                      13     FOG W/VIS <= 1/4 MILE      0
HAZE                      6

-  INDICATES NEGATIVE NUMBERS.
R  INDICATES RECORD WAS SET OR TIED.
MM INDICATES DATA IS MISSING.
T  INDICATES TRACE AMOUNT.

$$
