000
CXUS56 KSEW 011033
CLMOLM


CLIMATE REPORT
NATIONAL WEATHER SERVICE SEATTLE WA
232 AM PST SUN JAN 1 2017

...................................

...THE OLYMPIA WA AIRPORT CLIMATE SUMMARY FOR THE MONTH OF DECEMBER 2016...

CLIMATE NORMAL PERIOD 1981 TO 2010
CLIMATE RECORD PERIOD 1948 TO 2016

WEATHER         OBSERVED          NORMAL  DEPART  LAST YEAR`S
                 VALUE   DATE(S)  VALUE   FROM    VALUE  DATE(S)
                                          NORMAL
................................................................
TEMPERATURE (F)
RECORD
 HIGH              64   12/10/2014
                        12/01/1958
                        22/12/2298
 LOW               -7   12/23/1983
HIGHEST            50   12/20        MM      MM       59  12/08
LOWEST             15   12/17        MM      MM       18  12/31
AVG. MAXIMUM     41.0              44.2    -3.2     46.0
AVG. MINIMUM     29.8              32.6    -2.8     35.1
MEAN             35.4              38.4    -3.0     40.6
DAYS MAX >= 90      0               0.0     0.0        0
DAYS MAX <= 32      0               1.0    -1.0        0
DAYS MIN <= 32     19              13.5     5.5        9
DAYS MIN <= 0       0               0.1    -0.1        0

PRECIPITATION (INCHES)
RECORD
 MAXIMUM        14.50   2015
 MINIMUM         2.02   2013
TOTALS           6.39              7.46   -1.07    14.50
DAILY AVG.       0.21              0.24   -0.03     0.47
DAYS >= .01        22              19.6     2.4       25
DAYS >= .10        16              13.1     2.9       21
DAYS >= .50         4               4.9    -0.9       11
DAYS >= 1.00        1               1.8    -0.8        4
GREATEST
 24 HR. TOTAL    1.07   12/19 TO 12/19

DEGREE_DAYS
HEATING TOTAL     912               825      87
COOLING TOTAL       0                 0       0
.................................................................

WIND (MPH)
AVERAGE WIND SPEED              6.2
HIGHEST WIND SPEED/DIRECTION    25/200    DATE  12/26
HIGHEST GUST SPEED/DIRECTION    38/210    DATE  12/26

SKY COVER
POSSIBLE SUNSHINE (PERCENT)   MM
AVERAGE SKY COVER           0.70
NUMBER OF DAYS FAIR            4
NUMBER OF DAYS PC             11
NUMBER OF DAYS CLOUDY         16

AVERAGE RH (PERCENT)     88

WEATHER CONDITIONS. NUMBER OF DAYS WITH
THUNDERSTORM              0     MIXED PRECIP               0
HEAVY RAIN                2     RAIN                       8
LIGHT RAIN               21     FREEZING RAIN              0
LT FREEZING RAIN          1     HAIL                       0
HEAVY SNOW                0     SNOW                       1
LIGHT SNOW                9     SLEET                      0
FOG                      29     FOG W/VIS <= 1/4 MILE      6
HAZE                      0

-  INDICATES NEGATIVE NUMBERS.
R  INDICATES RECORD WAS SET OR TIED.
MM INDICATES DATA IS MISSING.
T  INDICATES TRACE AMOUNT.

$$
