000
CXUS51 KAKQ 012143
CLMORF


CLIMATE REPORT
NATIONAL WEATHER SERVICE WAKEFIELD, VA
540 PM EDT THU SEP 1 2016

...................................

...THE NORFOLK VA CLIMATE SUMMARY FOR THE MONTH OF AUGUST 2016...

CLIMATE NORMAL PERIOD 1981 TO 2010
CLIMATE RECORD PERIOD 1871 TO 2016

WEATHER         OBSERVED          NORMAL  DEPART  LAST YEAR`S
                 VALUE   DATE(S)  VALUE   FROM    VALUE  DATE(S)
                                          NORMAL
................................................................
TEMPERATURE (F)
RECORD
 HIGH             105   08/07/1918
 LOW               24   08/27/2011
HIGHEST            96   08/17        96       0       94  08/20
                        08/14
                        08/13
LOWEST             66   08/24        62       4       64  08/29
                                                          08/16
                                                          08/15
AVG. MAXIMUM     88.0              85.1     2.9     85.5
AVG. MINIMUM     74.7              70.7     4.0     71.1
MEAN             81.4              77.9     3.5     78.3
DAYS MAX >= 90     12               7.0     5.0        7
DAYS MAX <= 32      0               0.0     0.0        0
DAYS MIN <= 32      0               0.0     0.0        0
DAYS MIN <= 0       0               0.0     0.0        0

PRECIPITATION (INCHES)
RECORD
 MAXIMUM        15.61   1942
 MINIMUM         0.64   1930
TOTALS           4.75              5.52   -0.77     1.85
DAILY AVG.       0.15              0.18   -0.03     0.06
DAYS >= .01         9              10.1    -1.1        7
DAYS >= .10         5               6.9    -1.9        6
DAYS >= .50         4               3.5     0.5        1
DAYS >= 1.00        2               1.7     0.3        0
GREATEST
 24 HR. TOTAL    6.98   07/31 TO 08/01

SNOWFALL (INCHES)
RECORDS
 TOTAL            0.0   5
                        0
                        -26215
TOTALS            0.0
SINCE 7/1         0.0               0.0     0.0      0.0
SNOWDEPTH AVG.      0                MM      MM        0
DAYS >= 1.0         0               0.0     0.0        0
GREATEST
 SNOW DEPTH         0   MM                             0  MM
 24 HR TOTAL      0.0   08/31 TO 08/31           08/31 TO 08/31
                                                          08/31 TO 08/31
                                                          08/31 TO 08/31

DEGREE_DAYS
HEATING TOTAL       0
 SINCE 7/1          0                 0       0        0
COOLING TOTAL     517               400     117      418
 SINCE 1/1       1552              1335     217     1558
..................................................

WIND (MPH)
AVERAGE WIND SPEED              7.4
HIGHEST WIND SPEED/DIRECTION    24/080    DATE  08/19
HIGHEST GUST SPEED/DIRECTION    30/150    DATE  08/09

SKY COVER
POSSIBLE SUNSHINE (PERCENT)   MM
AVERAGE SKY COVER           0.20

AVERAGE RH (PERCENT)     75

WEATHER CONDITIONS. NUMBER OF DAYS WITH
THUNDERSTORM              1     MIXED PRECIP               0
HEAVY RAIN                5     RAIN                       4
LIGHT RAIN                5     FREEZING RAIN              0
LT FREEZING RAIN          0     HAIL                       0
HEAVY SNOW                0     SNOW                       0
LIGHT SNOW                0     SLEET                      0
FOG                       6     FOG W/VIS <= 1/4 MILE      1
HAZE                      1

-  INDICATES NEGATIVE NUMBERS.
R  INDICATES RECORD WAS SET OR TIED.
MM INDICATES DATA IS MISSING.
T  INDICATES TRACE AMOUNT.

$$
