000
CXUS54 KLZK 012326
CLMPBF


CLIMATE REPORT
NATIONAL WEATHER SERVICE LITTLE ROCK AR
621 PM CDT SUN MAY 1 2016

...................................

...THE PINE BLUFF CLIMATE SUMMARY FOR THE MONTH OF APRIL 2016...

CLIMATE NORMAL PERIOD 1981 TO 2010
CLIMATE RECORD PERIOD 1883 TO 2016

WEATHER         OBSERVED          NORMAL  DEPART  LAST YEAR`S
                 VALUE   DATE(S)  VALUE   FROM    VALUE  DATE(S)
                                          NORMAL
................................................................
TEMPERATURE (F)
RECORD
 HIGH              96   04/23/1905
 LOW               26   04/05/1996
HIGHEST            84   04/28        74      10       85  04/25
                                                          04/09
LOWEST             42   04/02        51      -9       44  04/21
                                                          04/05
AVG. MAXIMUM     74.0              74.1    -0.1     73.7
AVG. MINIMUM     54.8              51.8     3.0     55.0
MEAN             64.4              62.9     1.5     64.3
DAYS MAX >= 90      0               0.3    -0.3        0
DAYS MAX <= 32      0               0.0     0.0        0
DAYS MIN <= 32      0               0.2    -0.2        0
DAYS MIN <= 0       0               0.0     0.0        0

PRECIPITATION (INCHES)
RECORD
 MAXIMUM        14.69   1966
 MINIMUM         0.54   1930
TOTALS           4.83              4.93   -0.10     7.67
DAILY AVG.       0.16              0.16    0.00     0.26
DAYS >= .01         8               9.0    -1.0       14
DAYS >= .10         6                                  8
DAYS >= .50         4                                  4
DAYS >= 1.00        1               1.7    -0.7        2
GREATEST
 24 HR. TOTAL    2.55   04/29 TO 04/30
 STORM TOTAL       MM
 (MM/DD(HH))            MM

SNOWFALL (INCHES)
RECORDS
 TOTAL            2.5   1886
 24 HR TOTAL      2.5   04/05/1886 TO 04/05/1886
 SNOW DEPTH        MM   MM
TOTALS            0.0               0.0     0.0      0.0
 LIQUID EQUIV    0.00              0.00    0.00     0.00
SINCE 7/1         3.6               3.1     0.5      9.2
 LIQUID 7/1      0.36              0.30    0.06     0.92
SNOWDEPTH AVG.      0
DAYS >= TRACE       0               0.0     0.0        0
DAYS >= 1.0         0                                  0
GREATEST
 SNOW DEPTH         0   MM
 24 HR TOTAL      0.0

DEGREE_DAYS
HEATING TOTAL      73               129     -56       87
 SINCE 7/1       2206              2864    -658     3236
COOLING TOTAL      62                67      -5       75
 SINCE 1/1         87                87       0       85

FREEZE DATES
RECORD
 EARLIEST     10/10/2000
 LATEST       04/25/1910
EARLIEST                        11/12
LATEST                          03/16
.................................................

WIND (MPH)
AVERAGE WIND SPEED              8.2
HIGHEST WIND SPEED/DIRECTION    38/170    DATE  04/30
HIGHEST GUST SPEED/DIRECTION    51/270    DATE  04/11

SKY COVER
POSSIBLE SUNSHINE (PERCENT)   MM
AVERAGE SKY COVER           0.40
NUMBER OF DAYS FAIR           18
NUMBER OF DAYS PC              6
NUMBER OF DAYS CLOUDY          6

AVERAGE RH (PERCENT)     68

WEATHER CONDITIONS. NUMBER OF DAYS WITH
THUNDERSTORM              0     MIXED PRECIP               0
HEAVY RAIN                6     RAIN                       7
LIGHT RAIN               15     FREEZING RAIN              0
LT FREEZING RAIN          0     HAIL                       0
HEAVY SNOW                0     SNOW                       0
LIGHT SNOW                0     SLEET                      0
FOG                       9     FOG W/VIS <= 1/4 MILE      1
HAZE                      3

-  INDICATES NEGATIVE NUMBERS.
R  INDICATES RECORD WAS SET OR TIED.
MM INDICATES DATA IS MISSING.
T  INDICATES TRACE AMOUNT.

&&

...DATA FOR PINE BLUFF FOR APRIL 2016...

.SUMMARY...
ABOVE AVERAGE TEMPERATURES CONTINUED THROUGH APRIL. THE COOLEST
PERIOD WAS IN THE SECOND WEEK OF THE MONTH...HOWEVER TEMPERATURES
NO MORE THAN FIVE DEGREES BELOW AVERAGE.

RAINFALL WAS SCATTERED THROUGH THE MONTH...AND WAS ONLY SLIGHTLY BELOW
AVERAGE.

NO SNOW FELL DURING THE MONTH.

.MONTHLY TEMPERATURES...
THE AVERAGE HIGH TEMPERATURE WAS THE WARMEST SINCE 2012. THE AVERAGE LOW
TEMPERATURE WAS THE COOLEST SINCE 2014. THE AVERAGE MONTHLY TEMPERATURE
WAS THE WARMEST SINCE 2012.

.DAILY TEMPERATURES...
ABOVE AVERAGE ON 18 DAYS...BELOW AVERAGE ON NINE DAYS...AND AVERAGE ON THREE
DAYS. THERE WERE NO 90-DEGREE TEMPERATURES DURING APRIL.

.TEMPERATURE RECORDS TIED OR BROKEN DURING THE MONTH...
NONE.

.MONTHLY RAINFALL...
IT WAS THE DRIEST APRIL SINCE 2012.

.DAILY RAINFALL RECORDS TIED OR BROKEN...
NONE.

.MONTHLY SNOWFALL...
NO SNOW FELL DURING THE MONTH.

.DAILY SNOWFALL RECORDS TIED OR BROKEN...
NONE.

$$

57
