000
CXUS52 KMFL 012038 RRA
CLMPBI

CLIMATE REPORT
NATIONAL WEATHER SERVICE MIAMI, FL
110 PM EDT MON MAY 1 2017

...................................

...THE WEST PALM BEACH CLIMATE SUMMARY FOR THE MONTH OF APRIL 2017...

CLIMATE NORMAL PERIOD 1981 TO 2010
CLIMATE RECORD PERIOD 1888 TO 2017

WEATHER         OBSERVED          NORMAL  DEPART  LAST YEAR`S
                 VALUE   DATE(S)  VALUE   FROM    VALUE
                                          NORMAL
.............................................................
TEMPERATURE (F)
RECORD
 HIGH              99   04/30/1971
 LOW               38   04/06/1920
HIGHEST            89   04/06                         90
LOWEST             53   04/08                         58
AVG. MAXIMUM     82.8              81.7     1.1     82.8
AVG. MINIMUM     69.4              65.8     3.6     68.8
MEAN             76.1              73.8     2.3     75.8
DAYS MAX >= 90      0                                  1
DAYS MAX <= 32      0                                  0
DAYS MIN <= 32      0                                  0
DAYS MIN <= 0       0                                  0

PRECIPITATION (INCHES)
RECORD
 MAXIMUM        18.26   1942
 MINIMUM         0.04   1967
TOTALS           3.74              3.66    0.08     1.46
DAILY AVG.       0.12              0.12    0.00     0.05
DAYS >= .01         4                                  4
DAYS >= .10         3                                  2
DAYS >= .50         1                                  2
DAYS >= 1.00        1                                  0
GREATEST
 24 HR. TOTAL    3.50   04/23 TO 04/23              0.89

DEGREE_DAYS
HEATING TOTAL       0                 4      -4        0
 SINCE 7/1         68               233    -165      135
COOLING TOTAL     339               267      72      333
 SINCE 1/1        873               695     178      850
..............................................................

WIND (MPH)
AVERAGE WIND SPEED              12.9
HIGHEST WIND SPEED/DIRECTION    28/130    DATE  04/30
HIGHEST GUST SPEED/DIRECTION    36/270    DATE  04/24

SKY COVER
POSSIBLE SUNSHINE (PERCENT)   MM
AVERAGE SKY COVER           0.50
NUMBER OF DAYS FAIR            4
NUMBER OF DAYS PC             25
NUMBER OF DAYS CLOUDY          1

AVERAGE RH (PERCENT)     64

WEATHER CONDITIONS. NUMBER OF DAYS WITH
THUNDERSTORM              1     MIXED PRECIP               0
HEAVY RAIN                2     RAIN                       1
LIGHT RAIN                7     FREEZING RAIN              0
LT FREEZING RAIN          0     HAIL                       0
HEAVY SNOW                0     SNOW                       0
LIGHT SNOW                0     SLEET                      0
FOG                       4     FOG W/VIS <= 1/4 MILE      1
HAZE                      1

-  INDICATES NEGATIVE NUMBERS.
R  INDICATES RECORD WAS SET OR TIED.
MM INDICATES DATA IS MISSING.
T  INDICATES TRACE AMOUNT.

$$
