000
CXUS52 KMFL 011328
CLMPBI
CLIMATE REPORT
NATIONAL WEATHER SERVICE MIAMI, FL
828 AM EST FRI MAR 01 2024
...................................
...THE WEST PALM BEACH CLIMATE SUMMARY FOR THE MONTH OF FEBRUARY 2024...
CLIMATE NORMAL PERIOD: 1991 TO 2020
CLIMATE RECORD PERIOD: 1888 TO 2024
WEATHER OBSERVED NORMAL DEPART LAST YEAR`S
VALUE DATE(S) VALUE FROM VALUE
NORMAL
..............................................................
TEMPERATURE (F)
RECORD
HIGH 91 02/04/2016
LOW 27 02/09/1895
HIGHEST 87 02/12 90
LOWEST 48 02/20 51
AVG. MAXIMUM 76.4 76.7 -0.3 82.3
AVG. MINIMUM 58.6 60.1 -1.5 65.8
MEAN 67.5 68.4 -0.9 74.1
DAYS MAX >= 90 0 1
DAYS MAX <= 32 0 0
DAYS MIN <= 32 0 MM
DAYS MIN <= 0 0 MM
PRECIPITATION (INCHES)
RECORD
MAXIMUM 8.71 1983
MINIMUM 0.00 1911
TOTALS 3.05 2.63 0.42 1.14
DAILY AVG. 0.11 NAN NAN 0.04
DAYS >= .01 4 4
DAYS >= .10 2 3
DAYS >= .50 1 1
DAYS >= 1.00 1 0
GREATEST
24 HR. TOTAL 2.81 02/18 TO 02/19 0.85
DEGREE DAYS
HEATING TOTAL 23 42 -19 3
SINCE 7/1 88 182 -94 MM
COOLING TOTAL 101 138 -37 260
SINCE 1/1 247 254 -7 MM
..............................................................
WIND (MPH)
AVERAGE WIND SPEED 9.4
HIGHEST WIND SPEED/DIRECTION 31/320 DATE 02/06
HIGHEST GUST SPEED/DIRECTION 40/310 DATE 02/06
SKY COVER
POSSIBLE SUNSHINE (PERCENT) MM
AVERAGE SKY COVER 0.48
NUMBER OF DAYS FAIR 9
NUMBER OF DAYS PC 16
NUMBER OF DAYS CLOUDY 4
AVERAGE RH (PERCENT) 73
WEATHER CONDITIONS. NUMBER OF DAYS WITH
THUNDERSTORM 0 MIXED PRECIP 0
HEAVY RAIN 3 RAIN 2
LIGHT RAIN 6 FREEZING RAIN 0
LT FREEZING RAIN 0 HAIL 0
HEAVY SNOW 0 SNOW 0
LIGHT SNOW 0 SLEET 0
FOG 5 FOG W/VIS <= 1/4 MILE 0
HAZE 1
- INDICATES NEGATIVE NUMBERS.
R INDICATES RECORD WAS SET OR TIED.
MM INDICATES DATA IS MISSING.
T INDICATES TRACE AMOUNT.
$$