000
CXUS56 KPDT 011431
CLMPDT

CLIMATE REPORT
NATIONAL WEATHER SERVICE PENDLETON OREGON
730 AM PDT FRI MAY 1 2015

....................................

...THE PENDLETON OR CLIMATE SUMMARY FOR THE MONTH OF APRIL 2015...

CLIMATE NORMAL PERIOD 1981 TO 2010
CLIMATE RECORD PERIOD 1934 TO 2015

WEATHER         OBSERVED          NORMAL  DEPART  LAST YEAR`S
                 VALUE   DATE(S)  VALUE   FROM    VALUE  DATE(S)
                                          NORMAL

................................................................

TEMPERATURE (F)
RECORD
 HIGH              95   4/22/1934
 LOW               18   4/ 1/1936
HIGHEST            77   4/28       78        -1            77   4/30
LOWEST             29   4/ 5       29         0            31   4/14
AVG. MAXIMUM     61.7            62.1      -0.4          63.5
AVG. MINUMUM     36.2            39.2      -3.0          38.6
MEAN             49.0            50.7      -1.7          51.0
DAYS MAX >= 90      0               0         0             0
DAYS MAX <= 32      0               0         0             0
DAYS MIN <= 32      7               3         4             2
DAYS MIN <= 0       0               0         0             2


PRECIPITATION (INCHES)
RECORD
 MAXIMUM          2.78   1978
 MINIMUM          0.01   1956
TOTALS            0.39            1.20     -0.81          1.02
DAILY AVG.        0.01            0.04     -0.03          0.03
DAYS >=  0.01       10               9         1             8
DAYS >=  0.10        2               4        -2             5
DAYS >=  0.50        0               0         0             0
DAYS >=  1.00        0               0         0             0
GREATEST
 24 HR. TOTAL     0.17   4/ 5



SNOWFALL (INCHES)
RECORD
 MAXIMUM           2.2   1975
 MINIMUM           0.0   2014
TOTALS               T             0.0       0.0           0.0
SINCE 7/1          7.2            15.2      -8.0          21.7
DAYS >=  TRACE       2               0         1
DAYS >=  1.0         0               0         0             0
GREATEST
 24 HR. TOTAL        T   4/14


DEGREE DAYS
HEATING TOTAL      476             432        44           412
 SINCE 7/1        4439            4942      -503          5278
COOLING TOTAL        0               0         0             0
 SINCE 1/1           0               0         0             0

.............................................................

WIND (MPH)
AVERAGE WIND SPEED                     9.2
RESULTANT WIND SPEED/DIRECTION         6/211
HIGHEST WIND SPEED/DIRECTION          37/260      DATE          04/21
HIGHEST GUST SPEED/DIRECTION          46/260      DATE          04/13


WEATHER CONDITIONS. NUMBER OF DAYS WITH
THUNDERSTORM               0    MIXED PRECIP                           0
HEAVY RAIN                 0    RAIN                                   3
LIGHT RAIN                11    FREEZING RAIN                          0
LT FREEZING RAIN           0    HAIL                                   1
HEAVY SNOW                 0    SNOW                                   0
LIGHT SNOW                 1    SLEET                                  0
FOG                        5    FOG W/VIS <=1/4 MILE                   0
HAZE                       4

-  INDICATES NEGATIVE NUMBERS.
R  INDICATES RECORD WAS SET OR TIED.
MM INDICATES DATA IS MISSING.
T  INDICATES TRACE AMOUNT.

$$
