000
CXUS56 KPQR 011650
CLMPDX


CLIMATE REPORT
NATIONAL WEATHER SERVICE PORTLAND OREGON
850 AM PST THU DEC 1 2016

...................................

...THE PORTLAND OR CLIMATE SUMMARY FOR THE MONTH OF NOVEMBER 2016...

CLIMATE NORMAL PERIOD 1981 TO 2010
CLIMATE RECORD PERIOD 1940 TO 2016

WEATHER         OBSERVED          NORMAL  DEPART  LAST YEAR`S
                 VALUE   DATE(S)  VALUE   FROM    VALUE  DATE(S)
                                          NORMAL
................................................................
TEMPERATURE (F)
HIGHEST            69                                 64  11/06
LOWEST             39                                 24  11/30
                                                          11/26
AVG. MAXIMUM     58.0              52.8     5.2     52.0
AVG. MINIMUM     46.6              40.5     6.1     38.5
MEAN             52.3              46.6     5.7     45.2
DAYS MAX >= 90      0               0.0     0.0        0
DAYS MAX <= 32      0               0.2    -0.2        0
DAYS MIN <= 32      0               3.4    -3.4        9
DAYS MIN <= 0       0               0.0     0.0        0

PRECIPITATION (INCHES)
RECORD
 MAXIMUM        11.92   2006
 MINIMUM         0.77   1976
TOTALS           6.83              5.63    1.20     4.49
DAYS >= .01        20              19.0     1.0       16
DAYS >= .10        13              12.6     0.4       11
DAYS >= .50         4               3.3     0.7        3
DAYS >= 1.00        3               0.8     2.2        0
GREATEST
 24 HR. TOTAL    2.13   11/24 TO 11/25

SNOWFALL (INCHES)
TOTALS            0.0
SINCE 7/1         0.0

DEGREE_DAYS
HEATING TOTAL     373               551    -178      583
 SINCE 7/1        710               969    -259      808
COOLING TOTAL       0                 0       0        0
 SINCE 1/1        548               424     124      785
.................................................................

WIND (MPH)
AVERAGE WIND SPEED              8.6
RESULTANT WIND SPEED/DIRECTION   6/140
HIGHEST WIND SPEED/DIRECTION    30/090    DATE  11/18
HIGHEST GUST SPEED/DIRECTION    41/190    DATE  11/24

SKY COVER
POSSIBLE SUNSHINE (PERCENT)   MM
AVERAGE SKY COVER           0.80
NUMBER OF DAYS FAIR            1
NUMBER OF DAYS PC              9
NUMBER OF DAYS CLOUDY         20

AVERAGE RH (PERCENT)     79

WEATHER CONDITIONS. NUMBER OF DAYS WITH
THUNDERSTORM              0     MIXED PRECIP               0
HEAVY RAIN                1     RAIN                       5
LIGHT RAIN               22     FREEZING RAIN              0
LT FREEZING RAIN          0     HAIL                       0
HEAVY SNOW                0     SNOW                       0
LIGHT SNOW                0     SLEET                      0
FOG                      20     FOG W/VIS <= 1/4 MILE      2
HAZE                      1

-  INDICATES NEGATIVE NUMBERS.
R  INDICATES RECORD WAS SET OR TIED.
MM INDICATES DATA IS MISSING.
T  INDICATES TRACE AMOUNT.

$$
